{"id":7612,"date":"2025-08-25T12:49:26","date_gmt":"2025-08-25T10:49:26","guid":{"rendered":"https:\/\/www.ifmarinvast.se\/orientering\/?post_type=tribe_events&#038;p=7612"},"modified":"2025-09-28T13:47:47","modified_gmt":"2025-09-28T11:47:47","slug":"tisdagstraning-87","status":"publish","type":"tribe_events","link":"https:\/\/www.ifmarinvast.se\/orientering\/kalender\/tisdagstraning-87\/","title":{"rendered":"Tisdagstr\u00e4ning i Ruddalen med sprintorientering"},"content":{"rendered":"<p>Denna vecka blir det <b>sprinttr\u00e4ning<\/b>. Observera att vi startar redan <b>klockan 17.30<\/b>.<\/p>\n<p><b>Samling<\/b>: Klubbstugan i Ruddalen, Kartl\u00e4nk:\u00a0<a href=\"https:\/\/goo.gl\/maps\/13fBNBv9dPCnVrny8\" target=\"_blank\" rel=\"noopener\" data-saferedirecturl=\"https:\/\/www.google.com\/url?q=https:\/\/goo.gl\/maps\/13fBNBv9dPCnVrny8&amp;source=gmail&amp;ust=1759146322567000&amp;usg=AOvVaw0DINFYEgwoRqE3-5BoH8Qq\">https:\/\/goo.gl\/maps\/<wbr \/>13fBNBv9dPCnVrny8<\/a><\/p>\n<p><b>Tid<\/b>: 17.30<\/p>\n<ul>\n<li>Vi b\u00f6rjar med en kort gemensam genomg\u00e5ng<\/li>\n<li>Tr\u00e4ning med sprintorientering<\/li>\n<li><b>Inga st\u00e5ldubb \u00e4r till\u00e5tna<\/b><\/li>\n<\/ul>\n<p><b>Ansvarig<\/b>: Per Karlsson<\/p>\n","protected":false},"excerpt":{"rendered":"<p>Denna vecka blir det sprinttr\u00e4ning. Observera att vi startar redan klockan 17.30. Samling: Klubbstugan i Ruddalen, Kartl\u00e4nk:\u00a0https:\/\/goo.gl\/maps\/13fBNBv9dPCnVrny8 Tid: 17.30 Vi b\u00f6rjar med en kort gemensam genomg\u00e5ng Tr\u00e4ning med sprintorientering Inga [&hellip;]<\/p>\n","protected":false},"author":4,"featured_media":0,"template":"","meta":{"_tribe_events_status":"","_tribe_events_status_reason":"","footnotes":""},"tags":[],"tribe_events_cat":[],"class_list":["post-7612","tribe_events","type-tribe_events","status-publish","hentry"],"_links":{"self":[{"href":"https:\/\/www.ifmarinvast.se\/orientering\/wp-json\/wp\/v2\/tribe_events\/7612","targetHints":{"allow":["GET"]}}],"collection":[{"href":"https:\/\/www.ifmarinvast.se\/orientering\/wp-json\/wp\/v2\/tribe_events"}],"about":[{"href":"https:\/\/www.ifmarinvast.se\/orientering\/wp-json\/wp\/v2\/types\/tribe_events"}],"author":[{"embeddable":true,"href":"https:\/\/www.ifmarinvast.se\/orientering\/wp-json\/wp\/v2\/users\/4"}],"version-history":[{"count":3,"href":"https:\/\/www.ifmarinvast.se\/orientering\/wp-json\/wp\/v2\/tribe_events\/7612\/revisions"}],"predecessor-version":[{"id":7631,"href":"https:\/\/www.ifmarinvast.se\/orientering\/wp-json\/wp\/v2\/tribe_events\/7612\/revisions\/7631"}],"wp:attachment":[{"href":"https:\/\/www.ifmarinvast.se\/orientering\/wp-json\/wp\/v2\/media?parent=7612"}],"wp:term":[{"taxonomy":"post_tag","embeddable":true,"href":"https:\/\/www.ifmarinvast.se\/orientering\/wp-json\/wp\/v2\/tags?post=7612"},{"taxonomy":"tribe_events_cat","embeddable":true,"href":"https:\/\/www.ifmarinvast.se\/orientering\/wp-json\/wp\/v2\/tribe_events_cat?post=7612"}],"curies":[{"name":"wp","href":"https:\/\/api.w.org\/{rel}","templated":true}]}}

Tisdagsträning i Ruddalen med sprintorientering

<p>Denna vecka blir det <b>sprintträning</b>. Observera att vi startar redan <b>klockan 17.30</b>.</p>
<p><b>Samling</b>: Klubbstugan i Ruddalen, Kartlänk: <a href="https://goo.gl/maps/13fBNBv9dPCnVrny8" target="_blank" rel="noopener" data-saferedirecturl="https://www.google.com/url?q=https://goo.gl/maps/13fBNBv9dPCnVrny8&amp;source=gmail&amp;ust=1759146322567000&amp;usg=AOvVaw0DINFYEgwoRqE3-5BoH8Qq">https://goo.gl/maps/<wbr />13fBNBv9dPCnVrny8</a></p>
<p><b>Tid</b>: 17.30</p>
<ul>
<li>Vi börjar med en kort gemensam genomgång</li>
<li>Träning med sprintorientering</li>
<li><b>Inga ståldubb är tillåtna</b></li>
</ul>
<p><b>Ansvarig</b>: Per Karlsson</p>

<p>Denna vecka blir det sprintträning. Observera att vi startar redan klockan 17.30. Samling: Klubbstugan i Ruddalen, Kartlänk: https://goo.gl/maps/13fBNBv9dPCnVrny8 Tid: 17.30 Vi börjar med en kort gemensam genomgång Träning med sprintorientering Inga [&hellip;]</p>
