{"id":7606,"date":"2025-08-25T12:46:44","date_gmt":"2025-08-25T10:46:44","guid":{"rendered":"https:\/\/www.ifmarinvast.se\/orientering\/?post_type=tribe_events&#038;p=7606"},"modified":"2025-08-25T12:46:44","modified_gmt":"2025-08-25T10:46:44","slug":"tisdagstraning-i-ruddalen-15","status":"publish","type":"tribe_events","link":"https:\/\/www.ifmarinvast.se\/orientering\/kalender\/tisdagstraning-i-ruddalen-15\/","title":{"rendered":"Tisdagstr\u00e4ning i Ruddalen"},"content":{"rendered":"<div><b>Samling<\/b>: Klubbstugan i Ruddalen, Kartl\u00e4nk:\u00a0<a href=\"https:\/\/goo.gl\/maps\/13fBNBv9dPCnVrny8\" target=\"_blank\" rel=\"noopener\" data-saferedirecturl=\"https:\/\/www.google.com\/url?q=https:\/\/goo.gl\/maps\/13fBNBv9dPCnVrny8&amp;source=gmail&amp;ust=1756205016702000&amp;usg=AOvVaw354icrHBmNS4prFEsbDAxD\">https:\/\/goo.gl\/maps\/<wbr \/>13fBNBv9dPCnVrny8<\/a><\/div>\n<div><b>Tid<\/b>: Vuxna: 18.00, Barn &amp; ungdom: 17.45<\/div>\n<div><b>Ansvarig<\/b>: Karin Elfman<\/div>\n<div><\/div>\n<div>Parallellt med tisdagstr\u00e4ningen arrangerar vi motions-OL f\u00f6r allm\u00e4nheten.<\/div>\n<div>Om motions-OL, se\u00a0<a href=\"https:\/\/www.ifmarinvast.se\/orientering\/motionsorientering-i-ruddalen\/\" target=\"_blank\" rel=\"noopener\" data-saferedirecturl=\"https:\/\/www.google.com\/url?q=https:\/\/www.ifmarinvast.se\/orientering\/motionsorientering-i-ruddalen\/&amp;source=gmail&amp;ust=1756205016702000&amp;usg=AOvVaw1Ehkfo3WaZiZrnkhk1yvX8\">https:\/\/www.ifmarinvast.se\/<wbr \/>orientering\/<wbr \/>motionsorientering-i-ruddalen\/<\/a><\/div>\n<div><\/div>\n<div>Sportident anv\u00e4nds, ta med SI-bricka om du har.<\/div>\n","protected":false},"excerpt":{"rendered":"<p>Samling: Klubbstugan i Ruddalen, Kartl\u00e4nk:\u00a0https:\/\/goo.gl\/maps\/13fBNBv9dPCnVrny8 Tid: Vuxna: 18.00, Barn &amp; ungdom: 17.45 Ansvarig: Karin Elfman Parallellt med tisdagstr\u00e4ningen arrangerar vi motions-OL f\u00f6r allm\u00e4nheten. Om motions-OL, se\u00a0https:\/\/www.ifmarinvast.se\/orientering\/motionsorientering-i-ruddalen\/ Sportident anv\u00e4nds, ta med [&hellip;]<\/p>\n","protected":false},"author":4,"featured_media":0,"template":"","meta":{"_tribe_events_status":"","_tribe_events_status_reason":"","footnotes":""},"tags":[],"tribe_events_cat":[],"class_list":["post-7606","tribe_events","type-tribe_events","status-publish","hentry"],"_links":{"self":[{"href":"https:\/\/www.ifmarinvast.se\/orientering\/wp-json\/wp\/v2\/tribe_events\/7606","targetHints":{"allow":["GET"]}}],"collection":[{"href":"https:\/\/www.ifmarinvast.se\/orientering\/wp-json\/wp\/v2\/tribe_events"}],"about":[{"href":"https:\/\/www.ifmarinvast.se\/orientering\/wp-json\/wp\/v2\/types\/tribe_events"}],"author":[{"embeddable":true,"href":"https:\/\/www.ifmarinvast.se\/orientering\/wp-json\/wp\/v2\/users\/4"}],"version-history":[{"count":1,"href":"https:\/\/www.ifmarinvast.se\/orientering\/wp-json\/wp\/v2\/tribe_events\/7606\/revisions"}],"predecessor-version":[{"id":7607,"href":"https:\/\/www.ifmarinvast.se\/orientering\/wp-json\/wp\/v2\/tribe_events\/7606\/revisions\/7607"}],"wp:attachment":[{"href":"https:\/\/www.ifmarinvast.se\/orientering\/wp-json\/wp\/v2\/media?parent=7606"}],"wp:term":[{"taxonomy":"post_tag","embeddable":true,"href":"https:\/\/www.ifmarinvast.se\/orientering\/wp-json\/wp\/v2\/tags?post=7606"},{"taxonomy":"tribe_events_cat","embeddable":true,"href":"https:\/\/www.ifmarinvast.se\/orientering\/wp-json\/wp\/v2\/tribe_events_cat?post=7606"}],"curies":[{"name":"wp","href":"https:\/\/api.w.org\/{rel}","templated":true}]}}

Tisdagsträning i Ruddalen

<div><b>Samling</b>: Klubbstugan i Ruddalen, Kartlänk: <a href="https://goo.gl/maps/13fBNBv9dPCnVrny8" target="_blank" rel="noopener" data-saferedirecturl="https://www.google.com/url?q=https://goo.gl/maps/13fBNBv9dPCnVrny8&amp;source=gmail&amp;ust=1756205016702000&amp;usg=AOvVaw354icrHBmNS4prFEsbDAxD">https://goo.gl/maps/<wbr />13fBNBv9dPCnVrny8</a></div>
<div><b>Tid</b>: Vuxna: 18.00, Barn &amp; ungdom: 17.45</div>
<div><b>Ansvarig</b>: Karin Elfman</div>
<div></div>
<div>Parallellt med tisdagsträningen arrangerar vi motions-OL för allmänheten.</div>
<div>Om motions-OL, se <a href="https://www.ifmarinvast.se/orientering/motionsorientering-i-ruddalen/" target="_blank" rel="noopener" data-saferedirecturl="https://www.google.com/url?q=https://www.ifmarinvast.se/orientering/motionsorientering-i-ruddalen/&amp;source=gmail&amp;ust=1756205016702000&amp;usg=AOvVaw1Ehkfo3WaZiZrnkhk1yvX8">https://www.ifmarinvast.se/<wbr />orientering/<wbr />motionsorientering-i-ruddalen/</a></div>
<div></div>
<div>Sportident används, ta med SI-bricka om du har.</div>

<p>Samling: Klubbstugan i Ruddalen, Kartlänk: https://goo.gl/maps/13fBNBv9dPCnVrny8 Tid: Vuxna: 18.00, Barn &amp; ungdom: 17.45 Ansvarig: Karin Elfman Parallellt med tisdagsträningen arrangerar vi motions-OL för allmänheten. Om motions-OL, se https://www.ifmarinvast.se/orientering/motionsorientering-i-ruddalen/ Sportident används, ta med [&hellip;]</p>
