{"id":7543,"date":"2025-03-31T12:28:09","date_gmt":"2025-03-31T10:28:09","guid":{"rendered":"https:\/\/www.ifmarinvast.se\/orientering\/?post_type=tribe_events&#038;p=7543"},"modified":"2025-03-31T12:28:09","modified_gmt":"2025-03-31T10:28:09","slug":"varpremiar-for-tisdagstraningarna-i-ruddalen","status":"publish","type":"tribe_events","link":"https:\/\/www.ifmarinvast.se\/orientering\/kalender\/varpremiar-for-tisdagstraningarna-i-ruddalen\/","title":{"rendered":"V\u00e5rpremi\u00e4r f\u00f6r tisdagstr\u00e4ningarna i Ruddalen"},"content":{"rendered":"<div>P\u00e5 tisdag 1\/4 \u00e4r det v\u00e5rpremi\u00e4r f\u00f6r tisdagstr\u00e4ningarna i Ruddalen.<\/div>\n<div><\/div>\n<div><b>Samling<\/b>: Klubbstugan i Ruddalen, Kartl\u00e4nk:\u00a0<a href=\"https:\/\/goo.gl\/maps\/13fBNBv9dPCnVrny8\" target=\"_blank\" rel=\"noopener\" data-saferedirecturl=\"https:\/\/www.google.com\/url?q=https:\/\/goo.gl\/maps\/13fBNBv9dPCnVrny8&amp;source=gmail&amp;ust=1743503139319000&amp;usg=AOvVaw29PE8dJM6Nz2uZjOI-sdbW\">https:\/\/goo.gl\/maps\/<wbr \/>13fBNBv9dPCnVrny8<\/a><\/div>\n<div><\/div>\n<div><b>Tid<\/b>: Vuxna: 18.00, Barn &amp; ungdom: 17.45<\/div>\n","protected":false},"excerpt":{"rendered":"<p>P\u00e5 tisdag 1\/4 \u00e4r det v\u00e5rpremi\u00e4r f\u00f6r tisdagstr\u00e4ningarna i Ruddalen. Samling: Klubbstugan i Ruddalen, Kartl\u00e4nk:\u00a0https:\/\/goo.gl\/maps\/13fBNBv9dPCnVrny8 Tid: Vuxna: 18.00, Barn &amp; ungdom: 17.45<\/p>\n","protected":false},"author":4,"featured_media":0,"template":"","meta":{"_tribe_events_status":"","_tribe_events_status_reason":"","footnotes":""},"tags":[],"tribe_events_cat":[],"class_list":["post-7543","tribe_events","type-tribe_events","status-publish","hentry"],"_links":{"self":[{"href":"https:\/\/www.ifmarinvast.se\/orientering\/wp-json\/wp\/v2\/tribe_events\/7543","targetHints":{"allow":["GET"]}}],"collection":[{"href":"https:\/\/www.ifmarinvast.se\/orientering\/wp-json\/wp\/v2\/tribe_events"}],"about":[{"href":"https:\/\/www.ifmarinvast.se\/orientering\/wp-json\/wp\/v2\/types\/tribe_events"}],"author":[{"embeddable":true,"href":"https:\/\/www.ifmarinvast.se\/orientering\/wp-json\/wp\/v2\/users\/4"}],"version-history":[{"count":1,"href":"https:\/\/www.ifmarinvast.se\/orientering\/wp-json\/wp\/v2\/tribe_events\/7543\/revisions"}],"predecessor-version":[{"id":7544,"href":"https:\/\/www.ifmarinvast.se\/orientering\/wp-json\/wp\/v2\/tribe_events\/7543\/revisions\/7544"}],"wp:attachment":[{"href":"https:\/\/www.ifmarinvast.se\/orientering\/wp-json\/wp\/v2\/media?parent=7543"}],"wp:term":[{"taxonomy":"post_tag","embeddable":true,"href":"https:\/\/www.ifmarinvast.se\/orientering\/wp-json\/wp\/v2\/tags?post=7543"},{"taxonomy":"tribe_events_cat","embeddable":true,"href":"https:\/\/www.ifmarinvast.se\/orientering\/wp-json\/wp\/v2\/tribe_events_cat?post=7543"}],"curies":[{"name":"wp","href":"https:\/\/api.w.org\/{rel}","templated":true}]}}

Vårpremiär för tisdagsträningarna i Ruddalen

<div>På tisdag 1/4 är det vårpremiär för tisdagsträningarna i Ruddalen.</div>
<div></div>
<div><b>Samling</b>: Klubbstugan i Ruddalen, Kartlänk: <a href="https://goo.gl/maps/13fBNBv9dPCnVrny8" target="_blank" rel="noopener" data-saferedirecturl="https://www.google.com/url?q=https://goo.gl/maps/13fBNBv9dPCnVrny8&amp;source=gmail&amp;ust=1743503139319000&amp;usg=AOvVaw29PE8dJM6Nz2uZjOI-sdbW">https://goo.gl/maps/<wbr />13fBNBv9dPCnVrny8</a></div>
<div></div>
<div><b>Tid</b>: Vuxna: 18.00, Barn &amp; ungdom: 17.45</div>

<p>På tisdag 1/4 är det vårpremiär för tisdagsträningarna i Ruddalen. Samling: Klubbstugan i Ruddalen, Kartlänk: https://goo.gl/maps/13fBNBv9dPCnVrny8 Tid: Vuxna: 18.00, Barn &amp; ungdom: 17.45</p>
