{"id":7439,"date":"2024-11-03T18:45:10","date_gmt":"2024-11-03T17:45:10","guid":{"rendered":"https:\/\/www.ifmarinvast.se\/orientering\/?post_type=tribe_events&#038;p=7439"},"modified":"2024-11-03T18:45:10","modified_gmt":"2024-11-03T17:45:10","slug":"innetraningarna-startar-pa-tisdagar-i-bjorkasskolan","status":"publish","type":"tribe_events","link":"https:\/\/www.ifmarinvast.se\/orientering\/kalender\/innetraningarna-startar-pa-tisdagar-i-bjorkasskolan\/","title":{"rendered":"Innetr\u00e4ningarna startar p\u00e5 tisdagar i Bj\u00f6rk\u00e5sskolan"},"content":{"rendered":"<p>Tisdagen den 5 november b\u00f6rjar \u00e5rets innetr\u00e4ningar i Bj\u00f6rk\u00e5sskolan gymnastiksal, Jordledningsgatan 3 i J\u00e4rnbrott.<br \/>\nL\u00e4nk till karta:\u00a0<a href=\"https:\/\/goo.gl\/maps\/yv4KHmWWH3WSfiU9A\" target=\"_blank\" rel=\"noreferrer noopener\">https:\/\/goo.gl\/maps\/yv4KHmWWH3WSfiU9A<\/a><\/p>\n<p>Omkl\u00e4dningsrummen och hallen \u00f6ppnar 18:00 och vi h\u00e5ller p\u00e5 till ca 19:30. Det blir stationsgympa f\u00f6r l\u00f6pstyrka, innebandy och andra bollsporter f\u00f6r kondition, och lekar f\u00f6r att det \u00e4r kul. Kom och h\u00e5ll ig\u00e5ng konditionen hela vintern. Alla kan vara med!<\/p>\n<p>Innetr\u00e4ningarna h\u00e5ller p\u00e5 fram till mars med uppeh\u00e5ll f\u00f6r jullov och sportlov.<\/p>\n","protected":false},"excerpt":{"rendered":"<p>Tisdagen den 5 november b\u00f6rjar \u00e5rets innetr\u00e4ningar i Bj\u00f6rk\u00e5sskolan gymnastiksal, Jordledningsgatan 3 i J\u00e4rnbrott. L\u00e4nk till karta:\u00a0https:\/\/goo.gl\/maps\/yv4KHmWWH3WSfiU9A Omkl\u00e4dningsrummen och hallen \u00f6ppnar 18:00 och vi h\u00e5ller p\u00e5 till ca 19:30. Det [&hellip;]<\/p>\n","protected":false},"author":4,"featured_media":0,"template":"","meta":{"_tribe_events_status":"","_tribe_events_status_reason":"","footnotes":""},"tags":[],"tribe_events_cat":[],"class_list":["post-7439","tribe_events","type-tribe_events","status-publish","hentry"],"_links":{"self":[{"href":"https:\/\/www.ifmarinvast.se\/orientering\/wp-json\/wp\/v2\/tribe_events\/7439","targetHints":{"allow":["GET"]}}],"collection":[{"href":"https:\/\/www.ifmarinvast.se\/orientering\/wp-json\/wp\/v2\/tribe_events"}],"about":[{"href":"https:\/\/www.ifmarinvast.se\/orientering\/wp-json\/wp\/v2\/types\/tribe_events"}],"author":[{"embeddable":true,"href":"https:\/\/www.ifmarinvast.se\/orientering\/wp-json\/wp\/v2\/users\/4"}],"version-history":[{"count":1,"href":"https:\/\/www.ifmarinvast.se\/orientering\/wp-json\/wp\/v2\/tribe_events\/7439\/revisions"}],"predecessor-version":[{"id":7440,"href":"https:\/\/www.ifmarinvast.se\/orientering\/wp-json\/wp\/v2\/tribe_events\/7439\/revisions\/7440"}],"wp:attachment":[{"href":"https:\/\/www.ifmarinvast.se\/orientering\/wp-json\/wp\/v2\/media?parent=7439"}],"wp:term":[{"taxonomy":"post_tag","embeddable":true,"href":"https:\/\/www.ifmarinvast.se\/orientering\/wp-json\/wp\/v2\/tags?post=7439"},{"taxonomy":"tribe_events_cat","embeddable":true,"href":"https:\/\/www.ifmarinvast.se\/orientering\/wp-json\/wp\/v2\/tribe_events_cat?post=7439"}],"curies":[{"name":"wp","href":"https:\/\/api.w.org\/{rel}","templated":true}]}}

Inneträningarna startar på tisdagar i Björkåsskolan

<p>Tisdagen den 5 november börjar årets inneträningar i Björkåsskolan gymnastiksal, Jordledningsgatan 3 i Järnbrott.<br />
Länk till karta: <a href="https://goo.gl/maps/yv4KHmWWH3WSfiU9A" target="_blank" rel="noreferrer noopener">https://goo.gl/maps/yv4KHmWWH3WSfiU9A</a></p>
<p>Omklädningsrummen och hallen öppnar 18:00 och vi håller på till ca 19:30. Det blir stationsgympa för löpstyrka, innebandy och andra bollsporter för kondition, och lekar för att det är kul. Kom och håll igång konditionen hela vintern. Alla kan vara med!</p>
<p>Inneträningarna håller på fram till mars med uppehåll för jullov och sportlov.</p>

<p>Tisdagen den 5 november börjar årets inneträningar i Björkåsskolan gymnastiksal, Jordledningsgatan 3 i Järnbrott. Länk till karta: https://goo.gl/maps/yv4KHmWWH3WSfiU9A Omklädningsrummen och hallen öppnar 18:00 och vi håller på till ca 19:30. Det [&hellip;]</p>
