{"id":7305,"date":"2024-08-18T10:55:58","date_gmt":"2024-08-18T08:55:58","guid":{"rendered":"https:\/\/www.ifmarinvast.se\/orientering\/?post_type=tribe_events&#038;p=7305"},"modified":"2024-09-15T16:32:57","modified_gmt":"2024-09-15T14:32:57","slug":"traning-mol-4","status":"publish","type":"tribe_events","link":"https:\/\/www.ifmarinvast.se\/orientering\/kalender\/traning-mol-4\/","title":{"rendered":"Tisdagstr\u00e4ning i Ruddalen + MOL"},"content":{"rendered":"<div><b>Samling<\/b>: Nya klubbstugan i Ruddalen, Kartl\u00e4nk:\u00a0<a href=\"https:\/\/goo.gl\/maps\/13fBNBv9dPCnVrny8\" target=\"_blank\" rel=\"noopener\" data-saferedirecturl=\"https:\/\/www.google.com\/url?q=https:\/\/goo.gl\/maps\/13fBNBv9dPCnVrny8&amp;source=gmail&amp;ust=1726496866395000&amp;usg=AOvVaw1XsmlC_JWvyOMXHy-ZdJSt\">https:\/\/goo.gl\/maps\/<wbr \/>13fBNBv9dPCnVrny8<\/a><\/div>\n<div><\/div>\n<div><b>Tid<\/b>: Vuxna: 18.00, Barn &amp; ungdom: 17.45<\/div>\n<div><\/div>\n<div><b>Banl\u00e4ggare<\/b>: Karin\/Claes<\/div>\n<div><\/div>\n<div>Parallellt med tisdagstr\u00e4ningen arrangerar vi motions-OL f\u00f6r allm\u00e4nheten.<\/div>\n<div>Om motions-OL, se\u00a0<a href=\"https:\/\/www.ifmarinvast.se\/orientering\/motionsorientering-i-ruddalen\/\" target=\"_blank\" rel=\"noopener\" data-saferedirecturl=\"https:\/\/www.google.com\/url?q=https:\/\/www.ifmarinvast.se\/orientering\/motionsorientering-i-ruddalen\/&amp;source=gmail&amp;ust=1726496866395000&amp;usg=AOvVaw3rXaA5H5Bzeb26cKnAvfEa\">https:\/\/www.ifmarinvast.se\/<wbr \/>orientering\/<wbr \/>motionsorientering-i-ruddalen\/<\/a><\/div>\n<div><\/div>\n<div>Sportident anv\u00e4nds, ta med SI-bricka om du har.<\/div>\n","protected":false},"excerpt":{"rendered":"<p>Samling: Nya klubbstugan i Ruddalen, Kartl\u00e4nk:\u00a0https:\/\/goo.gl\/maps\/13fBNBv9dPCnVrny8 Tid: Vuxna: 18.00, Barn &amp; ungdom: 17.45 Banl\u00e4ggare: Karin\/Claes Parallellt med tisdagstr\u00e4ningen arrangerar vi motions-OL f\u00f6r allm\u00e4nheten. Om motions-OL, se\u00a0https:\/\/www.ifmarinvast.se\/orientering\/motionsorientering-i-ruddalen\/ Sportident anv\u00e4nds, ta med [&hellip;]<\/p>\n","protected":false},"author":4,"featured_media":0,"template":"","meta":{"_tribe_events_status":"","_tribe_events_status_reason":"","footnotes":""},"tags":[],"tribe_events_cat":[],"class_list":["post-7305","tribe_events","type-tribe_events","status-publish","hentry"],"_links":{"self":[{"href":"https:\/\/www.ifmarinvast.se\/orientering\/wp-json\/wp\/v2\/tribe_events\/7305","targetHints":{"allow":["GET"]}}],"collection":[{"href":"https:\/\/www.ifmarinvast.se\/orientering\/wp-json\/wp\/v2\/tribe_events"}],"about":[{"href":"https:\/\/www.ifmarinvast.se\/orientering\/wp-json\/wp\/v2\/types\/tribe_events"}],"author":[{"embeddable":true,"href":"https:\/\/www.ifmarinvast.se\/orientering\/wp-json\/wp\/v2\/users\/4"}],"version-history":[{"count":3,"href":"https:\/\/www.ifmarinvast.se\/orientering\/wp-json\/wp\/v2\/tribe_events\/7305\/revisions"}],"predecessor-version":[{"id":7359,"href":"https:\/\/www.ifmarinvast.se\/orientering\/wp-json\/wp\/v2\/tribe_events\/7305\/revisions\/7359"}],"wp:attachment":[{"href":"https:\/\/www.ifmarinvast.se\/orientering\/wp-json\/wp\/v2\/media?parent=7305"}],"wp:term":[{"taxonomy":"post_tag","embeddable":true,"href":"https:\/\/www.ifmarinvast.se\/orientering\/wp-json\/wp\/v2\/tags?post=7305"},{"taxonomy":"tribe_events_cat","embeddable":true,"href":"https:\/\/www.ifmarinvast.se\/orientering\/wp-json\/wp\/v2\/tribe_events_cat?post=7305"}],"curies":[{"name":"wp","href":"https:\/\/api.w.org\/{rel}","templated":true}]}}

Tisdagsträning i Ruddalen + MOL

<div><b>Samling</b>: Nya klubbstugan i Ruddalen, Kartlänk: <a href="https://goo.gl/maps/13fBNBv9dPCnVrny8" target="_blank" rel="noopener" data-saferedirecturl="https://www.google.com/url?q=https://goo.gl/maps/13fBNBv9dPCnVrny8&amp;source=gmail&amp;ust=1726496866395000&amp;usg=AOvVaw1XsmlC_JWvyOMXHy-ZdJSt">https://goo.gl/maps/<wbr />13fBNBv9dPCnVrny8</a></div>
<div></div>
<div><b>Tid</b>: Vuxna: 18.00, Barn &amp; ungdom: 17.45</div>
<div></div>
<div><b>Banläggare</b>: Karin/Claes</div>
<div></div>
<div>Parallellt med tisdagsträningen arrangerar vi motions-OL för allmänheten.</div>
<div>Om motions-OL, se <a href="https://www.ifmarinvast.se/orientering/motionsorientering-i-ruddalen/" target="_blank" rel="noopener" data-saferedirecturl="https://www.google.com/url?q=https://www.ifmarinvast.se/orientering/motionsorientering-i-ruddalen/&amp;source=gmail&amp;ust=1726496866395000&amp;usg=AOvVaw3rXaA5H5Bzeb26cKnAvfEa">https://www.ifmarinvast.se/<wbr />orientering/<wbr />motionsorientering-i-ruddalen/</a></div>
<div></div>
<div>Sportident används, ta med SI-bricka om du har.</div>

<p>Samling: Nya klubbstugan i Ruddalen, Kartlänk: https://goo.gl/maps/13fBNBv9dPCnVrny8 Tid: Vuxna: 18.00, Barn &amp; ungdom: 17.45 Banläggare: Karin/Claes Parallellt med tisdagsträningen arrangerar vi motions-OL för allmänheten. Om motions-OL, se https://www.ifmarinvast.se/orientering/motionsorientering-i-ruddalen/ Sportident används, ta med [&hellip;]</p>
