{"id":7297,"date":"2024-08-18T10:51:50","date_gmt":"2024-08-18T08:51:50","guid":{"rendered":"https:\/\/www.ifmarinvast.se\/orientering\/?post_type=tribe_events&#038;p=7297"},"modified":"2024-08-18T10:51:50","modified_gmt":"2024-08-18T08:51:50","slug":"sprintstafett-dm","status":"publish","type":"tribe_events","link":"https:\/\/www.ifmarinvast.se\/orientering\/kalender\/sprintstafett-dm\/","title":{"rendered":"Sprintstafett-DM"},"content":{"rendered":"<p>Sprintstafett-DM i H\u00f6gsboh\u00f6jd p\u00e5 tisdag 20\/8. Sex lag anm\u00e4lda, men g\u00e5r att anm\u00e4la fler p\u00e5 plats till klasserna \u00d6ppen kort och \u00d6ppen, om andan faller p\u00e5.<\/p>\n","protected":false},"excerpt":{"rendered":"<p>Sprintstafett-DM i H\u00f6gsboh\u00f6jd p\u00e5 tisdag 20\/8. Sex lag anm\u00e4lda, men g\u00e5r att anm\u00e4la fler p\u00e5 plats till klasserna \u00d6ppen kort och \u00d6ppen, om andan faller p\u00e5.<\/p>\n","protected":false},"author":4,"featured_media":0,"template":"","meta":{"_tribe_events_status":"","_tribe_events_status_reason":"","footnotes":""},"tags":[],"tribe_events_cat":[],"class_list":["post-7297","tribe_events","type-tribe_events","status-publish","hentry"],"_links":{"self":[{"href":"https:\/\/www.ifmarinvast.se\/orientering\/wp-json\/wp\/v2\/tribe_events\/7297","targetHints":{"allow":["GET"]}}],"collection":[{"href":"https:\/\/www.ifmarinvast.se\/orientering\/wp-json\/wp\/v2\/tribe_events"}],"about":[{"href":"https:\/\/www.ifmarinvast.se\/orientering\/wp-json\/wp\/v2\/types\/tribe_events"}],"author":[{"embeddable":true,"href":"https:\/\/www.ifmarinvast.se\/orientering\/wp-json\/wp\/v2\/users\/4"}],"version-history":[{"count":1,"href":"https:\/\/www.ifmarinvast.se\/orientering\/wp-json\/wp\/v2\/tribe_events\/7297\/revisions"}],"predecessor-version":[{"id":7298,"href":"https:\/\/www.ifmarinvast.se\/orientering\/wp-json\/wp\/v2\/tribe_events\/7297\/revisions\/7298"}],"wp:attachment":[{"href":"https:\/\/www.ifmarinvast.se\/orientering\/wp-json\/wp\/v2\/media?parent=7297"}],"wp:term":[{"taxonomy":"post_tag","embeddable":true,"href":"https:\/\/www.ifmarinvast.se\/orientering\/wp-json\/wp\/v2\/tags?post=7297"},{"taxonomy":"tribe_events_cat","embeddable":true,"href":"https:\/\/www.ifmarinvast.se\/orientering\/wp-json\/wp\/v2\/tribe_events_cat?post=7297"}],"curies":[{"name":"wp","href":"https:\/\/api.w.org\/{rel}","templated":true}]}}

<p>Sprintstafett-DM i Högsbohöjd på tisdag 20/8. Sex lag anmälda, men går att anmäla fler på plats till klasserna Öppen kort och Öppen, om andan faller på.</p>
