{"id":7099,"date":"2024-01-28T15:14:26","date_gmt":"2024-01-28T14:14:26","guid":{"rendered":"https:\/\/www.ifmarinvast.se\/orientering\/?post_type=tribe_events&#038;p=7099"},"modified":"2024-05-27T13:32:46","modified_gmt":"2024-05-27T11:32:46","slug":"tisdagstraning-81","status":"publish","type":"tribe_events","link":"https:\/\/www.ifmarinvast.se\/orientering\/kalender\/tisdagstraning-81\/","title":{"rendered":"Tisdagstr\u00e4ning i Ruddalen"},"content":{"rendered":"<p><b>Samling<\/b>: Norra delen av Ruddalen. Kartreferens:\u00a0<a href=\"https:\/\/smex-ctp.trendmicro.com\/wis\/clicktime\/v1\/query?url=https%3a%2f%2fmaps.app.goo.gl%2fq1nNjfXjJ57F3iKa8&amp;umid=edf84892-5e1e-4721-b54f-0eb7fd1d5c33&amp;auth=38cdfd6cec789b107107eea21cb194ff3d2beddc-17cd5fac80b59826c5f414d7c56a71962b36b6ee\" target=\"_blank\" rel=\"noopener\">https:\/\/maps.app.goo.gl\/q1nNjfXjJ57F3iKa8<\/a><b><br \/>\n<\/b><\/p>\n<p><b>Tid<\/b>: Vuxna: 18.00, Barn &amp; ungdom: 17.45<\/p>\n<p><b>Ansvariga<\/b>: Lena, Marie och Maria.<\/p>\n<p><b>Ungdom<\/b>: Erik och Anders \u00e4r ungdomstr\u00e4nare. Det blir banor samt lite prat om vad sprintorientering \u00e4r.\u00a0Ruben och Vincent h\u00e5ller i uppv\u00e4rmningen.<\/p>\n","protected":false},"excerpt":{"rendered":"<p>Samling: Norra delen av Ruddalen. Kartreferens:\u00a0https:\/\/maps.app.goo.gl\/q1nNjfXjJ57F3iKa8 Tid: Vuxna: 18.00, Barn &amp; ungdom: 17.45 Ansvariga: Lena, Marie och Maria. Ungdom: Erik och Anders \u00e4r ungdomstr\u00e4nare. Det blir banor samt lite prat [&hellip;]<\/p>\n","protected":false},"author":4,"featured_media":0,"template":"","meta":{"_tribe_events_status":"","_tribe_events_status_reason":"","footnotes":""},"tags":[],"tribe_events_cat":[],"class_list":["post-7099","tribe_events","type-tribe_events","status-publish","hentry"],"_links":{"self":[{"href":"https:\/\/www.ifmarinvast.se\/orientering\/wp-json\/wp\/v2\/tribe_events\/7099","targetHints":{"allow":["GET"]}}],"collection":[{"href":"https:\/\/www.ifmarinvast.se\/orientering\/wp-json\/wp\/v2\/tribe_events"}],"about":[{"href":"https:\/\/www.ifmarinvast.se\/orientering\/wp-json\/wp\/v2\/types\/tribe_events"}],"author":[{"embeddable":true,"href":"https:\/\/www.ifmarinvast.se\/orientering\/wp-json\/wp\/v2\/users\/4"}],"version-history":[{"count":2,"href":"https:\/\/www.ifmarinvast.se\/orientering\/wp-json\/wp\/v2\/tribe_events\/7099\/revisions"}],"predecessor-version":[{"id":7288,"href":"https:\/\/www.ifmarinvast.se\/orientering\/wp-json\/wp\/v2\/tribe_events\/7099\/revisions\/7288"}],"wp:attachment":[{"href":"https:\/\/www.ifmarinvast.se\/orientering\/wp-json\/wp\/v2\/media?parent=7099"}],"wp:term":[{"taxonomy":"post_tag","embeddable":true,"href":"https:\/\/www.ifmarinvast.se\/orientering\/wp-json\/wp\/v2\/tags?post=7099"},{"taxonomy":"tribe_events_cat","embeddable":true,"href":"https:\/\/www.ifmarinvast.se\/orientering\/wp-json\/wp\/v2\/tribe_events_cat?post=7099"}],"curies":[{"name":"wp","href":"https:\/\/api.w.org\/{rel}","templated":true}]}}

Tisdagsträning i Ruddalen

<p><b>Samling</b>: Norra delen av Ruddalen. Kartreferens: <a href="https://smex-ctp.trendmicro.com/wis/clicktime/v1/query?url=https%3a%2f%2fmaps.app.goo.gl%2fq1nNjfXjJ57F3iKa8&amp;umid=edf84892-5e1e-4721-b54f-0eb7fd1d5c33&amp;auth=38cdfd6cec789b107107eea21cb194ff3d2beddc-17cd5fac80b59826c5f414d7c56a71962b36b6ee" target="_blank" rel="noopener">https://maps.app.goo.gl/q1nNjfXjJ57F3iKa8</a><b><br />
</b></p>
<p><b>Tid</b>: Vuxna: 18.00, Barn &amp; ungdom: 17.45</p>
<p><b>Ansvariga</b>: Lena, Marie och Maria.</p>
<p><b>Ungdom</b>: Erik och Anders är ungdomstränare. Det blir banor samt lite prat om vad sprintorientering är. Ruben och Vincent håller i uppvärmningen.</p>

<p>Samling: Norra delen av Ruddalen. Kartreferens: https://maps.app.goo.gl/q1nNjfXjJ57F3iKa8 Tid: Vuxna: 18.00, Barn &amp; ungdom: 17.45 Ansvariga: Lena, Marie och Maria. Ungdom: Erik och Anders är ungdomstränare. Det blir banor samt lite prat [&hellip;]</p>
