{"id":7094,"date":"2024-01-28T15:13:38","date_gmt":"2024-01-28T14:13:38","guid":{"rendered":"https:\/\/www.ifmarinvast.se\/orientering\/?post_type=tribe_events&#038;p=7094"},"modified":"2024-05-20T11:23:14","modified_gmt":"2024-05-20T09:23:14","slug":"tisdagstraning-80","status":"publish","type":"tribe_events","link":"https:\/\/www.ifmarinvast.se\/orientering\/kalender\/tisdagstraning-80\/","title":{"rendered":"Tisdagstr\u00e4ning i Ruddalen"},"content":{"rendered":"<p><strong>Tid<\/strong>: Tisdag 21 Maj kl.18.00<br \/>\n<strong>Plats<\/strong>: Norra delen av Ruddalen. Kartreferens: <a href=\"https:\/\/maps.app.goo.gl\/q1nNjfXjJ57F3iKa8\">https:\/\/maps.app.goo.gl\/q1nNjfXjJ57F3iKa8<\/a><br \/>\n<strong>Banor<\/strong>: Vit (2,0 km), Gul (2,7 km) och violett (4,2 km)<br \/>\n<strong>Ansvariga<\/strong>: Per Karlsson och Claes Andreasson<br \/>\nOBS! Inga speciella tr\u00e4ningsbanor f\u00f6r ungdomar.<\/p>\n<p>Vi har \u00e5tagit oss att g\u00f6ra banor \u00e5t P\u00e5velundsskolan f\u00f6r skolorientering den 22\/5.<br \/>\nF\u00f6r tisdagtr\u00e4ningen kommer vi att anv\u00e4nda samma banor f\u00f6r vit och gul niv\u00e5.<br \/>\nF\u00f6r de som vill ha en l\u00e4ngre och lite sv\u00e5rare bana finns en violett bana.<br \/>\nEftersom vi delar banor\/kontroller med P\u00e5velundsskolans banor finns det vid en del<br \/>\nkontroller en stiftkl\u00e4mma.<\/p>\n<p><a href=\"https:\/\/www.ifmarinvast.se\/orientering\/wp-content\/uploads\/2024\/05\/PM-Tisdagstraning-21.pdf\">Se \u00e4ven PM &gt;&gt;<\/a><\/p>\n","protected":false},"excerpt":{"rendered":"<p>Tid: Tisdag 21 Maj kl.18.00 Plats: Norra delen av Ruddalen. Kartreferens: https:\/\/maps.app.goo.gl\/q1nNjfXjJ57F3iKa8 Banor: Vit (2,0 km), Gul (2,7 km) och violett (4,2 km) Ansvariga: Per Karlsson och Claes Andreasson OBS! [&hellip;]<\/p>\n","protected":false},"author":4,"featured_media":0,"template":"","meta":{"_tribe_events_status":"","_tribe_events_status_reason":"","footnotes":""},"tags":[],"tribe_events_cat":[],"class_list":["post-7094","tribe_events","type-tribe_events","status-publish","hentry"],"_links":{"self":[{"href":"https:\/\/www.ifmarinvast.se\/orientering\/wp-json\/wp\/v2\/tribe_events\/7094","targetHints":{"allow":["GET"]}}],"collection":[{"href":"https:\/\/www.ifmarinvast.se\/orientering\/wp-json\/wp\/v2\/tribe_events"}],"about":[{"href":"https:\/\/www.ifmarinvast.se\/orientering\/wp-json\/wp\/v2\/types\/tribe_events"}],"author":[{"embeddable":true,"href":"https:\/\/www.ifmarinvast.se\/orientering\/wp-json\/wp\/v2\/users\/4"}],"version-history":[{"count":6,"href":"https:\/\/www.ifmarinvast.se\/orientering\/wp-json\/wp\/v2\/tribe_events\/7094\/revisions"}],"predecessor-version":[{"id":7283,"href":"https:\/\/www.ifmarinvast.se\/orientering\/wp-json\/wp\/v2\/tribe_events\/7094\/revisions\/7283"}],"wp:attachment":[{"href":"https:\/\/www.ifmarinvast.se\/orientering\/wp-json\/wp\/v2\/media?parent=7094"}],"wp:term":[{"taxonomy":"post_tag","embeddable":true,"href":"https:\/\/www.ifmarinvast.se\/orientering\/wp-json\/wp\/v2\/tags?post=7094"},{"taxonomy":"tribe_events_cat","embeddable":true,"href":"https:\/\/www.ifmarinvast.se\/orientering\/wp-json\/wp\/v2\/tribe_events_cat?post=7094"}],"curies":[{"name":"wp","href":"https:\/\/api.w.org\/{rel}","templated":true}]}}

Tisdagsträning i Ruddalen

<p><strong>Tid</strong>: Tisdag 21 Maj kl.18.00<br />
<strong>Plats</strong>: Norra delen av Ruddalen. Kartreferens: <a href="https://maps.app.goo.gl/q1nNjfXjJ57F3iKa8">https://maps.app.goo.gl/q1nNjfXjJ57F3iKa8</a><br />
<strong>Banor</strong>: Vit (2,0 km), Gul (2,7 km) och violett (4,2 km)<br />
<strong>Ansvariga</strong>: Per Karlsson och Claes Andreasson<br />
OBS! Inga speciella träningsbanor för ungdomar.</p>
<p>Vi har åtagit oss att göra banor åt Påvelundsskolan för skolorientering den 22/5.<br />
För tisdagträningen kommer vi att använda samma banor för vit och gul nivå.<br />
För de som vill ha en längre och lite svårare bana finns en violett bana.<br />
Eftersom vi delar banor/kontroller med Påvelundsskolans banor finns det vid en del<br />
kontroller en stiftklämma.</p>
<p><a href="https://www.ifmarinvast.se/orientering/wp-content/uploads/2024/05/PM-Tisdagstraning-21.pdf">Se även PM &gt;&gt;</a></p>
