{"id":7042,"date":"2024-01-28T14:58:56","date_gmt":"2024-01-28T13:58:56","guid":{"rendered":"https:\/\/www.ifmarinvast.se\/orientering\/?post_type=tribe_events&#038;p=7042"},"modified":"2024-01-28T14:58:56","modified_gmt":"2024-01-28T13:58:56","slug":"innetraning-i-bjorkasskolan-18","status":"publish","type":"tribe_events","link":"https:\/\/www.ifmarinvast.se\/orientering\/kalender\/innetraning-i-bjorkasskolan-18\/","title":{"rendered":"Innetr\u00e4ning i Bj\u00f6rk\u00e5sskolan"},"content":{"rendered":"<p>Innetr\u00e4ning i Bj\u00f6rk\u00e5sskolan gymnastiksal, Jordledningsgatan 3 i J\u00e4rnbrott.<br \/>\nL\u00e4nk till karta: <a href=\"https:\/\/goo.gl\/maps\/yv4KHmWWH3WSfiU9A\">https:\/\/goo.gl\/maps\/yv4KHmWWH3WSfiU9A<\/a><\/p>\n<p>Omkl\u00e4dningsrummen och hallen \u00f6ppnar 18:00 och vi h\u00e5ller p\u00e5 till ca 19:30. Det blir stationsgympa f\u00f6r l\u00f6pstyrka, innebandy f\u00f6r kondition och lekar f\u00f6r att det \u00e4r kul. Hannes leder tr\u00e4ningen och alla kan vara med. Kom och h\u00e5ll ig\u00e5ng konditionen hela vintern!<\/p>\n<p>Innetr\u00e4ningarna h\u00e5ller p\u00e5 fram till p\u00e5sk med uppeh\u00e5ll f\u00f6r sportlov.<\/p>\n","protected":false},"excerpt":{"rendered":"<p>Innetr\u00e4ning i Bj\u00f6rk\u00e5sskolan gymnastiksal, Jordledningsgatan 3 i J\u00e4rnbrott. L\u00e4nk till karta: https:\/\/goo.gl\/maps\/yv4KHmWWH3WSfiU9A Omkl\u00e4dningsrummen och hallen \u00f6ppnar 18:00 och vi h\u00e5ller p\u00e5 till ca 19:30. Det blir stationsgympa f\u00f6r l\u00f6pstyrka, innebandy [&hellip;]<\/p>\n","protected":false},"author":4,"featured_media":0,"template":"","meta":{"_tribe_events_status":"","_tribe_events_status_reason":"","footnotes":""},"tags":[],"tribe_events_cat":[],"class_list":["post-7042","tribe_events","type-tribe_events","status-publish","hentry"],"_links":{"self":[{"href":"https:\/\/www.ifmarinvast.se\/orientering\/wp-json\/wp\/v2\/tribe_events\/7042","targetHints":{"allow":["GET"]}}],"collection":[{"href":"https:\/\/www.ifmarinvast.se\/orientering\/wp-json\/wp\/v2\/tribe_events"}],"about":[{"href":"https:\/\/www.ifmarinvast.se\/orientering\/wp-json\/wp\/v2\/types\/tribe_events"}],"author":[{"embeddable":true,"href":"https:\/\/www.ifmarinvast.se\/orientering\/wp-json\/wp\/v2\/users\/4"}],"version-history":[{"count":1,"href":"https:\/\/www.ifmarinvast.se\/orientering\/wp-json\/wp\/v2\/tribe_events\/7042\/revisions"}],"predecessor-version":[{"id":7043,"href":"https:\/\/www.ifmarinvast.se\/orientering\/wp-json\/wp\/v2\/tribe_events\/7042\/revisions\/7043"}],"wp:attachment":[{"href":"https:\/\/www.ifmarinvast.se\/orientering\/wp-json\/wp\/v2\/media?parent=7042"}],"wp:term":[{"taxonomy":"post_tag","embeddable":true,"href":"https:\/\/www.ifmarinvast.se\/orientering\/wp-json\/wp\/v2\/tags?post=7042"},{"taxonomy":"tribe_events_cat","embeddable":true,"href":"https:\/\/www.ifmarinvast.se\/orientering\/wp-json\/wp\/v2\/tribe_events_cat?post=7042"}],"curies":[{"name":"wp","href":"https:\/\/api.w.org\/{rel}","templated":true}]}}

Inneträning i Björkåsskolan

<p>Inneträning i Björkåsskolan gymnastiksal, Jordledningsgatan 3 i Järnbrott.<br />
Länk till karta: <a href="https://goo.gl/maps/yv4KHmWWH3WSfiU9A">https://goo.gl/maps/yv4KHmWWH3WSfiU9A</a></p>
<p>Omklädningsrummen och hallen öppnar 18:00 och vi håller på till ca 19:30. Det blir stationsgympa för löpstyrka, innebandy för kondition och lekar för att det är kul. Hannes leder träningen och alla kan vara med. Kom och håll igång konditionen hela vintern!</p>
<p>Inneträningarna håller på fram till påsk med uppehåll för sportlov.</p>

<p>Inneträning i Björkåsskolan gymnastiksal, Jordledningsgatan 3 i Järnbrott. Länk till karta: https://goo.gl/maps/yv4KHmWWH3WSfiU9A Omklädningsrummen och hallen öppnar 18:00 och vi håller på till ca 19:30. Det blir stationsgympa för löpstyrka, innebandy [&hellip;]</p>
