{"id":6902,"date":"2023-08-20T12:27:51","date_gmt":"2023-08-20T10:27:51","guid":{"rendered":"http:\/\/www.ifmarinvast.se\/orientering\/?post_type=tribe_events&#038;p=6902"},"modified":"2023-08-20T12:27:51","modified_gmt":"2023-08-20T10:27:51","slug":"delsjolangen-lang","status":"publish","type":"tribe_events","link":"https:\/\/www.ifmarinvast.se\/orientering\/kalender\/delsjolangen-lang\/","title":{"rendered":"Delsj\u00f6l\u00e5ngen, L\u00e5ng"},"content":{"rendered":"<div>Delsj\u00f6l\u00e5ngen, L\u00e5ng<\/div>\n<div><a href=\"https:\/\/eventor.orientering.se\/Events\/Show\/42453\">https:\/\/eventor.orientering.se\/Events\/Show\/42453<\/a><\/div>\n<div>Delsj\u00f6n<\/div>\n","protected":false},"excerpt":{"rendered":"<p>Delsj\u00f6l\u00e5ngen, L\u00e5ng https:\/\/eventor.orientering.se\/Events\/Show\/42453 Delsj\u00f6n<\/p>\n","protected":false},"author":4,"featured_media":0,"template":"","meta":{"_tribe_events_status":"","_tribe_events_status_reason":"","footnotes":""},"tags":[],"tribe_events_cat":[],"class_list":["post-6902","tribe_events","type-tribe_events","status-publish","hentry"],"_links":{"self":[{"href":"https:\/\/www.ifmarinvast.se\/orientering\/wp-json\/wp\/v2\/tribe_events\/6902","targetHints":{"allow":["GET"]}}],"collection":[{"href":"https:\/\/www.ifmarinvast.se\/orientering\/wp-json\/wp\/v2\/tribe_events"}],"about":[{"href":"https:\/\/www.ifmarinvast.se\/orientering\/wp-json\/wp\/v2\/types\/tribe_events"}],"author":[{"embeddable":true,"href":"https:\/\/www.ifmarinvast.se\/orientering\/wp-json\/wp\/v2\/users\/4"}],"version-history":[{"count":1,"href":"https:\/\/www.ifmarinvast.se\/orientering\/wp-json\/wp\/v2\/tribe_events\/6902\/revisions"}],"predecessor-version":[{"id":6903,"href":"https:\/\/www.ifmarinvast.se\/orientering\/wp-json\/wp\/v2\/tribe_events\/6902\/revisions\/6903"}],"wp:attachment":[{"href":"https:\/\/www.ifmarinvast.se\/orientering\/wp-json\/wp\/v2\/media?parent=6902"}],"wp:term":[{"taxonomy":"post_tag","embeddable":true,"href":"https:\/\/www.ifmarinvast.se\/orientering\/wp-json\/wp\/v2\/tags?post=6902"},{"taxonomy":"tribe_events_cat","embeddable":true,"href":"https:\/\/www.ifmarinvast.se\/orientering\/wp-json\/wp\/v2\/tribe_events_cat?post=6902"}],"curies":[{"name":"wp","href":"https:\/\/api.w.org\/{rel}","templated":true}]}}

Delsjölången, Lång

<div>Delsjölången, Lång</div>
<div><a href="https://eventor.orientering.se/Events/Show/42453">https://eventor.orientering.se/Events/Show/42453</a></div>
<div>Delsjön</div>

<p>Delsjölången, Lång https://eventor.orientering.se/Events/Show/42453 Delsjön</p>
