{"id":6896,"date":"2023-08-20T12:23:17","date_gmt":"2023-08-20T10:23:17","guid":{"rendered":"http:\/\/www.ifmarinvast.se\/orientering\/?post_type=tribe_events&#038;p=6896"},"modified":"2023-10-10T07:40:45","modified_gmt":"2023-10-10T05:40:45","slug":"tisdagstraning-71","status":"publish","type":"tribe_events","link":"https:\/\/www.ifmarinvast.se\/orientering\/kalender\/tisdagstraning-71\/","title":{"rendered":"Tisdagstr\u00e4ning i Ruddalen"},"content":{"rendered":"<p><b>Samling<\/b>: Nya klubbstugan, Kartl\u00e4nk:\u00a0<a href=\"https:\/\/goo.gl\/maps\/13fBNBv9dPCnVrny8\" target=\"_blank\" rel=\"noopener\" data-saferedirecturl=\"https:\/\/www.google.com\/url?q=https:\/\/goo.gl\/maps\/13fBNBv9dPCnVrny8&amp;source=gmail&amp;ust=1697002779336000&amp;usg=AOvVaw3AOg6LeEJiIKvO3v-fOl41\">https:\/\/goo.gl\/maps\/<wbr \/>13fBNBv9dPCnVrny8<\/a><\/p>\n<p><b>Tid<\/b>:\u00a0<u>Start fr\u00e5n 17.15\u00a0<\/u>(eftersom det m\u00f6rknar tidigare nu)<\/p>\n<p><b>Banl\u00e4ggare<\/b>: Lena och Ola<\/p>\n<p><b>Veckans bana<\/b>: Banorna &#8221;Bl\u00e5&#8221; och &#8221;Bl\u00e5 kort&#8221; kommer att finnas som veckans bana, f\u00f6r den som vill v\u00e4lja egen tr\u00e4ningstid. Se\u00a0 Eventor:\u00a0<a href=\"https:\/\/eventor.orientering.se\/Events\/Show\/47307\" target=\"_blank\" rel=\"noopener\" data-saferedirecturl=\"https:\/\/www.google.com\/url?q=https:\/\/eventor.orientering.se\/Events\/Show\/47307&amp;source=gmail&amp;ust=1697002779336000&amp;usg=AOvVaw2_kY6BZqjdHBXzxeXu1Cvj\">https:\/\/eventor.<wbr \/>orientering.se\/Events\/Show\/<wbr \/>47307<\/a><\/p>\n<p><b>Livelox<\/b>:\u00a0<a href=\"https:\/\/www.livelox.com\/Events\/Show\/114963\" target=\"_blank\" rel=\"noopener\" data-saferedirecturl=\"https:\/\/www.google.com\/url?q=https:\/\/www.livelox.com\/Events\/Show\/114963&amp;source=gmail&amp;ust=1697002779336000&amp;usg=AOvVaw0cn6N-avZErIyXdglW0qMh\">Ja<\/a><\/p>\n<p>Sk\u00e4rmarna h\u00e4nger kvar till s\u00f6ndag 15 oktober klockan 14.<\/p>\n","protected":false},"excerpt":{"rendered":"<p>Samling: Nya klubbstugan, Kartl\u00e4nk:\u00a0https:\/\/goo.gl\/maps\/13fBNBv9dPCnVrny8 Tid:\u00a0Start fr\u00e5n 17.15\u00a0(eftersom det m\u00f6rknar tidigare nu) Banl\u00e4ggare: Lena och Ola Veckans bana: Banorna &#8221;Bl\u00e5&#8221; och &#8221;Bl\u00e5 kort&#8221; kommer att finnas som veckans bana, f\u00f6r den [&hellip;]<\/p>\n","protected":false},"author":4,"featured_media":0,"template":"","meta":{"_tribe_events_status":"","_tribe_events_status_reason":"","footnotes":""},"tags":[],"tribe_events_cat":[],"class_list":["post-6896","tribe_events","type-tribe_events","status-publish","hentry"],"_links":{"self":[{"href":"https:\/\/www.ifmarinvast.se\/orientering\/wp-json\/wp\/v2\/tribe_events\/6896","targetHints":{"allow":["GET"]}}],"collection":[{"href":"https:\/\/www.ifmarinvast.se\/orientering\/wp-json\/wp\/v2\/tribe_events"}],"about":[{"href":"https:\/\/www.ifmarinvast.se\/orientering\/wp-json\/wp\/v2\/types\/tribe_events"}],"author":[{"embeddable":true,"href":"https:\/\/www.ifmarinvast.se\/orientering\/wp-json\/wp\/v2\/users\/4"}],"version-history":[{"count":2,"href":"https:\/\/www.ifmarinvast.se\/orientering\/wp-json\/wp\/v2\/tribe_events\/6896\/revisions"}],"predecessor-version":[{"id":6975,"href":"https:\/\/www.ifmarinvast.se\/orientering\/wp-json\/wp\/v2\/tribe_events\/6896\/revisions\/6975"}],"wp:attachment":[{"href":"https:\/\/www.ifmarinvast.se\/orientering\/wp-json\/wp\/v2\/media?parent=6896"}],"wp:term":[{"taxonomy":"post_tag","embeddable":true,"href":"https:\/\/www.ifmarinvast.se\/orientering\/wp-json\/wp\/v2\/tags?post=6896"},{"taxonomy":"tribe_events_cat","embeddable":true,"href":"https:\/\/www.ifmarinvast.se\/orientering\/wp-json\/wp\/v2\/tribe_events_cat?post=6896"}],"curies":[{"name":"wp","href":"https:\/\/api.w.org\/{rel}","templated":true}]}}

Tisdagsträning i Ruddalen

<p><b>Samling</b>: Nya klubbstugan, Kartlänk: <a href="https://goo.gl/maps/13fBNBv9dPCnVrny8" target="_blank" rel="noopener" data-saferedirecturl="https://www.google.com/url?q=https://goo.gl/maps/13fBNBv9dPCnVrny8&amp;source=gmail&amp;ust=1697002779336000&amp;usg=AOvVaw3AOg6LeEJiIKvO3v-fOl41">https://goo.gl/maps/<wbr />13fBNBv9dPCnVrny8</a></p>
<p><b>Tid</b>: <u>Start från 17.15 </u>(eftersom det mörknar tidigare nu)</p>
<p><b>Banläggare</b>: Lena och Ola</p>
<p><b>Veckans bana</b>: Banorna &#8221;Blå&#8221; och &#8221;Blå kort&#8221; kommer att finnas som veckans bana, för den som vill välja egen träningstid. Se  Eventor: <a href="https://eventor.orientering.se/Events/Show/47307" target="_blank" rel="noopener" data-saferedirecturl="https://www.google.com/url?q=https://eventor.orientering.se/Events/Show/47307&amp;source=gmail&amp;ust=1697002779336000&amp;usg=AOvVaw2_kY6BZqjdHBXzxeXu1Cvj">https://eventor.<wbr />orientering.se/Events/Show/<wbr />47307</a></p>
<p><b>Livelox</b>: <a href="https://www.livelox.com/Events/Show/114963" target="_blank" rel="noopener" data-saferedirecturl="https://www.google.com/url?q=https://www.livelox.com/Events/Show/114963&amp;source=gmail&amp;ust=1697002779336000&amp;usg=AOvVaw0cn6N-avZErIyXdglW0qMh">Ja</a></p>
<p>Skärmarna hänger kvar till söndag 15 oktober klockan 14.</p>

<p>Samling: Nya klubbstugan, Kartlänk: https://goo.gl/maps/13fBNBv9dPCnVrny8 Tid: Start från 17.15 (eftersom det mörknar tidigare nu) Banläggare: Lena och Ola Veckans bana: Banorna &#8221;Blå&#8221; och &#8221;Blå kort&#8221; kommer att finnas som veckans bana, för den [&hellip;]</p>
