{"id":6890,"date":"2023-08-20T12:19:43","date_gmt":"2023-08-20T10:19:43","guid":{"rendered":"http:\/\/www.ifmarinvast.se\/orientering\/?post_type=tribe_events&#038;p=6890"},"modified":"2023-08-20T12:19:43","modified_gmt":"2023-08-20T10:19:43","slug":"savedalens-hosttavling-medel","status":"publish","type":"tribe_events","link":"https:\/\/www.ifmarinvast.se\/orientering\/kalender\/savedalens-hosttavling-medel\/","title":{"rendered":"S\u00e4vedalens h\u00f6stt\u00e4vling, Medel"},"content":{"rendered":"<div>S\u00e4vedalens h\u00f6stt\u00e4vling, Medel<\/div>\n<div><a href=\"https:\/\/eventor.orientering.se\/Events\/Show\/39793\">https:\/\/eventor.orientering.se\/Events\/Show\/39793<\/a><\/div>\n<div>Nya Varvet!!!<\/div>\n","protected":false},"excerpt":{"rendered":"<p>S\u00e4vedalens h\u00f6stt\u00e4vling, Medel https:\/\/eventor.orientering.se\/Events\/Show\/39793 Nya Varvet!!!<\/p>\n","protected":false},"author":4,"featured_media":0,"template":"","meta":{"_tribe_events_status":"","_tribe_events_status_reason":"","footnotes":""},"tags":[],"tribe_events_cat":[],"class_list":["post-6890","tribe_events","type-tribe_events","status-publish","hentry"],"_links":{"self":[{"href":"https:\/\/www.ifmarinvast.se\/orientering\/wp-json\/wp\/v2\/tribe_events\/6890","targetHints":{"allow":["GET"]}}],"collection":[{"href":"https:\/\/www.ifmarinvast.se\/orientering\/wp-json\/wp\/v2\/tribe_events"}],"about":[{"href":"https:\/\/www.ifmarinvast.se\/orientering\/wp-json\/wp\/v2\/types\/tribe_events"}],"author":[{"embeddable":true,"href":"https:\/\/www.ifmarinvast.se\/orientering\/wp-json\/wp\/v2\/users\/4"}],"version-history":[{"count":1,"href":"https:\/\/www.ifmarinvast.se\/orientering\/wp-json\/wp\/v2\/tribe_events\/6890\/revisions"}],"predecessor-version":[{"id":6891,"href":"https:\/\/www.ifmarinvast.se\/orientering\/wp-json\/wp\/v2\/tribe_events\/6890\/revisions\/6891"}],"wp:attachment":[{"href":"https:\/\/www.ifmarinvast.se\/orientering\/wp-json\/wp\/v2\/media?parent=6890"}],"wp:term":[{"taxonomy":"post_tag","embeddable":true,"href":"https:\/\/www.ifmarinvast.se\/orientering\/wp-json\/wp\/v2\/tags?post=6890"},{"taxonomy":"tribe_events_cat","embeddable":true,"href":"https:\/\/www.ifmarinvast.se\/orientering\/wp-json\/wp\/v2\/tribe_events_cat?post=6890"}],"curies":[{"name":"wp","href":"https:\/\/api.w.org\/{rel}","templated":true}]}}

Sävedalens hösttävling, Medel

<div>Sävedalens hösttävling, Medel</div>
<div><a href="https://eventor.orientering.se/Events/Show/39793">https://eventor.orientering.se/Events/Show/39793</a></div>
<div>Nya Varvet!!!</div>

<p>Sävedalens hösttävling, Medel https://eventor.orientering.se/Events/Show/39793 Nya Varvet!!!</p>
