{"id":6784,"date":"2023-04-16T14:48:13","date_gmt":"2023-04-16T12:48:13","guid":{"rendered":"http:\/\/www.ifmarinvast.se\/orientering\/?post_type=tribe_events&#038;p=6784"},"modified":"2023-05-27T17:01:21","modified_gmt":"2023-05-27T15:01:21","slug":"ttraning-med-avslutning","status":"publish","type":"tribe_events","link":"https:\/\/www.ifmarinvast.se\/orientering\/kalender\/ttraning-med-avslutning\/","title":{"rendered":"V\u00e5ravslutning Torpadammen H\u00f6gsboh\u00f6jd"},"content":{"rendered":"<p>Torsdag den 8 juni med b\u00f6rjan kl 18.00 \u00e4r det dags f\u00f6r v\u00e5ravslutning.<br \/>\n<strong>Samling<\/strong>: Torpadammen H\u00f6gsboh\u00f6jd. <a href=\"https:\/\/goo.gl\/maps\/325zHA3w8eCT3civ5\">https:\/\/goo.gl\/maps\/325zHA3w8eCT3civ5<\/a><br \/>\nDet blir en orienteringsaktivitet s\u00e5 kom kl\u00e4dd f\u00f6r orientering. Ta med Sportident-pinne om du har.<\/p>\n<p>N\u00e4r ni kommer kommer tillbaks fr\u00e5n skogen st\u00e5r grillen och v\u00e4ntar p\u00e5 er.<\/p>\n<p><strong>Anm\u00e4lan<\/strong><br \/>\nAnm\u00e4l senast 1 juni till <a href=\"mailto:avslutning@ifmarinvast.se\">avslutning@ifmarinvast.se<\/a>, vi kommer f\u00f6rbereda lag s\u00e5 anm\u00e4lan \u00e4r bindande. P\u00e5 grillningen bjuder vi p\u00e5 korv, meddela i anm\u00e4lan om du vill ha vegetariskt alternativ.<\/p>\n<p><strong>Parkeringsm\u00f6jlighet<\/strong>: fri parkering i fyra timmar p\u00e5 Fyrktorget (vid Hemk\u00f6p)<\/p>\n","protected":false},"excerpt":{"rendered":"<p>Torsdag den 8 juni med b\u00f6rjan kl 18.00 \u00e4r det dags f\u00f6r v\u00e5ravslutning. Samling: Torpadammen H\u00f6gsboh\u00f6jd. https:\/\/goo.gl\/maps\/325zHA3w8eCT3civ5 Det blir en orienteringsaktivitet s\u00e5 kom kl\u00e4dd f\u00f6r orientering. Ta med Sportident-pinne om [&hellip;]<\/p>\n","protected":false},"author":4,"featured_media":0,"template":"","meta":{"_tribe_events_status":"","_tribe_events_status_reason":"","footnotes":""},"tags":[],"tribe_events_cat":[],"class_list":["post-6784","tribe_events","type-tribe_events","status-publish","hentry"],"_links":{"self":[{"href":"https:\/\/www.ifmarinvast.se\/orientering\/wp-json\/wp\/v2\/tribe_events\/6784","targetHints":{"allow":["GET"]}}],"collection":[{"href":"https:\/\/www.ifmarinvast.se\/orientering\/wp-json\/wp\/v2\/tribe_events"}],"about":[{"href":"https:\/\/www.ifmarinvast.se\/orientering\/wp-json\/wp\/v2\/types\/tribe_events"}],"author":[{"embeddable":true,"href":"https:\/\/www.ifmarinvast.se\/orientering\/wp-json\/wp\/v2\/users\/4"}],"version-history":[{"count":6,"href":"https:\/\/www.ifmarinvast.se\/orientering\/wp-json\/wp\/v2\/tribe_events\/6784\/revisions"}],"predecessor-version":[{"id":6858,"href":"https:\/\/www.ifmarinvast.se\/orientering\/wp-json\/wp\/v2\/tribe_events\/6784\/revisions\/6858"}],"wp:attachment":[{"href":"https:\/\/www.ifmarinvast.se\/orientering\/wp-json\/wp\/v2\/media?parent=6784"}],"wp:term":[{"taxonomy":"post_tag","embeddable":true,"href":"https:\/\/www.ifmarinvast.se\/orientering\/wp-json\/wp\/v2\/tags?post=6784"},{"taxonomy":"tribe_events_cat","embeddable":true,"href":"https:\/\/www.ifmarinvast.se\/orientering\/wp-json\/wp\/v2\/tribe_events_cat?post=6784"}],"curies":[{"name":"wp","href":"https:\/\/api.w.org\/{rel}","templated":true}]}}

Våravslutning Torpadammen Högsbohöjd

<p>Torsdag den 8 juni med början kl 18.00 är det dags för våravslutning.<br />
<strong>Samling</strong>: Torpadammen Högsbohöjd. <a href="https://goo.gl/maps/325zHA3w8eCT3civ5">https://goo.gl/maps/325zHA3w8eCT3civ5</a><br />
Det blir en orienteringsaktivitet så kom klädd för orientering. Ta med Sportident-pinne om du har.</p>
<p>När ni kommer kommer tillbaks från skogen står grillen och väntar på er.</p>
<p><strong>Anmälan</strong><br />
Anmäl senast 1 juni till <a href="mailto:avslutning@ifmarinvast.se">avslutning@ifmarinvast.se</a>, vi kommer förbereda lag så anmälan är bindande. På grillningen bjuder vi på korv, meddela i anmälan om du vill ha vegetariskt alternativ.</p>
<p><strong>Parkeringsmöjlighet</strong>: fri parkering i fyra timmar på Fyrktorget (vid Hemköp)</p>

<p>Torsdag den 8 juni med början kl 18.00 är det dags för våravslutning. Samling: Torpadammen Högsbohöjd. https://goo.gl/maps/325zHA3w8eCT3civ5 Det blir en orienteringsaktivitet så kom klädd för orientering. Ta med Sportident-pinne om [&hellip;]</p>
