{"id":6782,"date":"2023-04-16T14:46:06","date_gmt":"2023-04-16T12:46:06","guid":{"rendered":"http:\/\/www.ifmarinvast.se\/orientering\/?post_type=tribe_events&#038;p=6782"},"modified":"2023-05-28T14:41:55","modified_gmt":"2023-05-28T12:41:55","slug":"tisdagstraning-67","status":"publish","type":"tribe_events","link":"https:\/\/www.ifmarinvast.se\/orientering\/kalender\/tisdagstraning-67\/","title":{"rendered":"Tisdagstr\u00e4ning i Ruddalen"},"content":{"rendered":"<p><b data-removefontsize=\"true\" data-originalcomputedfontsize=\"16\">Samling<\/b>: <span dir=\"ltr\" role=\"presentation\" data-removefontsize=\"true\" data-originalcomputedfontsize=\"16\">Gr\u00e4splanen s\u00f6der om skrinnarhallen, v\u00e4ster om det l\u00e5nga huset <a href=\"https:\/\/www.google.com\/maps\/search\/Musikv%C3%A4gen+2-46?entry=gmail&amp;source=g\" data-saferedirecturl=\"https:\/\/www.google.com\/url?q=https:\/\/www.google.com\/maps\/search\/Musikv%25C3%25A4gen%2B2-46?entry%3Dgmail%26source%3Dg&amp;source=gmail&amp;ust=1685363973901000&amp;usg=AOvVaw3jnU1l8-Hd6P61YLyBrpez\" data-removefontsize=\"true\" data-originalcomputedfontsize=\"16\">Musikv\u00e4gen 2-46<\/a><\/span><\/p>\n<div><span dir=\"ltr\" data-removefontsize=\"true\" data-originalcomputedfontsize=\"16\">Google Maps: <a href=\"https:\/\/goo.gl\/maps\/JZMwnxkV9UmKAVLr9\" target=\"_blank\" rel=\"noopener\" data-saferedirecturl=\"https:\/\/www.google.com\/url?q=https:\/\/goo.gl\/maps\/JZMwnxkV9UmKAVLr9&amp;source=gmail&amp;ust=1685363973901000&amp;usg=AOvVaw0VtVYw5r6NXRQFGHGRqfZX\" data-removefontsize=\"true\" data-originalcomputedfontsize=\"16\">https:\/\/goo.gl\/maps\/<wbr \/>JZMwnxkV9UmKAVLr9<\/a><\/span><\/div>\n<div data-removefontsize=\"true\" data-originalcomputedfontsize=\"16\"><b data-removefontsize=\"true\" data-originalcomputedfontsize=\"16\">OBS gemensam start ca 18.10. <\/b>Samling: Vuxna: 18.00, Barn &amp; ungdom: 17.45<\/div>\n<div data-removefontsize=\"true\" data-originalcomputedfontsize=\"16\">\n<b data-removefontsize=\"true\" data-originalcomputedfontsize=\"16\">Ansvariga<\/b>: Erik och Lena<\/div>\n<div><\/div>\n<div><span dir=\"ltr\" role=\"presentation\"><b data-removefontsize=\"true\" data-originalcomputedfontsize=\"16\">Tema:<\/b><\/span> <span dir=\"ltr\" role=\"presentation\" data-removefontsize=\"true\" data-originalcomputedfontsize=\"16\">Stafett d\u00e4r man \u00e4r sitt eget lag genom att man v\u00e4xlar till sig sj\u00e4lv vid varvning.<\/span><span dir=\"ltr\" role=\"presentation\" data-removefontsize=\"true\" data-originalcomputedfontsize=\"16\"> Gemensam start f\u00f6r alla l\u00f6pare.<\/span><br role=\"presentation\" \/><span dir=\"ltr\" role=\"presentation\" data-removefontsize=\"true\" data-originalcomputedfontsize=\"16\">3 slingor med kartbyte\/\u201dv\u00e4xling\u201d mellan varje slinga. Viss m\u00f6jlighet att byta<\/span><span dir=\"ltr\" role=\"presentation\" data-removefontsize=\"true\" data-originalcomputedfontsize=\"16\"> sv\u00e5righetsniv\u00e5 vid varvning, beroende p\u00e5 hur m\u00e5nga kartor som finns kvar.<\/span><br role=\"presentation\" \/><span dir=\"ltr\" role=\"presentation\" data-removefontsize=\"true\" data-originalcomputedfontsize=\"16\">Gul<\/span> <span dir=\"ltr\" role=\"presentation\" data-removefontsize=\"true\" data-originalcomputedfontsize=\"16\">1,5 km<\/span><br role=\"presentation\" \/><span dir=\"ltr\" role=\"presentation\" data-removefontsize=\"true\" data-originalcomputedfontsize=\"16\">Orange<\/span> <span dir=\"ltr\" role=\"presentation\" data-removefontsize=\"true\" data-originalcomputedfontsize=\"16\">2,6 km<\/span><br role=\"presentation\" \/><span dir=\"ltr\" role=\"presentation\" data-removefontsize=\"true\" data-originalcomputedfontsize=\"16\">Bl\u00e5<\/span> <span dir=\"ltr\" role=\"presentation\" data-removefontsize=\"true\" data-originalcomputedfontsize=\"16\">3,6 km, viss gaffling<\/span><\/div>\n<div><\/div>\n<div><b data-removefontsize=\"true\" data-originalcomputedfontsize=\"16\">Eventor:<\/b> <a href=\"https:\/\/eventor.orientering.se\/Events\/Show\/45818\" target=\"_blank\" rel=\"noopener\" data-saferedirecturl=\"https:\/\/www.google.com\/url?q=https:\/\/eventor.orientering.se\/Events\/Show\/45818&amp;source=gmail&amp;ust=1685363973901000&amp;usg=AOvVaw3779hJ3uRrQ5kyutx9mMoS\" data-removefontsize=\"true\" data-originalcomputedfontsize=\"16\">https:\/\/eventor.orientering.<wbr \/>se\/Events\/Show\/45818<\/a><\/div>\n","protected":false},"excerpt":{"rendered":"<p>Samling: Gr\u00e4splanen s\u00f6der om skrinnarhallen, v\u00e4ster om det l\u00e5nga huset Musikv\u00e4gen 2-46 Google Maps: https:\/\/goo.gl\/maps\/JZMwnxkV9UmKAVLr9 OBS gemensam start ca 18.10. Samling: Vuxna: 18.00, Barn &amp; ungdom: 17.45 Ansvariga: Erik och [&hellip;]<\/p>\n","protected":false},"author":4,"featured_media":0,"template":"","meta":{"_tribe_events_status":"","_tribe_events_status_reason":"","footnotes":""},"tags":[],"tribe_events_cat":[],"class_list":["post-6782","tribe_events","type-tribe_events","status-publish","hentry"],"_links":{"self":[{"href":"https:\/\/www.ifmarinvast.se\/orientering\/wp-json\/wp\/v2\/tribe_events\/6782","targetHints":{"allow":["GET"]}}],"collection":[{"href":"https:\/\/www.ifmarinvast.se\/orientering\/wp-json\/wp\/v2\/tribe_events"}],"about":[{"href":"https:\/\/www.ifmarinvast.se\/orientering\/wp-json\/wp\/v2\/types\/tribe_events"}],"author":[{"embeddable":true,"href":"https:\/\/www.ifmarinvast.se\/orientering\/wp-json\/wp\/v2\/users\/4"}],"version-history":[{"count":2,"href":"https:\/\/www.ifmarinvast.se\/orientering\/wp-json\/wp\/v2\/tribe_events\/6782\/revisions"}],"predecessor-version":[{"id":6859,"href":"https:\/\/www.ifmarinvast.se\/orientering\/wp-json\/wp\/v2\/tribe_events\/6782\/revisions\/6859"}],"wp:attachment":[{"href":"https:\/\/www.ifmarinvast.se\/orientering\/wp-json\/wp\/v2\/media?parent=6782"}],"wp:term":[{"taxonomy":"post_tag","embeddable":true,"href":"https:\/\/www.ifmarinvast.se\/orientering\/wp-json\/wp\/v2\/tags?post=6782"},{"taxonomy":"tribe_events_cat","embeddable":true,"href":"https:\/\/www.ifmarinvast.se\/orientering\/wp-json\/wp\/v2\/tribe_events_cat?post=6782"}],"curies":[{"name":"wp","href":"https:\/\/api.w.org\/{rel}","templated":true}]}}

Tisdagsträning i Ruddalen

<p><b data-removefontsize="true" data-originalcomputedfontsize="16">Samling</b>: <span dir="ltr" role="presentation" data-removefontsize="true" data-originalcomputedfontsize="16">Gräsplanen söder om skrinnarhallen, väster om det långa huset <a href="https://www.google.com/maps/search/Musikv%C3%A4gen+2-46?entry=gmail&amp;source=g" data-saferedirecturl="https://www.google.com/url?q=https://www.google.com/maps/search/Musikv%25C3%25A4gen%2B2-46?entry%3Dgmail%26source%3Dg&amp;source=gmail&amp;ust=1685363973901000&amp;usg=AOvVaw3jnU1l8-Hd6P61YLyBrpez" data-removefontsize="true" data-originalcomputedfontsize="16">Musikvägen 2-46</a></span></p>
<div><span dir="ltr" data-removefontsize="true" data-originalcomputedfontsize="16">Google Maps: <a href="https://goo.gl/maps/JZMwnxkV9UmKAVLr9" target="_blank" rel="noopener" data-saferedirecturl="https://www.google.com/url?q=https://goo.gl/maps/JZMwnxkV9UmKAVLr9&amp;source=gmail&amp;ust=1685363973901000&amp;usg=AOvVaw0VtVYw5r6NXRQFGHGRqfZX" data-removefontsize="true" data-originalcomputedfontsize="16">https://goo.gl/maps/<wbr />JZMwnxkV9UmKAVLr9</a></span></div>
<div data-removefontsize="true" data-originalcomputedfontsize="16"><b data-removefontsize="true" data-originalcomputedfontsize="16">OBS gemensam start ca 18.10. </b>Samling: Vuxna: 18.00, Barn &amp; ungdom: 17.45</div>
<div data-removefontsize="true" data-originalcomputedfontsize="16">
<b data-removefontsize="true" data-originalcomputedfontsize="16">Ansvariga</b>: Erik och Lena</div>
<div></div>
<div><span dir="ltr" role="presentation"><b data-removefontsize="true" data-originalcomputedfontsize="16">Tema:</b></span> <span dir="ltr" role="presentation" data-removefontsize="true" data-originalcomputedfontsize="16">Stafett där man är sitt eget lag genom att man växlar till sig själv vid varvning.</span><span dir="ltr" role="presentation" data-removefontsize="true" data-originalcomputedfontsize="16"> Gemensam start för alla löpare.</span><br role="presentation" /><span dir="ltr" role="presentation" data-removefontsize="true" data-originalcomputedfontsize="16">3 slingor med kartbyte/”växling” mellan varje slinga. Viss möjlighet att byta</span><span dir="ltr" role="presentation" data-removefontsize="true" data-originalcomputedfontsize="16"> svårighetsnivå vid varvning, beroende på hur många kartor som finns kvar.</span><br role="presentation" /><span dir="ltr" role="presentation" data-removefontsize="true" data-originalcomputedfontsize="16">Gul</span> <span dir="ltr" role="presentation" data-removefontsize="true" data-originalcomputedfontsize="16">1,5 km</span><br role="presentation" /><span dir="ltr" role="presentation" data-removefontsize="true" data-originalcomputedfontsize="16">Orange</span> <span dir="ltr" role="presentation" data-removefontsize="true" data-originalcomputedfontsize="16">2,6 km</span><br role="presentation" /><span dir="ltr" role="presentation" data-removefontsize="true" data-originalcomputedfontsize="16">Blå</span> <span dir="ltr" role="presentation" data-removefontsize="true" data-originalcomputedfontsize="16">3,6 km, viss gaffling</span></div>
<div></div>
<div><b data-removefontsize="true" data-originalcomputedfontsize="16">Eventor:</b> <a href="https://eventor.orientering.se/Events/Show/45818" target="_blank" rel="noopener" data-saferedirecturl="https://www.google.com/url?q=https://eventor.orientering.se/Events/Show/45818&amp;source=gmail&amp;ust=1685363973901000&amp;usg=AOvVaw3779hJ3uRrQ5kyutx9mMoS" data-removefontsize="true" data-originalcomputedfontsize="16">https://eventor.orientering.<wbr />se/Events/Show/45818</a></div>

<p>Samling: Gräsplanen söder om skrinnarhallen, väster om det långa huset Musikvägen 2-46 Google Maps: https://goo.gl/maps/JZMwnxkV9UmKAVLr9 OBS gemensam start ca 18.10. Samling: Vuxna: 18.00, Barn &amp; ungdom: 17.45 Ansvariga: Erik och [&hellip;]</p>
