{"id":6728,"date":"2023-02-20T17:26:19","date_gmt":"2023-02-20T16:26:19","guid":{"rendered":"http:\/\/www.ifmarinvast.se\/orientering\/?post_type=tribe_events&#038;p=6728"},"modified":"2023-02-20T17:26:19","modified_gmt":"2023-02-20T16:26:19","slug":"innetraning-i-bjorkasskolan-5","status":"publish","type":"tribe_events","link":"https:\/\/www.ifmarinvast.se\/orientering\/kalender\/innetraning-i-bjorkasskolan-5\/","title":{"rendered":"Innetr\u00e4ning i Bj\u00f6rk\u00e5sskolan"},"content":{"rendered":"<p>Vi h\u00e5ller nu till i Bj\u00f6rk\u00e5sskolans gymnastiksal.<\/p>\n<p>Bj\u00f6rk\u00e5sskolan ligger p\u00e5 Jordledningsgatan 3 i J\u00e4rnbrott.<br \/>\nL\u00e4nkt till karta:\u00a0<a href=\"https:\/\/goo.gl\/maps\/yv4KHmWWH3WSfiU9A\">https:\/\/goo.gl\/maps\/<wbr \/>yv4KHmWWH3WSfiU9A<\/a><\/p>\n<p>Omkl\u00e4dningsrummen och hallen \u00f6ppnar 18:00 och vi h\u00e5ller p\u00e5 till ca 19:30. Det blir stationsgympa och innebandy och alla kan vara med. Kom och h\u00e5ll ig\u00e5ng konditionen hela vintern!<\/p>\n","protected":false},"excerpt":{"rendered":"<p>Vi h\u00e5ller nu till i Bj\u00f6rk\u00e5sskolans gymnastiksal. Bj\u00f6rk\u00e5sskolan ligger p\u00e5 Jordledningsgatan 3 i J\u00e4rnbrott. L\u00e4nkt till karta:\u00a0https:\/\/goo.gl\/maps\/yv4KHmWWH3WSfiU9A Omkl\u00e4dningsrummen och hallen \u00f6ppnar 18:00 och vi h\u00e5ller p\u00e5 till ca 19:30. Det [&hellip;]<\/p>\n","protected":false},"author":4,"featured_media":0,"template":"","meta":{"_tribe_events_status":"","_tribe_events_status_reason":"","footnotes":""},"tags":[],"tribe_events_cat":[],"class_list":["post-6728","tribe_events","type-tribe_events","status-publish","hentry"],"_links":{"self":[{"href":"https:\/\/www.ifmarinvast.se\/orientering\/wp-json\/wp\/v2\/tribe_events\/6728","targetHints":{"allow":["GET"]}}],"collection":[{"href":"https:\/\/www.ifmarinvast.se\/orientering\/wp-json\/wp\/v2\/tribe_events"}],"about":[{"href":"https:\/\/www.ifmarinvast.se\/orientering\/wp-json\/wp\/v2\/types\/tribe_events"}],"author":[{"embeddable":true,"href":"https:\/\/www.ifmarinvast.se\/orientering\/wp-json\/wp\/v2\/users\/4"}],"version-history":[{"count":1,"href":"https:\/\/www.ifmarinvast.se\/orientering\/wp-json\/wp\/v2\/tribe_events\/6728\/revisions"}],"predecessor-version":[{"id":6729,"href":"https:\/\/www.ifmarinvast.se\/orientering\/wp-json\/wp\/v2\/tribe_events\/6728\/revisions\/6729"}],"wp:attachment":[{"href":"https:\/\/www.ifmarinvast.se\/orientering\/wp-json\/wp\/v2\/media?parent=6728"}],"wp:term":[{"taxonomy":"post_tag","embeddable":true,"href":"https:\/\/www.ifmarinvast.se\/orientering\/wp-json\/wp\/v2\/tags?post=6728"},{"taxonomy":"tribe_events_cat","embeddable":true,"href":"https:\/\/www.ifmarinvast.se\/orientering\/wp-json\/wp\/v2\/tribe_events_cat?post=6728"}],"curies":[{"name":"wp","href":"https:\/\/api.w.org\/{rel}","templated":true}]}}

Inneträning i Björkåsskolan

<p>Vi håller nu till i Björkåsskolans gymnastiksal.</p>
<p>Björkåsskolan ligger på Jordledningsgatan 3 i Järnbrott.<br />
Länkt till karta: <a href="https://goo.gl/maps/yv4KHmWWH3WSfiU9A">https://goo.gl/maps/<wbr />yv4KHmWWH3WSfiU9A</a></p>
<p>Omklädningsrummen och hallen öppnar 18:00 och vi håller på till ca 19:30. Det blir stationsgympa och innebandy och alla kan vara med. Kom och håll igång konditionen hela vintern!</p>

<p>Vi håller nu till i Björkåsskolans gymnastiksal. Björkåsskolan ligger på Jordledningsgatan 3 i Järnbrott. Länkt till karta: https://goo.gl/maps/yv4KHmWWH3WSfiU9A Omklädningsrummen och hallen öppnar 18:00 och vi håller på till ca 19:30. Det [&hellip;]</p>
