{"id":6683,"date":"2022-10-30T16:03:40","date_gmt":"2022-10-30T15:03:40","guid":{"rendered":"http:\/\/www.ifmarinvast.se\/orientering\/?post_type=tribe_events&#038;p=6683"},"modified":"2022-10-30T16:09:59","modified_gmt":"2022-10-30T15:09:59","slug":"innetraning-i-bjorkasskolan-gymnastiksal-7","status":"publish","type":"tribe_events","link":"https:\/\/www.ifmarinvast.se\/orientering\/kalender\/innetraning-i-bjorkasskolan-gymnastiksal-7\/","title":{"rendered":"Innetr\u00e4ning i Bj\u00f6rk\u00e5sskolans gymnastiksal"},"content":{"rendered":"<p>Det \u00e4r ny lokal f\u00f6r h\u00f6stens innetr\u00e4ningar, vi h\u00e5ller nu till i Bj\u00f6rk\u00e5sskolans gymnastiksal.<\/p>\n<p>Bj\u00f6rk\u00e5sskolan ligger p\u00e5 Jordledningsgatan 3 i J\u00e4rnbrott.<br \/>\nL\u00e4nkt till karta: <a href=\"https:\/\/goo.gl\/maps\/yv4KHmWWH3WSfiU9A\">https:\/\/goo.gl\/maps\/<wbr \/>yv4KHmWWH3WSfiU9A<\/a><\/p>\n<p>Omkl\u00e4dningsrummen och hallen \u00f6ppnar 18:00 och vi h\u00e5ller p\u00e5 till ca 19:30. Det blir stationsgympa och innebandy och alla kan vara med. Kom och h\u00e5ll ig\u00e5ng konditionen hela vintern!<\/p>\n","protected":false},"excerpt":{"rendered":"<p>Det \u00e4r ny lokal f\u00f6r h\u00f6stens innetr\u00e4ningar, vi h\u00e5ller nu till i Bj\u00f6rk\u00e5sskolans gymnastiksal. Bj\u00f6rk\u00e5sskolan ligger p\u00e5 Jordledningsgatan 3 i J\u00e4rnbrott. L\u00e4nkt till karta: https:\/\/goo.gl\/maps\/yv4KHmWWH3WSfiU9A Omkl\u00e4dningsrummen och hallen \u00f6ppnar 18:00 [&hellip;]<\/p>\n","protected":false},"author":4,"featured_media":0,"template":"","meta":{"_tribe_events_status":"","_tribe_events_status_reason":"","footnotes":""},"tags":[],"tribe_events_cat":[],"class_list":["post-6683","tribe_events","type-tribe_events","status-publish","hentry"],"_links":{"self":[{"href":"https:\/\/www.ifmarinvast.se\/orientering\/wp-json\/wp\/v2\/tribe_events\/6683","targetHints":{"allow":["GET"]}}],"collection":[{"href":"https:\/\/www.ifmarinvast.se\/orientering\/wp-json\/wp\/v2\/tribe_events"}],"about":[{"href":"https:\/\/www.ifmarinvast.se\/orientering\/wp-json\/wp\/v2\/types\/tribe_events"}],"author":[{"embeddable":true,"href":"https:\/\/www.ifmarinvast.se\/orientering\/wp-json\/wp\/v2\/users\/4"}],"version-history":[{"count":2,"href":"https:\/\/www.ifmarinvast.se\/orientering\/wp-json\/wp\/v2\/tribe_events\/6683\/revisions"}],"predecessor-version":[{"id":6691,"href":"https:\/\/www.ifmarinvast.se\/orientering\/wp-json\/wp\/v2\/tribe_events\/6683\/revisions\/6691"}],"wp:attachment":[{"href":"https:\/\/www.ifmarinvast.se\/orientering\/wp-json\/wp\/v2\/media?parent=6683"}],"wp:term":[{"taxonomy":"post_tag","embeddable":true,"href":"https:\/\/www.ifmarinvast.se\/orientering\/wp-json\/wp\/v2\/tags?post=6683"},{"taxonomy":"tribe_events_cat","embeddable":true,"href":"https:\/\/www.ifmarinvast.se\/orientering\/wp-json\/wp\/v2\/tribe_events_cat?post=6683"}],"curies":[{"name":"wp","href":"https:\/\/api.w.org\/{rel}","templated":true}]}}

Inneträning i Björkåsskolans gymnastiksal

<p>Det är ny lokal för höstens inneträningar, vi håller nu till i Björkåsskolans gymnastiksal.</p>
<p>Björkåsskolan ligger på Jordledningsgatan 3 i Järnbrott.<br />
Länkt till karta: <a href="https://goo.gl/maps/yv4KHmWWH3WSfiU9A">https://goo.gl/maps/<wbr />yv4KHmWWH3WSfiU9A</a></p>
<p>Omklädningsrummen och hallen öppnar 18:00 och vi håller på till ca 19:30. Det blir stationsgympa och innebandy och alla kan vara med. Kom och håll igång konditionen hela vintern!</p>

<p>Det är ny lokal för höstens inneträningar, vi håller nu till i Björkåsskolans gymnastiksal. Björkåsskolan ligger på Jordledningsgatan 3 i Järnbrott. Länkt till karta: https://goo.gl/maps/yv4KHmWWH3WSfiU9A Omklädningsrummen och hallen öppnar 18:00 [&hellip;]</p>
