{"id":6614,"date":"2022-08-14T14:01:41","date_gmt":"2022-08-14T12:01:41","guid":{"rendered":"http:\/\/www.ifmarinvast.se\/orientering\/?post_type=tribe_events&#038;p=6614"},"modified":"2022-10-17T08:07:13","modified_gmt":"2022-10-17T06:07:13","slug":"tisdagstraning-i-pavelund-10","status":"publish","type":"tribe_events","link":"https:\/\/www.ifmarinvast.se\/orientering\/kalender\/tisdagstraning-i-pavelund-10\/","title":{"rendered":"Tisdagstr\u00e4ning i P\u00e5velund, Natt-OL"},"content":{"rendered":"<p style=\"font-weight: 400;\">Tisdagarna 18 och 25 oktober provar vi nattorientering med pannlampa i P\u00e5velundsterr\u00e4ngen.<\/p>\n<p style=\"font-weight: 400;\">Samling \u00a018.00 i Guns och G\u00f6stas garage L\u00e4gatan 16B (vid Lerh\u00e5lan) f\u00f6r utprovning av l\u00e5nelampor. Har du egen pannlampa s\u00e5 ta med den!<\/p>\n<p><strong>Uppv\u00e4rmning barn\/ungdom<\/strong> startar 17.45.<\/p>\n<p style=\"font-weight: 400;\">Den 18:e blir det linjeorientering och den 25:e banor med kontroller. En bl\u00e5 respektive en gul bana vid varje tillf\u00e4lle.<\/p>\n<p style=\"font-weight: 400;\">Du kan springa sj\u00e4lv eller i patrull.<\/p>\n<p>G\u00f6sta<\/p>\n","protected":false},"excerpt":{"rendered":"<p>Tisdagarna 18 och 25 oktober provar vi nattorientering med pannlampa i P\u00e5velundsterr\u00e4ngen. Samling \u00a018.00 i Guns och G\u00f6stas garage L\u00e4gatan 16B (vid Lerh\u00e5lan) f\u00f6r utprovning av l\u00e5nelampor. Har du egen [&hellip;]<\/p>\n","protected":false},"author":4,"featured_media":0,"template":"","meta":{"_tribe_events_status":"","_tribe_events_status_reason":"","footnotes":""},"tags":[],"tribe_events_cat":[],"class_list":["post-6614","tribe_events","type-tribe_events","status-publish","hentry"],"_links":{"self":[{"href":"https:\/\/www.ifmarinvast.se\/orientering\/wp-json\/wp\/v2\/tribe_events\/6614","targetHints":{"allow":["GET"]}}],"collection":[{"href":"https:\/\/www.ifmarinvast.se\/orientering\/wp-json\/wp\/v2\/tribe_events"}],"about":[{"href":"https:\/\/www.ifmarinvast.se\/orientering\/wp-json\/wp\/v2\/types\/tribe_events"}],"author":[{"embeddable":true,"href":"https:\/\/www.ifmarinvast.se\/orientering\/wp-json\/wp\/v2\/users\/4"}],"version-history":[{"count":4,"href":"https:\/\/www.ifmarinvast.se\/orientering\/wp-json\/wp\/v2\/tribe_events\/6614\/revisions"}],"predecessor-version":[{"id":6669,"href":"https:\/\/www.ifmarinvast.se\/orientering\/wp-json\/wp\/v2\/tribe_events\/6614\/revisions\/6669"}],"wp:attachment":[{"href":"https:\/\/www.ifmarinvast.se\/orientering\/wp-json\/wp\/v2\/media?parent=6614"}],"wp:term":[{"taxonomy":"post_tag","embeddable":true,"href":"https:\/\/www.ifmarinvast.se\/orientering\/wp-json\/wp\/v2\/tags?post=6614"},{"taxonomy":"tribe_events_cat","embeddable":true,"href":"https:\/\/www.ifmarinvast.se\/orientering\/wp-json\/wp\/v2\/tribe_events_cat?post=6614"}],"curies":[{"name":"wp","href":"https:\/\/api.w.org\/{rel}","templated":true}]}}

Tisdagsträning i Påvelund, Natt-OL

<p style="font-weight: 400;">Tisdagarna 18 och 25 oktober provar vi nattorientering med pannlampa i Påvelundsterrängen.</p>
<p style="font-weight: 400;">Samling  18.00 i Guns och Göstas garage Lägatan 16B (vid Lerhålan) för utprovning av lånelampor. Har du egen pannlampa så ta med den!</p>
<p><strong>Uppvärmning barn/ungdom</strong> startar 17.45.</p>
<p style="font-weight: 400;">Den 18:e blir det linjeorientering och den 25:e banor med kontroller. En blå respektive en gul bana vid varje tillfälle.</p>
<p style="font-weight: 400;">Du kan springa själv eller i patrull.</p>
<p>Gösta</p>

<p>Tisdagarna 18 och 25 oktober provar vi nattorientering med pannlampa i Påvelundsterrängen. Samling  18.00 i Guns och Göstas garage Lägatan 16B (vid Lerhålan) för utprovning av lånelampor. Har du egen [&hellip;]</p>
