{"id":6612,"date":"2022-08-14T13:58:51","date_gmt":"2022-08-14T11:58:51","guid":{"rendered":"http:\/\/www.ifmarinvast.se\/orientering\/?post_type=tribe_events&#038;p=6612"},"modified":"2022-08-14T13:58:51","modified_gmt":"2022-08-14T11:58:51","slug":"delsjomedeln-2","status":"publish","type":"tribe_events","link":"https:\/\/www.ifmarinvast.se\/orientering\/kalender\/delsjomedeln-2\/","title":{"rendered":"Delsj\u00f6medeln"},"content":{"rendered":"<p>Delsj\u00f6medeln IFK G\u00f6teborg Orientering<\/p>\n<p><a href=\"https:\/\/eventor.orientering.se\/Events\/Show\/34780\">https:\/\/eventor.orientering.se\/Events\/Show\/34780<\/a><\/p>\n","protected":false},"excerpt":{"rendered":"<p>Delsj\u00f6medeln IFK G\u00f6teborg Orientering https:\/\/eventor.orientering.se\/Events\/Show\/34780<\/p>\n","protected":false},"author":4,"featured_media":0,"template":"","meta":{"_tribe_events_status":"","_tribe_events_status_reason":"","footnotes":""},"tags":[],"tribe_events_cat":[],"class_list":["post-6612","tribe_events","type-tribe_events","status-publish","hentry"],"_links":{"self":[{"href":"https:\/\/www.ifmarinvast.se\/orientering\/wp-json\/wp\/v2\/tribe_events\/6612","targetHints":{"allow":["GET"]}}],"collection":[{"href":"https:\/\/www.ifmarinvast.se\/orientering\/wp-json\/wp\/v2\/tribe_events"}],"about":[{"href":"https:\/\/www.ifmarinvast.se\/orientering\/wp-json\/wp\/v2\/types\/tribe_events"}],"author":[{"embeddable":true,"href":"https:\/\/www.ifmarinvast.se\/orientering\/wp-json\/wp\/v2\/users\/4"}],"version-history":[{"count":1,"href":"https:\/\/www.ifmarinvast.se\/orientering\/wp-json\/wp\/v2\/tribe_events\/6612\/revisions"}],"predecessor-version":[{"id":6613,"href":"https:\/\/www.ifmarinvast.se\/orientering\/wp-json\/wp\/v2\/tribe_events\/6612\/revisions\/6613"}],"wp:attachment":[{"href":"https:\/\/www.ifmarinvast.se\/orientering\/wp-json\/wp\/v2\/media?parent=6612"}],"wp:term":[{"taxonomy":"post_tag","embeddable":true,"href":"https:\/\/www.ifmarinvast.se\/orientering\/wp-json\/wp\/v2\/tags?post=6612"},{"taxonomy":"tribe_events_cat","embeddable":true,"href":"https:\/\/www.ifmarinvast.se\/orientering\/wp-json\/wp\/v2\/tribe_events_cat?post=6612"}],"curies":[{"name":"wp","href":"https:\/\/api.w.org\/{rel}","templated":true}]}}

Delsjömedeln

<p>Delsjömedeln IFK Göteborg Orientering</p>
<p><a href="https://eventor.orientering.se/Events/Show/34780">https://eventor.orientering.se/Events/Show/34780</a></p>

<p>Delsjömedeln IFK Göteborg Orientering https://eventor.orientering.se/Events/Show/34780</p>
