{"id":6607,"date":"2022-08-14T13:55:13","date_gmt":"2022-08-14T11:55:13","guid":{"rendered":"http:\/\/www.ifmarinvast.se\/orientering\/?post_type=tribe_events&#038;p=6607"},"modified":"2022-08-14T13:55:13","modified_gmt":"2022-08-14T11:55:13","slug":"dm-natt-goteborg-2","status":"publish","type":"tribe_events","link":"https:\/\/www.ifmarinvast.se\/orientering\/kalender\/dm-natt-goteborg-2\/","title":{"rendered":"DM, natt, G\u00f6teborg"},"content":{"rendered":"<p>DM, natt, G\u00f6teborg G\u00f6teborgs SK IF Marin V\u00e4st<\/p>\n<p><a href=\"https:\/\/eventor.orientering.se\/Events\/Show\/36160\">https:\/\/eventor.orientering.se\/Events\/Show\/36160<\/a><\/p>\n","protected":false},"excerpt":{"rendered":"<p>DM, natt, G\u00f6teborg G\u00f6teborgs SK IF Marin V\u00e4st https:\/\/eventor.orientering.se\/Events\/Show\/36160<\/p>\n","protected":false},"author":4,"featured_media":0,"template":"","meta":{"_tribe_events_status":"","_tribe_events_status_reason":"","footnotes":""},"tags":[],"tribe_events_cat":[],"class_list":["post-6607","tribe_events","type-tribe_events","status-publish","hentry"],"_links":{"self":[{"href":"https:\/\/www.ifmarinvast.se\/orientering\/wp-json\/wp\/v2\/tribe_events\/6607","targetHints":{"allow":["GET"]}}],"collection":[{"href":"https:\/\/www.ifmarinvast.se\/orientering\/wp-json\/wp\/v2\/tribe_events"}],"about":[{"href":"https:\/\/www.ifmarinvast.se\/orientering\/wp-json\/wp\/v2\/types\/tribe_events"}],"author":[{"embeddable":true,"href":"https:\/\/www.ifmarinvast.se\/orientering\/wp-json\/wp\/v2\/users\/4"}],"version-history":[{"count":1,"href":"https:\/\/www.ifmarinvast.se\/orientering\/wp-json\/wp\/v2\/tribe_events\/6607\/revisions"}],"predecessor-version":[{"id":6608,"href":"https:\/\/www.ifmarinvast.se\/orientering\/wp-json\/wp\/v2\/tribe_events\/6607\/revisions\/6608"}],"wp:attachment":[{"href":"https:\/\/www.ifmarinvast.se\/orientering\/wp-json\/wp\/v2\/media?parent=6607"}],"wp:term":[{"taxonomy":"post_tag","embeddable":true,"href":"https:\/\/www.ifmarinvast.se\/orientering\/wp-json\/wp\/v2\/tags?post=6607"},{"taxonomy":"tribe_events_cat","embeddable":true,"href":"https:\/\/www.ifmarinvast.se\/orientering\/wp-json\/wp\/v2\/tribe_events_cat?post=6607"}],"curies":[{"name":"wp","href":"https:\/\/api.w.org\/{rel}","templated":true}]}}

DM, natt, Göteborg

<p>DM, natt, Göteborg Göteborgs SK IF Marin Väst</p>
<p><a href="https://eventor.orientering.se/Events/Show/36160">https://eventor.orientering.se/Events/Show/36160</a></p>

<p>DM, natt, Göteborg Göteborgs SK IF Marin Väst https://eventor.orientering.se/Events/Show/36160</p>
