{"id":6603,"date":"2022-08-14T13:52:50","date_gmt":"2022-08-14T11:52:50","guid":{"rendered":"http:\/\/www.ifmarinvast.se\/orientering\/?post_type=tribe_events&#038;p=6603"},"modified":"2022-10-04T11:53:38","modified_gmt":"2022-10-04T09:53:38","slug":"tisdagstraning-64","status":"publish","type":"tribe_events","link":"https:\/\/www.ifmarinvast.se\/orientering\/kalender\/tisdagstraning-64\/","title":{"rendered":"Tisdagstr\u00e4ning i P\u00e5velund"},"content":{"rendered":"<p><strong>Tid<\/strong>: Kl 18.00.<\/p>\n<p><strong>Ingen<\/strong> uppv\u00e4rmning f\u00f6r barn idag 17.45.<\/p>\n<p><strong>Samling<\/strong>: Start och m\u00e5l vid P\u00e5velunds motionscenter, kartl\u00e4nk: <a href=\"https:\/\/goo.gl\/maps\/LuaJgmW4etPZwLhD9\">https:\/\/goo.gl\/maps\/LuaJgmW4etPZwLhD9<\/a><\/p>\n<p><strong>Banor<\/strong>:<br \/>\n\u2022 Gul 1,4 km<br \/>\n\u2022 Orange 2,8 km<br \/>\n\u2022 Svart 3,1 km<\/p>\n<p>Kontrollerna \u00e4r markerade med stora sk\u00e4rmar med kontrollsiffror.<br \/>\nSk\u00e4rmarna h\u00e4nger kvar till s\u00f6ndag 9 oktober 16.00 f\u00f6r den som vill v\u00e4lja egen<br \/>\ntr\u00e4ningstid.<\/p>\n<p><a href=\"https:\/\/eventor.orientering.se\/Events\/Show\/42832\">Banorna finns i Eventor att skriva ut &gt;&gt;<\/a><\/p>\n<p><a href=\"https:\/\/www.livelox.com\/Events\/Show\/84990\/\">Banorna finns p\u00e5 Livelox &gt;&gt;<\/a><\/p>\n","protected":false},"excerpt":{"rendered":"<p>Tid: Kl 18.00. Ingen uppv\u00e4rmning f\u00f6r barn idag 17.45. Samling: Start och m\u00e5l vid P\u00e5velunds motionscenter, kartl\u00e4nk: https:\/\/goo.gl\/maps\/LuaJgmW4etPZwLhD9 Banor: \u2022 Gul 1,4 km \u2022 Orange 2,8 km \u2022 Svart 3,1 [&hellip;]<\/p>\n","protected":false},"author":4,"featured_media":0,"template":"","meta":{"_tribe_events_status":"","_tribe_events_status_reason":"","footnotes":""},"tags":[],"tribe_events_cat":[],"class_list":["post-6603","tribe_events","type-tribe_events","status-publish","hentry"],"_links":{"self":[{"href":"https:\/\/www.ifmarinvast.se\/orientering\/wp-json\/wp\/v2\/tribe_events\/6603","targetHints":{"allow":["GET"]}}],"collection":[{"href":"https:\/\/www.ifmarinvast.se\/orientering\/wp-json\/wp\/v2\/tribe_events"}],"about":[{"href":"https:\/\/www.ifmarinvast.se\/orientering\/wp-json\/wp\/v2\/types\/tribe_events"}],"author":[{"embeddable":true,"href":"https:\/\/www.ifmarinvast.se\/orientering\/wp-json\/wp\/v2\/users\/4"}],"version-history":[{"count":5,"href":"https:\/\/www.ifmarinvast.se\/orientering\/wp-json\/wp\/v2\/tribe_events\/6603\/revisions"}],"predecessor-version":[{"id":6658,"href":"https:\/\/www.ifmarinvast.se\/orientering\/wp-json\/wp\/v2\/tribe_events\/6603\/revisions\/6658"}],"wp:attachment":[{"href":"https:\/\/www.ifmarinvast.se\/orientering\/wp-json\/wp\/v2\/media?parent=6603"}],"wp:term":[{"taxonomy":"post_tag","embeddable":true,"href":"https:\/\/www.ifmarinvast.se\/orientering\/wp-json\/wp\/v2\/tags?post=6603"},{"taxonomy":"tribe_events_cat","embeddable":true,"href":"https:\/\/www.ifmarinvast.se\/orientering\/wp-json\/wp\/v2\/tribe_events_cat?post=6603"}],"curies":[{"name":"wp","href":"https:\/\/api.w.org\/{rel}","templated":true}]}}

Tisdagsträning i Påvelund

<p><strong>Tid</strong>: Kl 18.00.</p>
<p><strong>Ingen</strong> uppvärmning för barn idag 17.45.</p>
<p><strong>Samling</strong>: Start och mål vid Påvelunds motionscenter, kartlänk: <a href="https://goo.gl/maps/LuaJgmW4etPZwLhD9">https://goo.gl/maps/LuaJgmW4etPZwLhD9</a></p>
<p><strong>Banor</strong>:<br />
• Gul 1,4 km<br />
• Orange 2,8 km<br />
• Svart 3,1 km</p>
<p>Kontrollerna är markerade med stora skärmar med kontrollsiffror.<br />
Skärmarna hänger kvar till söndag 9 oktober 16.00 för den som vill välja egen<br />
träningstid.</p>
<p><a href="https://eventor.orientering.se/Events/Show/42832">Banorna finns i Eventor att skriva ut &gt;&gt;</a></p>
<p><a href="https://www.livelox.com/Events/Show/84990/">Banorna finns på Livelox &gt;&gt;</a></p>

<p>Tid: Kl 18.00. Ingen uppvärmning för barn idag 17.45. Samling: Start och mål vid Påvelunds motionscenter, kartlänk: https://goo.gl/maps/LuaJgmW4etPZwLhD9 Banor: • Gul 1,4 km • Orange 2,8 km • Svart 3,1 [&hellip;]</p>
