{"id":6576,"date":"2022-08-14T13:33:32","date_gmt":"2022-08-14T11:33:32","guid":{"rendered":"http:\/\/www.ifmarinvast.se\/orientering\/?post_type=tribe_events&#038;p=6576"},"modified":"2022-08-14T13:33:32","modified_gmt":"2022-08-14T11:33:32","slug":"dm-sprintstafett-goteborg","status":"publish","type":"tribe_events","link":"https:\/\/www.ifmarinvast.se\/orientering\/kalender\/dm-sprintstafett-goteborg\/","title":{"rendered":"DM, sprintstafett, G\u00f6teborg"},"content":{"rendered":"<p>DM, sprintstafett, G\u00f6teborg Tolereds Allm\u00e4nna IK<\/p>\n<p><a href=\"https:\/\/eventor.orientering.se\/Events\/Show\/41443\">https:\/\/eventor.orientering.se\/Events\/Show\/41443<\/a><\/p>\n","protected":false},"excerpt":{"rendered":"<p>DM, sprintstafett, G\u00f6teborg Tolereds Allm\u00e4nna IK https:\/\/eventor.orientering.se\/Events\/Show\/41443<\/p>\n","protected":false},"author":4,"featured_media":0,"template":"","meta":{"_tribe_events_status":"","_tribe_events_status_reason":"","footnotes":""},"tags":[],"tribe_events_cat":[],"class_list":["post-6576","tribe_events","type-tribe_events","status-publish","hentry"],"_links":{"self":[{"href":"https:\/\/www.ifmarinvast.se\/orientering\/wp-json\/wp\/v2\/tribe_events\/6576","targetHints":{"allow":["GET"]}}],"collection":[{"href":"https:\/\/www.ifmarinvast.se\/orientering\/wp-json\/wp\/v2\/tribe_events"}],"about":[{"href":"https:\/\/www.ifmarinvast.se\/orientering\/wp-json\/wp\/v2\/types\/tribe_events"}],"author":[{"embeddable":true,"href":"https:\/\/www.ifmarinvast.se\/orientering\/wp-json\/wp\/v2\/users\/4"}],"version-history":[{"count":1,"href":"https:\/\/www.ifmarinvast.se\/orientering\/wp-json\/wp\/v2\/tribe_events\/6576\/revisions"}],"predecessor-version":[{"id":6577,"href":"https:\/\/www.ifmarinvast.se\/orientering\/wp-json\/wp\/v2\/tribe_events\/6576\/revisions\/6577"}],"wp:attachment":[{"href":"https:\/\/www.ifmarinvast.se\/orientering\/wp-json\/wp\/v2\/media?parent=6576"}],"wp:term":[{"taxonomy":"post_tag","embeddable":true,"href":"https:\/\/www.ifmarinvast.se\/orientering\/wp-json\/wp\/v2\/tags?post=6576"},{"taxonomy":"tribe_events_cat","embeddable":true,"href":"https:\/\/www.ifmarinvast.se\/orientering\/wp-json\/wp\/v2\/tribe_events_cat?post=6576"}],"curies":[{"name":"wp","href":"https:\/\/api.w.org\/{rel}","templated":true}]}}

DM, sprintstafett, Göteborg

<p>DM, sprintstafett, Göteborg Tolereds Allmänna IK</p>
<p><a href="https://eventor.orientering.se/Events/Show/41443">https://eventor.orientering.se/Events/Show/41443</a></p>

<p>DM, sprintstafett, Göteborg Tolereds Allmänna IK https://eventor.orientering.se/Events/Show/41443</p>
