{"id":6570,"date":"2022-08-14T13:27:53","date_gmt":"2022-08-14T11:27:53","guid":{"rendered":"http:\/\/www.ifmarinvast.se\/orientering\/?post_type=tribe_events&#038;p=6570"},"modified":"2022-08-14T13:29:55","modified_gmt":"2022-08-14T11:29:55","slug":"goteborg-o-meeting-etapp-2-sprint","status":"publish","type":"tribe_events","link":"https:\/\/www.ifmarinvast.se\/orientering\/kalender\/goteborg-o-meeting-etapp-2-sprint\/","title":{"rendered":"G\u00f6teborg O-meeting, etapp 2, sprint"},"content":{"rendered":"<p>G\u00f6teborg O-meeting, etapp 2, sprint Fr\u00f6lunda OL G\u00f6teborg-Majorna OK<\/p>\n<p><a href=\"https:\/\/eventor.orientering.se\/Events\/Show\/34701\"> https:\/\/eventor.orientering.se\/Events\/Show\/34701<\/a><\/p>\n","protected":false},"excerpt":{"rendered":"<p>G\u00f6teborg O-meeting, etapp 2, sprint Fr\u00f6lunda OL G\u00f6teborg-Majorna OK https:\/\/eventor.orientering.se\/Events\/Show\/34701<\/p>\n","protected":false},"author":4,"featured_media":0,"template":"","meta":{"_tribe_events_status":"","_tribe_events_status_reason":"","footnotes":""},"tags":[],"tribe_events_cat":[],"class_list":["post-6570","tribe_events","type-tribe_events","status-publish","hentry"],"_links":{"self":[{"href":"https:\/\/www.ifmarinvast.se\/orientering\/wp-json\/wp\/v2\/tribe_events\/6570","targetHints":{"allow":["GET"]}}],"collection":[{"href":"https:\/\/www.ifmarinvast.se\/orientering\/wp-json\/wp\/v2\/tribe_events"}],"about":[{"href":"https:\/\/www.ifmarinvast.se\/orientering\/wp-json\/wp\/v2\/types\/tribe_events"}],"author":[{"embeddable":true,"href":"https:\/\/www.ifmarinvast.se\/orientering\/wp-json\/wp\/v2\/users\/4"}],"version-history":[{"count":1,"href":"https:\/\/www.ifmarinvast.se\/orientering\/wp-json\/wp\/v2\/tribe_events\/6570\/revisions"}],"predecessor-version":[{"id":6571,"href":"https:\/\/www.ifmarinvast.se\/orientering\/wp-json\/wp\/v2\/tribe_events\/6570\/revisions\/6571"}],"wp:attachment":[{"href":"https:\/\/www.ifmarinvast.se\/orientering\/wp-json\/wp\/v2\/media?parent=6570"}],"wp:term":[{"taxonomy":"post_tag","embeddable":true,"href":"https:\/\/www.ifmarinvast.se\/orientering\/wp-json\/wp\/v2\/tags?post=6570"},{"taxonomy":"tribe_events_cat","embeddable":true,"href":"https:\/\/www.ifmarinvast.se\/orientering\/wp-json\/wp\/v2\/tribe_events_cat?post=6570"}],"curies":[{"name":"wp","href":"https:\/\/api.w.org\/{rel}","templated":true}]}}

Göteborg O-meeting, etapp 2, sprint

<p>Göteborg O-meeting, etapp 2, sprint Frölunda OL Göteborg-Majorna OK</p>
<p><a href="https://eventor.orientering.se/Events/Show/34701"> https://eventor.orientering.se/Events/Show/34701</a></p>

<p>Göteborg O-meeting, etapp 2, sprint Frölunda OL Göteborg-Majorna OK https://eventor.orientering.se/Events/Show/34701</p>
