{"id":6456,"date":"2022-04-16T10:47:53","date_gmt":"2022-04-16T08:47:53","guid":{"rendered":"http:\/\/www.ifmarinvast.se\/orientering\/?post_type=tribe_events&#038;p=6456"},"modified":"2022-05-30T09:23:48","modified_gmt":"2022-05-30T07:23:48","slug":"tisdagstraning-58","status":"publish","type":"tribe_events","link":"https:\/\/www.ifmarinvast.se\/orientering\/kalender\/tisdagstraning-58\/","title":{"rendered":"Tisdagstr\u00e4ning i P\u00e5velund"},"content":{"rendered":"<p><strong>Tid<\/strong>: Kl 18.00. Uppv\u00e4rmning barn\/ungdom startar 17.45<br \/>\n<b>Samling<\/b>: P\u00e5velunds motionscentral.<br \/>\nKartl\u00e4nk:\u00a0<a href=\"https:\/\/goo.gl\/maps\/TAKo4TcUWYpNdgyt6\" target=\"_blank\" rel=\"noopener\" data-saferedirecturl=\"https:\/\/www.google.com\/url?q=https:\/\/goo.gl\/maps\/TAKo4TcUWYpNdgyt6&amp;source=gmail&amp;ust=1653981692812000&amp;usg=AOvVaw12-hNv9ErbMKx4-WPlEx-Z\">https:\/\/goo.gl\/maps\/<wbr \/>TAKo4TcUWYpNdgyt6<\/a><br \/>\n<b>Tema<\/b>: Gul, orange o svarta banor.<\/p>\n<p>Tisdag fr\u00e5n kl 18.00 finns f\u00e4rdigutskrivna kartor.<br \/>\nTisdag kl 18\u201319 finns viss bemanning s\u00e5 nyb\u00f6rjare och barn kan f\u00e5 hj\u00e4lp och instruktioner.<br \/>\nKontroller \u00e4r markerade med stora sk\u00e4rmar med kontrollsiffror. Sk\u00e4rmarna h\u00e4nger kvar till s\u00f6ndag 5 juni klockan 16, f\u00f6r den som vill v\u00e4lja egen tr\u00e4ningstid.<\/p>\n<p>Banorna finns att skriva ut fr\u00e5n Eventor:<\/p>\n<div><a href=\"https:\/\/eventor.orientering.se\/Events\/Show\/41606\" target=\"_blank\" rel=\"noopener\" data-saferedirecturl=\"https:\/\/www.google.com\/url?q=https:\/\/eventor.orientering.se\/Events\/Show\/41606&amp;source=gmail&amp;ust=1653981692812000&amp;usg=AOvVaw2Y9UxWggJAW92FRZDsX66M\">https:\/\/eventor.orientering.<wbr \/>se\/Events\/Show\/41606<\/a><\/div>\n<div><\/div>\n<div>Tr\u00e4ningen finns i Livelox:<\/div>\n<div><a href=\"https:\/\/www.livelox.com\/Events\/Show\/79129\/Tisdagstraning-Veckans-bana\" target=\"_blank\" rel=\"noopener\" data-saferedirecturl=\"https:\/\/www.google.com\/url?q=https:\/\/www.livelox.com\/Events\/Show\/79129\/Tisdagstraning-Veckans-bana&amp;source=gmail&amp;ust=1653981692812000&amp;usg=AOvVaw0HZAHsJ2rIHRPKhyDL6AcX\">https:\/\/www.livelox.com\/<wbr \/>Events\/Show\/79129\/<wbr \/>Tisdagstraning-Veckans-bana<\/a><\/div>\n<p><b>Ansvarig<\/b>: Sam och Emil Fredriksson<br \/>\n<b>Tr\u00e4nare barn<\/b>: Erik<\/p>\n","protected":false},"excerpt":{"rendered":"<p>Tid: Kl 18.00. Uppv\u00e4rmning barn\/ungdom startar 17.45 Samling: P\u00e5velunds motionscentral. Kartl\u00e4nk:\u00a0https:\/\/goo.gl\/maps\/TAKo4TcUWYpNdgyt6 Tema: Gul, orange o svarta banor. Tisdag fr\u00e5n kl 18.00 finns f\u00e4rdigutskrivna kartor. Tisdag kl 18\u201319 finns viss bemanning [&hellip;]<\/p>\n","protected":false},"author":4,"featured_media":0,"template":"","meta":{"_tribe_events_status":"","_tribe_events_status_reason":"","footnotes":""},"tags":[],"tribe_events_cat":[],"class_list":["post-6456","tribe_events","type-tribe_events","status-publish","hentry"],"_links":{"self":[{"href":"https:\/\/www.ifmarinvast.se\/orientering\/wp-json\/wp\/v2\/tribe_events\/6456","targetHints":{"allow":["GET"]}}],"collection":[{"href":"https:\/\/www.ifmarinvast.se\/orientering\/wp-json\/wp\/v2\/tribe_events"}],"about":[{"href":"https:\/\/www.ifmarinvast.se\/orientering\/wp-json\/wp\/v2\/types\/tribe_events"}],"author":[{"embeddable":true,"href":"https:\/\/www.ifmarinvast.se\/orientering\/wp-json\/wp\/v2\/users\/4"}],"version-history":[{"count":4,"href":"https:\/\/www.ifmarinvast.se\/orientering\/wp-json\/wp\/v2\/tribe_events\/6456\/revisions"}],"predecessor-version":[{"id":6551,"href":"https:\/\/www.ifmarinvast.se\/orientering\/wp-json\/wp\/v2\/tribe_events\/6456\/revisions\/6551"}],"wp:attachment":[{"href":"https:\/\/www.ifmarinvast.se\/orientering\/wp-json\/wp\/v2\/media?parent=6456"}],"wp:term":[{"taxonomy":"post_tag","embeddable":true,"href":"https:\/\/www.ifmarinvast.se\/orientering\/wp-json\/wp\/v2\/tags?post=6456"},{"taxonomy":"tribe_events_cat","embeddable":true,"href":"https:\/\/www.ifmarinvast.se\/orientering\/wp-json\/wp\/v2\/tribe_events_cat?post=6456"}],"curies":[{"name":"wp","href":"https:\/\/api.w.org\/{rel}","templated":true}]}}

Tisdagsträning i Påvelund

<p><strong>Tid</strong>: Kl 18.00. Uppvärmning barn/ungdom startar 17.45<br />
<b>Samling</b>: Påvelunds motionscentral.<br />
Kartlänk: <a href="https://goo.gl/maps/TAKo4TcUWYpNdgyt6" target="_blank" rel="noopener" data-saferedirecturl="https://www.google.com/url?q=https://goo.gl/maps/TAKo4TcUWYpNdgyt6&amp;source=gmail&amp;ust=1653981692812000&amp;usg=AOvVaw12-hNv9ErbMKx4-WPlEx-Z">https://goo.gl/maps/<wbr />TAKo4TcUWYpNdgyt6</a><br />
<b>Tema</b>: Gul, orange o svarta banor.</p>
<p>Tisdag från kl 18.00 finns färdigutskrivna kartor.<br />
Tisdag kl 18–19 finns viss bemanning så nybörjare och barn kan få hjälp och instruktioner.<br />
Kontroller är markerade med stora skärmar med kontrollsiffror. Skärmarna hänger kvar till söndag 5 juni klockan 16, för den som vill välja egen träningstid.</p>
<p>Banorna finns att skriva ut från Eventor:</p>
<div><a href="https://eventor.orientering.se/Events/Show/41606" target="_blank" rel="noopener" data-saferedirecturl="https://www.google.com/url?q=https://eventor.orientering.se/Events/Show/41606&amp;source=gmail&amp;ust=1653981692812000&amp;usg=AOvVaw2Y9UxWggJAW92FRZDsX66M">https://eventor.orientering.<wbr />se/Events/Show/41606</a></div>
<div></div>
<div>Träningen finns i Livelox:</div>
<div><a href="https://www.livelox.com/Events/Show/79129/Tisdagstraning-Veckans-bana" target="_blank" rel="noopener" data-saferedirecturl="https://www.google.com/url?q=https://www.livelox.com/Events/Show/79129/Tisdagstraning-Veckans-bana&amp;source=gmail&amp;ust=1653981692812000&amp;usg=AOvVaw0HZAHsJ2rIHRPKhyDL6AcX">https://www.livelox.com/<wbr />Events/Show/79129/<wbr />Tisdagstraning-Veckans-bana</a></div>
<p><b>Ansvarig</b>: Sam och Emil Fredriksson<br />
<b>Tränare barn</b>: Erik</p>

<p>Tid: Kl 18.00. Uppvärmning barn/ungdom startar 17.45 Samling: Påvelunds motionscentral. Kartlänk: https://goo.gl/maps/TAKo4TcUWYpNdgyt6 Tema: Gul, orange o svarta banor. Tisdag från kl 18.00 finns färdigutskrivna kartor. Tisdag kl 18–19 finns viss bemanning [&hellip;]</p>
