{"id":6442,"date":"2022-04-16T10:41:50","date_gmt":"2022-04-16T08:41:50","guid":{"rendered":"http:\/\/www.ifmarinvast.se\/orientering\/?post_type=tribe_events&#038;p=6442"},"modified":"2022-04-16T10:58:24","modified_gmt":"2022-04-16T08:58:24","slug":"sm-publiktavling-sprint-kvall-savedalens-aik","status":"publish","type":"tribe_events","link":"https:\/\/www.ifmarinvast.se\/orientering\/kalender\/sm-publiktavling-sprint-kvall-savedalens-aik\/","title":{"rendered":"SM, publikt\u00e4vling, sprint (kv\u00e4ll), S\u00e4vedalens AIK"},"content":{"rendered":"<p><a href=\"https:\/\/eventor.orientering.se\/Events\/Show\/36584\">https:\/\/eventor.orientering.se\/Events\/Show\/36584<\/a><\/p>\n","protected":false},"excerpt":{"rendered":"<p>https:\/\/eventor.orientering.se\/Events\/Show\/36584<\/p>\n","protected":false},"author":4,"featured_media":0,"template":"","meta":{"_tribe_events_status":"","_tribe_events_status_reason":"","footnotes":""},"tags":[],"tribe_events_cat":[],"class_list":["post-6442","tribe_events","type-tribe_events","status-publish","hentry"],"_links":{"self":[{"href":"https:\/\/www.ifmarinvast.se\/orientering\/wp-json\/wp\/v2\/tribe_events\/6442","targetHints":{"allow":["GET"]}}],"collection":[{"href":"https:\/\/www.ifmarinvast.se\/orientering\/wp-json\/wp\/v2\/tribe_events"}],"about":[{"href":"https:\/\/www.ifmarinvast.se\/orientering\/wp-json\/wp\/v2\/types\/tribe_events"}],"author":[{"embeddable":true,"href":"https:\/\/www.ifmarinvast.se\/orientering\/wp-json\/wp\/v2\/users\/4"}],"version-history":[{"count":2,"href":"https:\/\/www.ifmarinvast.se\/orientering\/wp-json\/wp\/v2\/tribe_events\/6442\/revisions"}],"predecessor-version":[{"id":6479,"href":"https:\/\/www.ifmarinvast.se\/orientering\/wp-json\/wp\/v2\/tribe_events\/6442\/revisions\/6479"}],"wp:attachment":[{"href":"https:\/\/www.ifmarinvast.se\/orientering\/wp-json\/wp\/v2\/media?parent=6442"}],"wp:term":[{"taxonomy":"post_tag","embeddable":true,"href":"https:\/\/www.ifmarinvast.se\/orientering\/wp-json\/wp\/v2\/tags?post=6442"},{"taxonomy":"tribe_events_cat","embeddable":true,"href":"https:\/\/www.ifmarinvast.se\/orientering\/wp-json\/wp\/v2\/tribe_events_cat?post=6442"}],"curies":[{"name":"wp","href":"https:\/\/api.w.org\/{rel}","templated":true}]}}

SM, publiktävling, sprint (kväll), Sävedalens AIK
