{"id":6440,"date":"2022-04-16T10:40:52","date_gmt":"2022-04-16T08:40:52","guid":{"rendered":"http:\/\/www.ifmarinvast.se\/orientering\/?post_type=tribe_events&#038;p=6440"},"modified":"2022-04-23T09:42:59","modified_gmt":"2022-04-23T07:42:59","slug":"tisdagstraning-55","status":"publish","type":"tribe_events","link":"https:\/\/www.ifmarinvast.se\/orientering\/kalender\/tisdagstraning-55\/","title":{"rendered":"Tisdagstr\u00e4ning i Ruddalen"},"content":{"rendered":"<div><strong>Tid<\/strong>: Kl 18.00. Uppv\u00e4rmning barn\/ungdom startar 17.45<\/div>\n<div><\/div>\n<div><strong>Ansvarig<\/strong>: Staffan Broberg<\/div>\n<div><\/div>\n<div><strong>Samling<\/strong>: Ruddalen. Entr\u00e9n till Ruddalens idrottscentrum, Kartl\u00e4nk: <a href=\"https:\/\/goo.gl\/maps\/uUbgMHGp1m4zAps36\">https:\/\/goo.gl\/maps\/uUbgMHGp1m4zAps36<\/a><\/div>\n<div><\/div>\n<div><strong>Tema<\/strong>: Banor niv\u00e5 vit, gul, orange och bl\u00e5.<\/div>\n<div><\/div>\n<div><strong>Tr\u00e4nare<\/strong> barn: Erik<\/div>\n","protected":false},"excerpt":{"rendered":"<p>Tid: Kl 18.00. Uppv\u00e4rmning barn\/ungdom startar 17.45 Ansvarig: Staffan Broberg Samling: Ruddalen. Entr\u00e9n till Ruddalens idrottscentrum, Kartl\u00e4nk: https:\/\/goo.gl\/maps\/uUbgMHGp1m4zAps36 Tema: Banor niv\u00e5 vit, gul, orange och bl\u00e5. Tr\u00e4nare barn: Erik<\/p>\n","protected":false},"author":4,"featured_media":0,"template":"","meta":{"_tribe_events_status":"","_tribe_events_status_reason":"","footnotes":""},"tags":[],"tribe_events_cat":[],"class_list":["post-6440","tribe_events","type-tribe_events","status-publish","hentry"],"_links":{"self":[{"href":"https:\/\/www.ifmarinvast.se\/orientering\/wp-json\/wp\/v2\/tribe_events\/6440","targetHints":{"allow":["GET"]}}],"collection":[{"href":"https:\/\/www.ifmarinvast.se\/orientering\/wp-json\/wp\/v2\/tribe_events"}],"about":[{"href":"https:\/\/www.ifmarinvast.se\/orientering\/wp-json\/wp\/v2\/types\/tribe_events"}],"author":[{"embeddable":true,"href":"https:\/\/www.ifmarinvast.se\/orientering\/wp-json\/wp\/v2\/users\/4"}],"version-history":[{"count":3,"href":"https:\/\/www.ifmarinvast.se\/orientering\/wp-json\/wp\/v2\/tribe_events\/6440\/revisions"}],"predecessor-version":[{"id":6521,"href":"https:\/\/www.ifmarinvast.se\/orientering\/wp-json\/wp\/v2\/tribe_events\/6440\/revisions\/6521"}],"wp:attachment":[{"href":"https:\/\/www.ifmarinvast.se\/orientering\/wp-json\/wp\/v2\/media?parent=6440"}],"wp:term":[{"taxonomy":"post_tag","embeddable":true,"href":"https:\/\/www.ifmarinvast.se\/orientering\/wp-json\/wp\/v2\/tags?post=6440"},{"taxonomy":"tribe_events_cat","embeddable":true,"href":"https:\/\/www.ifmarinvast.se\/orientering\/wp-json\/wp\/v2\/tribe_events_cat?post=6440"}],"curies":[{"name":"wp","href":"https:\/\/api.w.org\/{rel}","templated":true}]}}

Tisdagsträning i Ruddalen

<div><strong>Tid</strong>: Kl 18.00. Uppvärmning barn/ungdom startar 17.45</div>
<div></div>
<div><strong>Ansvarig</strong>: Staffan Broberg</div>
<div></div>
<div><strong>Samling</strong>: Ruddalen. Entrén till Ruddalens idrottscentrum, Kartlänk: <a href="https://goo.gl/maps/uUbgMHGp1m4zAps36">https://goo.gl/maps/uUbgMHGp1m4zAps36</a></div>
<div></div>
<div><strong>Tema</strong>: Banor nivå vit, gul, orange och blå.</div>
<div></div>
<div><strong>Tränare</strong> barn: Erik</div>

<p>Tid: Kl 18.00. Uppvärmning barn/ungdom startar 17.45 Ansvarig: Staffan Broberg Samling: Ruddalen. Entrén till Ruddalens idrottscentrum, Kartlänk: https://goo.gl/maps/uUbgMHGp1m4zAps36 Tema: Banor nivå vit, gul, orange och blå. Tränare barn: Erik</p>
