{"id":6421,"date":"2022-04-16T10:28:15","date_gmt":"2022-04-16T08:28:15","guid":{"rendered":"http:\/\/www.ifmarinvast.se\/orientering\/?post_type=tribe_events&#038;p=6421"},"modified":"2022-04-19T10:39:23","modified_gmt":"2022-04-19T08:39:23","slug":"tisdagstraning-53","status":"publish","type":"tribe_events","link":"https:\/\/www.ifmarinvast.se\/orientering\/kalender\/tisdagstraning-53\/","title":{"rendered":"Tisdagstr\u00e4ning i P\u00e5velund"},"content":{"rendered":"<p>Samling vid P\u00e5velunds Motionscentral klockan 18.00. Lena och Ola l\u00e4gger banor.<\/p>\r\n\r\n<p>&nbsp;<\/p>\r\n<p><\/p>\r\n<p><strong>Banor:<\/strong><\/p>\r\n<p>\r\n\r\n<\/p>\r\n<ul class=\"wp-block-list\">\r\n<li><a href=\"https:\/\/eventor.orientering.se\/Documents\/Event\/79238\/Vit-bana\">vit<\/a><\/li>\r\n<li><a href=\"https:\/\/eventor.orientering.se\/Documents\/Event\/79239\/Gul-bana\">gul<\/a><\/li>\r\n<li><a href=\"https:\/\/eventor.orientering.se\/Documents\/Event\/79240\/Orange-bana-kort\">orange kort<\/a><\/li>\r\n<li><a href=\"https:\/\/eventor.orientering.se\/Documents\/Event\/79241\/Orange-bana-l-ng\">orange l\u00e5ng<\/a><\/li>\r\n<\/ul>\r\n<p>\r\n\r\n<\/p>\r\n<p><a href=\"https:\/\/eventor.orientering.se\/Events\/Show\/40847\">L\u00e4nk till tr\u00e4ningen i Eventor<\/a><\/p>\r\n<p>\r\n\r\n<\/p>\r\n<p><a href=\"https:\/\/www.livelox.com\/Events\/Show\/76662\">Livelox<\/a><\/p>\r\n<p><\/p>\r\n","protected":false},"excerpt":{"rendered":"<p>Samling vid P\u00e5velunds Motionscentral klockan 18.00. Lena och Ola l\u00e4gger banor. &nbsp; Banor: vit gul orange kort orange l\u00e5ng L\u00e4nk till tr\u00e4ningen i Eventor Livelox<\/p>\n","protected":false},"author":4,"featured_media":0,"template":"","meta":{"_tribe_events_status":"","_tribe_events_status_reason":"","footnotes":""},"tags":[],"tribe_events_cat":[],"class_list":["post-6421","tribe_events","type-tribe_events","status-publish","hentry"],"_links":{"self":[{"href":"https:\/\/www.ifmarinvast.se\/orientering\/wp-json\/wp\/v2\/tribe_events\/6421","targetHints":{"allow":["GET"]}}],"collection":[{"href":"https:\/\/www.ifmarinvast.se\/orientering\/wp-json\/wp\/v2\/tribe_events"}],"about":[{"href":"https:\/\/www.ifmarinvast.se\/orientering\/wp-json\/wp\/v2\/types\/tribe_events"}],"author":[{"embeddable":true,"href":"https:\/\/www.ifmarinvast.se\/orientering\/wp-json\/wp\/v2\/users\/4"}],"version-history":[{"count":6,"href":"https:\/\/www.ifmarinvast.se\/orientering\/wp-json\/wp\/v2\/tribe_events\/6421\/revisions"}],"predecessor-version":[{"id":6505,"href":"https:\/\/www.ifmarinvast.se\/orientering\/wp-json\/wp\/v2\/tribe_events\/6421\/revisions\/6505"}],"wp:attachment":[{"href":"https:\/\/www.ifmarinvast.se\/orientering\/wp-json\/wp\/v2\/media?parent=6421"}],"wp:term":[{"taxonomy":"post_tag","embeddable":true,"href":"https:\/\/www.ifmarinvast.se\/orientering\/wp-json\/wp\/v2\/tags?post=6421"},{"taxonomy":"tribe_events_cat","embeddable":true,"href":"https:\/\/www.ifmarinvast.se\/orientering\/wp-json\/wp\/v2\/tribe_events_cat?post=6421"}],"curies":[{"name":"wp","href":"https:\/\/api.w.org\/{rel}","templated":true}]}}

Tisdagsträning i Påvelund

<p>Samling vid Påvelunds Motionscentral klockan 18.00. Lena och Ola lägger banor.</p>

<p>&nbsp;</p>
<p></p>
<p><strong>Banor:</strong></p>
<p>

</p>
<ul class="wp-block-list">
<li><a href="https://eventor.orientering.se/Documents/Event/79238/Vit-bana">vit</a></li>
<li><a href="https://eventor.orientering.se/Documents/Event/79239/Gul-bana">gul</a></li>
<li><a href="https://eventor.orientering.se/Documents/Event/79240/Orange-bana-kort">orange kort</a></li>
<li><a href="https://eventor.orientering.se/Documents/Event/79241/Orange-bana-l-ng">orange lång</a></li>
</ul>
<p>

</p>
<p><a href="https://eventor.orientering.se/Events/Show/40847">Länk till träningen i Eventor</a></p>
<p>

</p>
<p><a href="https://www.livelox.com/Events/Show/76662">Livelox</a></p>
<p></p>

<p>Samling vid Påvelunds Motionscentral klockan 18.00. Lena och Ola lägger banor. &nbsp; Banor: vit gul orange kort orange lång Länk till träningen i Eventor Livelox</p>
