{"id":6290,"date":"2021-10-16T12:36:50","date_gmt":"2021-10-16T10:36:50","guid":{"rendered":"http:\/\/www.ifmarinvast.se\/orientering\/?post_type=tribe_events&#038;p=6290"},"modified":"2021-10-16T12:39:56","modified_gmt":"2021-10-16T10:39:56","slug":"innetraningarna-startar","status":"publish","type":"tribe_events","link":"https:\/\/www.ifmarinvast.se\/orientering\/kalender\/innetraningarna-startar\/","title":{"rendered":"Innetr\u00e4ningarna startar 9 november"},"content":{"rendered":"<p><strong>Tisdagen den 9 november b\u00f6rjar \u00e5rets innetr\u00e4ningar i Hagenskolans gymnastiksal. <\/strong><\/p>\n<p>Omkl\u00e4dningsrummen och hallen \u00f6ppnar 18:00 och vi h\u00e5ller p\u00e5 till ca 19:30. Det blir stationsgympa och innebandy och alla kan vara med. Kom och h\u00e5ll ig\u00e5ng konditionen hela vintern!<\/p>\n","protected":false},"excerpt":{"rendered":"<p>Tisdagen den 9 november b\u00f6rjar \u00e5rets innetr\u00e4ningar i Hagenskolans gymnastiksal. Omkl\u00e4dningsrummen och hallen \u00f6ppnar 18:00 och vi h\u00e5ller p\u00e5 till ca 19:30. Det blir stationsgympa och innebandy och alla kan [&hellip;]<\/p>\n","protected":false},"author":4,"featured_media":0,"template":"","meta":{"_tribe_events_status":"","_tribe_events_status_reason":"","footnotes":""},"tags":[],"tribe_events_cat":[],"class_list":["post-6290","tribe_events","type-tribe_events","status-publish","hentry"],"_links":{"self":[{"href":"https:\/\/www.ifmarinvast.se\/orientering\/wp-json\/wp\/v2\/tribe_events\/6290","targetHints":{"allow":["GET"]}}],"collection":[{"href":"https:\/\/www.ifmarinvast.se\/orientering\/wp-json\/wp\/v2\/tribe_events"}],"about":[{"href":"https:\/\/www.ifmarinvast.se\/orientering\/wp-json\/wp\/v2\/types\/tribe_events"}],"author":[{"embeddable":true,"href":"https:\/\/www.ifmarinvast.se\/orientering\/wp-json\/wp\/v2\/users\/4"}],"version-history":[{"count":2,"href":"https:\/\/www.ifmarinvast.se\/orientering\/wp-json\/wp\/v2\/tribe_events\/6290\/revisions"}],"predecessor-version":[{"id":6292,"href":"https:\/\/www.ifmarinvast.se\/orientering\/wp-json\/wp\/v2\/tribe_events\/6290\/revisions\/6292"}],"wp:attachment":[{"href":"https:\/\/www.ifmarinvast.se\/orientering\/wp-json\/wp\/v2\/media?parent=6290"}],"wp:term":[{"taxonomy":"post_tag","embeddable":true,"href":"https:\/\/www.ifmarinvast.se\/orientering\/wp-json\/wp\/v2\/tags?post=6290"},{"taxonomy":"tribe_events_cat","embeddable":true,"href":"https:\/\/www.ifmarinvast.se\/orientering\/wp-json\/wp\/v2\/tribe_events_cat?post=6290"}],"curies":[{"name":"wp","href":"https:\/\/api.w.org\/{rel}","templated":true}]}}

Inneträningarna startar 9 november

<p><strong>Tisdagen den 9 november börjar årets inneträningar i Hagenskolans gymnastiksal. </strong></p>
<p>Omklädningsrummen och hallen öppnar 18:00 och vi håller på till ca 19:30. Det blir stationsgympa och innebandy och alla kan vara med. Kom och håll igång konditionen hela vintern!</p>

<p>Tisdagen den 9 november börjar årets inneträningar i Hagenskolans gymnastiksal. Omklädningsrummen och hallen öppnar 18:00 och vi håller på till ca 19:30. Det blir stationsgympa och innebandy och alla kan [&hellip;]</p>
