{"id":6096,"date":"2021-05-11T18:40:09","date_gmt":"2021-05-11T16:40:09","guid":{"rendered":"http:\/\/www.ifmarinvast.se\/orientering\/?post_type=tribe_events&#038;p=6096"},"modified":"2021-05-11T18:42:21","modified_gmt":"2021-05-11T16:42:21","slug":"klubbmasterskap-i-sjobergen","status":"publish","type":"tribe_events","link":"https:\/\/www.ifmarinvast.se\/orientering\/kalender\/klubbmasterskap-i-sjobergen\/","title":{"rendered":"Klubbm\u00e4sterskap i Sj\u00f6bergen"},"content":{"rendered":"<blockquote class=\"wp-embedded-content\" data-secret=\"A2DmVPm1SZ\"><p><a href=\"https:\/\/www.ifmarinvast.se\/orientering\/nu-ar-det-dags-att-anmala-sig-till-arets-klubbmasterskap-2\/\">Nu \u00e4r det dags att anm\u00e4la sig till \u00e5rets klubbm\u00e4sterskap<\/a><\/p><\/blockquote>\n<p><iframe loading=\"lazy\" class=\"wp-embedded-content\" sandbox=\"allow-scripts\" security=\"restricted\" style=\"position: absolute; visibility: hidden;\" title=\"\u201dNu \u00e4r det dags att anm\u00e4la sig till \u00e5rets klubbm\u00e4sterskap\u201d &ndash; IF Marin V\u00e4st\" src=\"https:\/\/www.ifmarinvast.se\/orientering\/nu-ar-det-dags-att-anmala-sig-till-arets-klubbmasterskap-2\/embed\/#?secret=2PdOTdMaJ8#?secret=A2DmVPm1SZ\" data-secret=\"A2DmVPm1SZ\" width=\"600\" height=\"338\" frameborder=\"0\" marginwidth=\"0\" marginheight=\"0\" scrolling=\"no\"><\/iframe><\/p>\n<p>&nbsp;<\/p>\n","protected":false},"excerpt":{"rendered":"<p>Nu \u00e4r det dags att anm\u00e4la sig till \u00e5rets klubbm\u00e4sterskap &nbsp;<\/p>\n","protected":false},"author":4,"featured_media":0,"template":"","meta":{"_tribe_events_status":"","_tribe_events_status_reason":"","footnotes":""},"tags":[],"tribe_events_cat":[],"class_list":["post-6096","tribe_events","type-tribe_events","status-publish","hentry"],"_links":{"self":[{"href":"https:\/\/www.ifmarinvast.se\/orientering\/wp-json\/wp\/v2\/tribe_events\/6096","targetHints":{"allow":["GET"]}}],"collection":[{"href":"https:\/\/www.ifmarinvast.se\/orientering\/wp-json\/wp\/v2\/tribe_events"}],"about":[{"href":"https:\/\/www.ifmarinvast.se\/orientering\/wp-json\/wp\/v2\/types\/tribe_events"}],"author":[{"embeddable":true,"href":"https:\/\/www.ifmarinvast.se\/orientering\/wp-json\/wp\/v2\/users\/4"}],"version-history":[{"count":1,"href":"https:\/\/www.ifmarinvast.se\/orientering\/wp-json\/wp\/v2\/tribe_events\/6096\/revisions"}],"predecessor-version":[{"id":6097,"href":"https:\/\/www.ifmarinvast.se\/orientering\/wp-json\/wp\/v2\/tribe_events\/6096\/revisions\/6097"}],"wp:attachment":[{"href":"https:\/\/www.ifmarinvast.se\/orientering\/wp-json\/wp\/v2\/media?parent=6096"}],"wp:term":[{"taxonomy":"post_tag","embeddable":true,"href":"https:\/\/www.ifmarinvast.se\/orientering\/wp-json\/wp\/v2\/tags?post=6096"},{"taxonomy":"tribe_events_cat","embeddable":true,"href":"https:\/\/www.ifmarinvast.se\/orientering\/wp-json\/wp\/v2\/tribe_events_cat?post=6096"}],"curies":[{"name":"wp","href":"https:\/\/api.w.org\/{rel}","templated":true}]}}

Klubbmästerskap i Sjöbergen

<blockquote class="wp-embedded-content" data-secret="A2DmVPm1SZ"><p><a href="https://www.ifmarinvast.se/orientering/nu-ar-det-dags-att-anmala-sig-till-arets-klubbmasterskap-2/">Nu är det dags att anmäla sig till årets klubbmästerskap</a></p></blockquote>
<p><iframe loading="lazy" class="wp-embedded-content" sandbox="allow-scripts" security="restricted" style="position: absolute; visibility: hidden;" title="”Nu är det dags att anmäla sig till årets klubbmästerskap” &ndash; IF Marin Väst" src="https://www.ifmarinvast.se/orientering/nu-ar-det-dags-att-anmala-sig-till-arets-klubbmasterskap-2/embed/#?secret=2PdOTdMaJ8#?secret=A2DmVPm1SZ" data-secret="A2DmVPm1SZ" width="600" height="338" frameborder="0" marginwidth="0" marginheight="0" scrolling="no"></iframe></p>
<p>&nbsp;</p>

<p>Nu är det dags att anmäla sig till årets klubbmästerskap &nbsp;</p>
