{"id":6088,"date":"2021-05-11T18:00:22","date_gmt":"2021-05-11T16:00:22","guid":{"rendered":"http:\/\/www.ifmarinvast.se\/orientering\/?post_type=tribe_events&#038;p=6088"},"modified":"2021-05-11T18:00:22","modified_gmt":"2021-05-11T16:00:22","slug":"tavlingslik-klubbtraning-for-ungdomar","status":"publish","type":"tribe_events","link":"https:\/\/www.ifmarinvast.se\/orientering\/kalender\/tavlingslik-klubbtraning-for-ungdomar\/","title":{"rendered":"T\u00e4vlingslik klubbtr\u00e4ning f\u00f6r ungdomar"},"content":{"rendered":"<blockquote class=\"wp-embedded-content\" data-secret=\"QCTOt4ebGq\"><p><a href=\"https:\/\/www.ifmarinvast.se\/orientering\/tavlingslika-klubbtraningar-for-ungdomar-den-22-och-29-maj\/\">T\u00e4vlingslika klubbtr\u00e4ningar f\u00f6r ungdomar den 22 och 29 maj<\/a><\/p><\/blockquote>\n<p><iframe loading=\"lazy\" class=\"wp-embedded-content\" sandbox=\"allow-scripts\" security=\"restricted\" style=\"position: absolute; visibility: hidden;\" title=\"\u201dT\u00e4vlingslika klubbtr\u00e4ningar f\u00f6r ungdomar den 22 och 29 maj\u201d &ndash; IF Marin V\u00e4st\" src=\"https:\/\/www.ifmarinvast.se\/orientering\/tavlingslika-klubbtraningar-for-ungdomar-den-22-och-29-maj\/embed\/#?secret=UuCP1qtrQJ#?secret=QCTOt4ebGq\" data-secret=\"QCTOt4ebGq\" width=\"600\" height=\"338\" frameborder=\"0\" marginwidth=\"0\" marginheight=\"0\" scrolling=\"no\"><\/iframe><\/p>\n<p>&nbsp;<\/p>\n","protected":false},"excerpt":{"rendered":"<p>T\u00e4vlingslika klubbtr\u00e4ningar f\u00f6r ungdomar den 22 och 29 maj &nbsp;<\/p>\n","protected":false},"author":4,"featured_media":0,"template":"","meta":{"_tribe_events_status":"","_tribe_events_status_reason":"","footnotes":""},"tags":[],"tribe_events_cat":[],"class_list":["post-6088","tribe_events","type-tribe_events","status-publish","hentry"],"_links":{"self":[{"href":"https:\/\/www.ifmarinvast.se\/orientering\/wp-json\/wp\/v2\/tribe_events\/6088","targetHints":{"allow":["GET"]}}],"collection":[{"href":"https:\/\/www.ifmarinvast.se\/orientering\/wp-json\/wp\/v2\/tribe_events"}],"about":[{"href":"https:\/\/www.ifmarinvast.se\/orientering\/wp-json\/wp\/v2\/types\/tribe_events"}],"author":[{"embeddable":true,"href":"https:\/\/www.ifmarinvast.se\/orientering\/wp-json\/wp\/v2\/users\/4"}],"version-history":[{"count":1,"href":"https:\/\/www.ifmarinvast.se\/orientering\/wp-json\/wp\/v2\/tribe_events\/6088\/revisions"}],"predecessor-version":[{"id":6089,"href":"https:\/\/www.ifmarinvast.se\/orientering\/wp-json\/wp\/v2\/tribe_events\/6088\/revisions\/6089"}],"wp:attachment":[{"href":"https:\/\/www.ifmarinvast.se\/orientering\/wp-json\/wp\/v2\/media?parent=6088"}],"wp:term":[{"taxonomy":"post_tag","embeddable":true,"href":"https:\/\/www.ifmarinvast.se\/orientering\/wp-json\/wp\/v2\/tags?post=6088"},{"taxonomy":"tribe_events_cat","embeddable":true,"href":"https:\/\/www.ifmarinvast.se\/orientering\/wp-json\/wp\/v2\/tribe_events_cat?post=6088"}],"curies":[{"name":"wp","href":"https:\/\/api.w.org\/{rel}","templated":true}]}}

Tävlingslik klubbträning för ungdomar

<blockquote class="wp-embedded-content" data-secret="QCTOt4ebGq"><p><a href="https://www.ifmarinvast.se/orientering/tavlingslika-klubbtraningar-for-ungdomar-den-22-och-29-maj/">Tävlingslika klubbträningar för ungdomar den 22 och 29 maj</a></p></blockquote>
<p><iframe loading="lazy" class="wp-embedded-content" sandbox="allow-scripts" security="restricted" style="position: absolute; visibility: hidden;" title="”Tävlingslika klubbträningar för ungdomar den 22 och 29 maj” &ndash; IF Marin Väst" src="https://www.ifmarinvast.se/orientering/tavlingslika-klubbtraningar-for-ungdomar-den-22-och-29-maj/embed/#?secret=UuCP1qtrQJ#?secret=QCTOt4ebGq" data-secret="QCTOt4ebGq" width="600" height="338" frameborder="0" marginwidth="0" marginheight="0" scrolling="no"></iframe></p>
<p>&nbsp;</p>

<p>Tävlingslika klubbträningar för ungdomar den 22 och 29 maj &nbsp;</p>
