{"id":5994,"date":"2021-04-06T11:49:27","date_gmt":"2021-04-06T09:49:27","guid":{"rendered":"http:\/\/www.ifmarinvast.se\/orientering\/?post_type=tribe_events&#038;p=5994"},"modified":"2021-04-10T10:23:08","modified_gmt":"2021-04-10T08:23:08","slug":"tisdagstraning-i-ruddalen-3","status":"publish","type":"tribe_events","link":"https:\/\/www.ifmarinvast.se\/orientering\/kalender\/tisdagstraning-i-ruddalen-3\/","title":{"rendered":"Tisdagstr\u00e4ning i Ruddalen"},"content":{"rendered":"<blockquote class=\"wp-embedded-content\" data-secret=\"vaMfqBHzf8\"><p><a href=\"https:\/\/www.ifmarinvast.se\/orientering\/valkommen-till-varens-forsta-tisdagstraning\/\">V\u00e4lkommen till v\u00e5rens f\u00f6rsta tisdagstr\u00e4ning!<\/a><\/p><\/blockquote>\n<p><iframe loading=\"lazy\" class=\"wp-embedded-content\" sandbox=\"allow-scripts\" security=\"restricted\" style=\"position: absolute; visibility: hidden;\" title=\"\u201dV\u00e4lkommen till v\u00e5rens f\u00f6rsta tisdagstr\u00e4ning!\u201d &ndash; IF Marin V\u00e4st\" src=\"https:\/\/www.ifmarinvast.se\/orientering\/valkommen-till-varens-forsta-tisdagstraning\/embed\/#?secret=T9ezjKN3HQ#?secret=vaMfqBHzf8\" data-secret=\"vaMfqBHzf8\" width=\"600\" height=\"338\" frameborder=\"0\" marginwidth=\"0\" marginheight=\"0\" scrolling=\"no\"><\/iframe><\/p>\n","protected":false},"excerpt":{"rendered":"<p>V\u00e4lkommen till v\u00e5rens f\u00f6rsta tisdagstr\u00e4ning!<\/p>\n","protected":false},"author":4,"featured_media":0,"template":"","meta":{"_tribe_events_status":"","_tribe_events_status_reason":"","footnotes":""},"tags":[],"tribe_events_cat":[],"class_list":["post-5994","tribe_events","type-tribe_events","status-publish","hentry"],"_links":{"self":[{"href":"https:\/\/www.ifmarinvast.se\/orientering\/wp-json\/wp\/v2\/tribe_events\/5994","targetHints":{"allow":["GET"]}}],"collection":[{"href":"https:\/\/www.ifmarinvast.se\/orientering\/wp-json\/wp\/v2\/tribe_events"}],"about":[{"href":"https:\/\/www.ifmarinvast.se\/orientering\/wp-json\/wp\/v2\/types\/tribe_events"}],"author":[{"embeddable":true,"href":"https:\/\/www.ifmarinvast.se\/orientering\/wp-json\/wp\/v2\/users\/4"}],"version-history":[{"count":2,"href":"https:\/\/www.ifmarinvast.se\/orientering\/wp-json\/wp\/v2\/tribe_events\/5994\/revisions"}],"predecessor-version":[{"id":6022,"href":"https:\/\/www.ifmarinvast.se\/orientering\/wp-json\/wp\/v2\/tribe_events\/5994\/revisions\/6022"}],"wp:attachment":[{"href":"https:\/\/www.ifmarinvast.se\/orientering\/wp-json\/wp\/v2\/media?parent=5994"}],"wp:term":[{"taxonomy":"post_tag","embeddable":true,"href":"https:\/\/www.ifmarinvast.se\/orientering\/wp-json\/wp\/v2\/tags?post=5994"},{"taxonomy":"tribe_events_cat","embeddable":true,"href":"https:\/\/www.ifmarinvast.se\/orientering\/wp-json\/wp\/v2\/tribe_events_cat?post=5994"}],"curies":[{"name":"wp","href":"https:\/\/api.w.org\/{rel}","templated":true}]}}

Tisdagsträning i Ruddalen

<blockquote class="wp-embedded-content" data-secret="vaMfqBHzf8"><p><a href="https://www.ifmarinvast.se/orientering/valkommen-till-varens-forsta-tisdagstraning/">Välkommen till vårens första tisdagsträning!</a></p></blockquote>
<p><iframe loading="lazy" class="wp-embedded-content" sandbox="allow-scripts" security="restricted" style="position: absolute; visibility: hidden;" title="”Välkommen till vårens första tisdagsträning!” &ndash; IF Marin Väst" src="https://www.ifmarinvast.se/orientering/valkommen-till-varens-forsta-tisdagstraning/embed/#?secret=T9ezjKN3HQ#?secret=vaMfqBHzf8" data-secret="vaMfqBHzf8" width="600" height="338" frameborder="0" marginwidth="0" marginheight="0" scrolling="no"></iframe></p>

<p>Välkommen till vårens första tisdagsträning!</p>
