{"id":5828,"date":"2020-09-20T17:27:27","date_gmt":"2020-09-20T15:27:27","guid":{"rendered":"http:\/\/www.ifmarinvast.se\/orientering\/?post_type=tribe_events&#038;p=5828"},"modified":"2020-09-20T17:30:04","modified_gmt":"2020-09-20T15:30:04","slug":"mini-daladubbel-2-mannapatrulltavling","status":"publish","type":"tribe_events","link":"https:\/\/www.ifmarinvast.se\/orientering\/kalender\/mini-daladubbel-2-mannapatrulltavling\/","title":{"rendered":"MINI DALADUBBEL 2-MANNAPATRULLT\u00c4VLING"},"content":{"rendered":"<p><a href=\"https:\/\/www.ifmarinvast.se\/orientering\/wp-content\/uploads\/2020\/09\/Mini-DalaDubbel-10-11-okt..pdf\">MINI DALADUBBEL 10-11 OKTOBER 2020<\/a><\/p>\n<p>TROLLH\u00c4TTAN, V\u00c4STERG\u00d6TLAND<\/p>\n<p>S\u00d6NDAG 11 OKTOBER 2-MANNAPATRULLT\u00c4VLING<\/p>\n","protected":false},"excerpt":{"rendered":"<p>MINI DALADUBBEL 10-11 OKTOBER 2020 TROLLH\u00c4TTAN, V\u00c4STERG\u00d6TLAND S\u00d6NDAG 11 OKTOBER 2-MANNAPATRULLT\u00c4VLING<\/p>\n","protected":false},"author":4,"featured_media":0,"template":"","meta":{"_tribe_events_status":"","_tribe_events_status_reason":"","footnotes":""},"tags":[],"tribe_events_cat":[],"class_list":["post-5828","tribe_events","type-tribe_events","status-publish","hentry"],"_links":{"self":[{"href":"https:\/\/www.ifmarinvast.se\/orientering\/wp-json\/wp\/v2\/tribe_events\/5828","targetHints":{"allow":["GET"]}}],"collection":[{"href":"https:\/\/www.ifmarinvast.se\/orientering\/wp-json\/wp\/v2\/tribe_events"}],"about":[{"href":"https:\/\/www.ifmarinvast.se\/orientering\/wp-json\/wp\/v2\/types\/tribe_events"}],"author":[{"embeddable":true,"href":"https:\/\/www.ifmarinvast.se\/orientering\/wp-json\/wp\/v2\/users\/4"}],"version-history":[{"count":2,"href":"https:\/\/www.ifmarinvast.se\/orientering\/wp-json\/wp\/v2\/tribe_events\/5828\/revisions"}],"predecessor-version":[{"id":5831,"href":"https:\/\/www.ifmarinvast.se\/orientering\/wp-json\/wp\/v2\/tribe_events\/5828\/revisions\/5831"}],"wp:attachment":[{"href":"https:\/\/www.ifmarinvast.se\/orientering\/wp-json\/wp\/v2\/media?parent=5828"}],"wp:term":[{"taxonomy":"post_tag","embeddable":true,"href":"https:\/\/www.ifmarinvast.se\/orientering\/wp-json\/wp\/v2\/tags?post=5828"},{"taxonomy":"tribe_events_cat","embeddable":true,"href":"https:\/\/www.ifmarinvast.se\/orientering\/wp-json\/wp\/v2\/tribe_events_cat?post=5828"}],"curies":[{"name":"wp","href":"https:\/\/api.w.org\/{rel}","templated":true}]}}

MINI DALADUBBEL 2-MANNAPATRULLTÄVLING

<p><a href="https://www.ifmarinvast.se/orientering/wp-content/uploads/2020/09/Mini-DalaDubbel-10-11-okt..pdf">MINI DALADUBBEL 10-11 OKTOBER 2020</a></p>
<p>TROLLHÄTTAN, VÄSTERGÖTLAND</p>
<p>SÖNDAG 11 OKTOBER 2-MANNAPATRULLTÄVLING</p>

<p>MINI DALADUBBEL 10-11 OKTOBER 2020 TROLLHÄTTAN, VÄSTERGÖTLAND SÖNDAG 11 OKTOBER 2-MANNAPATRULLTÄVLING</p>
