{"id":5826,"date":"2020-09-20T17:26:53","date_gmt":"2020-09-20T15:26:53","guid":{"rendered":"http:\/\/www.ifmarinvast.se\/orientering\/?post_type=tribe_events&#038;p=5826"},"modified":"2020-09-20T17:30:41","modified_gmt":"2020-09-20T15:30:41","slug":"mini-daladubbel-2-manna-stafett","status":"publish","type":"tribe_events","link":"https:\/\/www.ifmarinvast.se\/orientering\/kalender\/mini-daladubbel-2-manna-stafett\/","title":{"rendered":"MINI DALADUBBEL 2-MANNA STAFETT"},"content":{"rendered":"<p><a href=\"https:\/\/www.ifmarinvast.se\/orientering\/wp-content\/uploads\/2020\/09\/Mini-DalaDubbel-10-11-okt..pdf\">MINI DALADUBBEL 10-11 OKTOBER 2020<\/a><\/p>\n<p>TROLLH\u00c4TTAN, V\u00c4STERG\u00d6TLAND<\/p>\n<p>L\u00d6RDAG 10 OKTOBER 2-MANNA STAFETT<\/p>\n","protected":false},"excerpt":{"rendered":"<p>MINI DALADUBBEL 10-11 OKTOBER 2020 TROLLH\u00c4TTAN, V\u00c4STERG\u00d6TLAND L\u00d6RDAG 10 OKTOBER 2-MANNA STAFETT<\/p>\n","protected":false},"author":4,"featured_media":0,"template":"","meta":{"_tribe_events_status":"","_tribe_events_status_reason":"","footnotes":""},"tags":[],"tribe_events_cat":[],"class_list":["post-5826","tribe_events","type-tribe_events","status-publish","hentry"],"_links":{"self":[{"href":"https:\/\/www.ifmarinvast.se\/orientering\/wp-json\/wp\/v2\/tribe_events\/5826","targetHints":{"allow":["GET"]}}],"collection":[{"href":"https:\/\/www.ifmarinvast.se\/orientering\/wp-json\/wp\/v2\/tribe_events"}],"about":[{"href":"https:\/\/www.ifmarinvast.se\/orientering\/wp-json\/wp\/v2\/types\/tribe_events"}],"author":[{"embeddable":true,"href":"https:\/\/www.ifmarinvast.se\/orientering\/wp-json\/wp\/v2\/users\/4"}],"version-history":[{"count":2,"href":"https:\/\/www.ifmarinvast.se\/orientering\/wp-json\/wp\/v2\/tribe_events\/5826\/revisions"}],"predecessor-version":[{"id":5832,"href":"https:\/\/www.ifmarinvast.se\/orientering\/wp-json\/wp\/v2\/tribe_events\/5826\/revisions\/5832"}],"wp:attachment":[{"href":"https:\/\/www.ifmarinvast.se\/orientering\/wp-json\/wp\/v2\/media?parent=5826"}],"wp:term":[{"taxonomy":"post_tag","embeddable":true,"href":"https:\/\/www.ifmarinvast.se\/orientering\/wp-json\/wp\/v2\/tags?post=5826"},{"taxonomy":"tribe_events_cat","embeddable":true,"href":"https:\/\/www.ifmarinvast.se\/orientering\/wp-json\/wp\/v2\/tribe_events_cat?post=5826"}],"curies":[{"name":"wp","href":"https:\/\/api.w.org\/{rel}","templated":true}]}}

<p><a href="https://www.ifmarinvast.se/orientering/wp-content/uploads/2020/09/Mini-DalaDubbel-10-11-okt..pdf">MINI DALADUBBEL 10-11 OKTOBER 2020</a></p>
<p>TROLLHÄTTAN, VÄSTERGÖTLAND</p>
<p>LÖRDAG 10 OKTOBER 2-MANNA STAFETT</p>

<p>MINI DALADUBBEL 10-11 OKTOBER 2020 TROLLHÄTTAN, VÄSTERGÖTLAND LÖRDAG 10 OKTOBER 2-MANNA STAFETT</p>
