{"id":5719,"date":"2020-08-10T20:19:40","date_gmt":"2020-08-10T18:19:40","guid":{"rendered":"http:\/\/www.ifmarinvast.se\/orientering\/?post_type=tribe_events&#038;p=5719"},"modified":"2020-09-20T17:40:27","modified_gmt":"2020-09-20T15:40:27","slug":"tisdagstraning-36","status":"publish","type":"tribe_events","link":"https:\/\/www.ifmarinvast.se\/orientering\/kalender\/tisdagstraning-36\/","title":{"rendered":"Tisdagstr\u00e4ning i P\u00e5velund"},"content":{"rendered":"<p>Samling vid P\u00e5velunds Motionscentral. Start fr\u00e5n klockan 18.<\/p>\n<p>P\u00e5 denna tr\u00e4ning finns det Miniknat f\u00f6r de yngsta. Det blir en 500 m snitslad bana.<\/p>\n","protected":false},"excerpt":{"rendered":"<p>Samling vid P\u00e5velunds Motionscentral. Start fr\u00e5n klockan 18. P\u00e5 denna tr\u00e4ning finns det Miniknat f\u00f6r de yngsta. Det blir en 500 m snitslad bana.<\/p>\n","protected":false},"author":4,"featured_media":0,"template":"","meta":{"_tribe_events_status":"","_tribe_events_status_reason":"","footnotes":""},"tags":[],"tribe_events_cat":[],"class_list":["post-5719","tribe_events","type-tribe_events","status-publish","hentry"],"_links":{"self":[{"href":"https:\/\/www.ifmarinvast.se\/orientering\/wp-json\/wp\/v2\/tribe_events\/5719","targetHints":{"allow":["GET"]}}],"collection":[{"href":"https:\/\/www.ifmarinvast.se\/orientering\/wp-json\/wp\/v2\/tribe_events"}],"about":[{"href":"https:\/\/www.ifmarinvast.se\/orientering\/wp-json\/wp\/v2\/types\/tribe_events"}],"author":[{"embeddable":true,"href":"https:\/\/www.ifmarinvast.se\/orientering\/wp-json\/wp\/v2\/users\/4"}],"version-history":[{"count":3,"href":"https:\/\/www.ifmarinvast.se\/orientering\/wp-json\/wp\/v2\/tribe_events\/5719\/revisions"}],"predecessor-version":[{"id":5839,"href":"https:\/\/www.ifmarinvast.se\/orientering\/wp-json\/wp\/v2\/tribe_events\/5719\/revisions\/5839"}],"wp:attachment":[{"href":"https:\/\/www.ifmarinvast.se\/orientering\/wp-json\/wp\/v2\/media?parent=5719"}],"wp:term":[{"taxonomy":"post_tag","embeddable":true,"href":"https:\/\/www.ifmarinvast.se\/orientering\/wp-json\/wp\/v2\/tags?post=5719"},{"taxonomy":"tribe_events_cat","embeddable":true,"href":"https:\/\/www.ifmarinvast.se\/orientering\/wp-json\/wp\/v2\/tribe_events_cat?post=5719"}],"curies":[{"name":"wp","href":"https:\/\/api.w.org\/{rel}","templated":true}]}}

Tisdagsträning i Påvelund

<p>Samling vid Påvelunds Motionscentral. Start från klockan 18.</p>
<p>På denna träning finns det Miniknat för de yngsta. Det blir en 500 m snitslad bana.</p>

<p>Samling vid Påvelunds Motionscentral. Start från klockan 18. På denna träning finns det Miniknat för de yngsta. Det blir en 500 m snitslad bana.</p>
