{"id":5709,"date":"2020-08-10T20:13:40","date_gmt":"2020-08-10T18:13:40","guid":{"rendered":"http:\/\/www.ifmarinvast.se\/orientering\/?post_type=tribe_events&#038;p=5709"},"modified":"2020-08-11T20:36:19","modified_gmt":"2020-08-11T18:36:19","slug":"tisdagstraning-i-ruddalen-2","status":"publish","type":"tribe_events","link":"https:\/\/www.ifmarinvast.se\/orientering\/kalender\/tisdagstraning-i-ruddalen-2\/","title":{"rendered":"Tisdagstr\u00e4ning i Ruddalen"},"content":{"rendered":"<div dir=\"auto\">Start fr\u00e5n kl 18.00.<\/div>\n<div dir=\"auto\"><strong>Samling<\/strong>: <a href=\"https:\/\/goo.gl\/maps\/a3Dq3PgpB61R5kd78\">Gr\u00e4smattan bakom det l\u00e5nga huset p\u00e5 Musikv\u00e4gen<\/a>, gul prick p\u00e5 kartan nedan.<\/div>\n<div dir=\"auto\"><strong>Cykla<\/strong>: Cykelv\u00e4g dit via G\u00e5ngl\u00e5ten eller Ruddalen (r\u00f6tt).<\/div>\n<div dir=\"auto\">\n<div dir=\"auto\"><strong>Kollektivt<\/strong>: h\u00e5llplats Fr\u00f6lunda torg, g\u00e5 GC-banan till h\u00f6ger om kulturhuset ca 1km norrut f\u00f6rbi Positivparken och radhusomr\u00e5det (gr\u00f6nt).<\/div>\n<div dir=\"auto\"><strong>Bil<\/strong>: parkering vid Ruddalens IP, g\u00e5ngv\u00e4g via stig fr\u00e5n SV h\u00f6rnet av parkeringen (bl\u00e5tt).<\/div>\n<\/div>\n<div dir=\"auto\"><a href=\"https:\/\/www.ifmarinvast.se\/orientering\/wp-content\/uploads\/2020\/08\/IMG_20200811_120812.jpg\"><img loading=\"lazy\" decoding=\"async\" class=\"alignnone size-full wp-image-5734\" src=\"https:\/\/www.ifmarinvast.se\/orientering\/wp-content\/uploads\/2020\/08\/IMG_20200811_120812.jpg\" alt=\"\" width=\"1062\" height=\"1388\" srcset=\"https:\/\/www.ifmarinvast.se\/orientering\/wp-content\/uploads\/2020\/08\/IMG_20200811_120812.jpg 1062w, https:\/\/www.ifmarinvast.se\/orientering\/wp-content\/uploads\/2020\/08\/IMG_20200811_120812-230x300.jpg 230w, https:\/\/www.ifmarinvast.se\/orientering\/wp-content\/uploads\/2020\/08\/IMG_20200811_120812-783x1024.jpg 783w, https:\/\/www.ifmarinvast.se\/orientering\/wp-content\/uploads\/2020\/08\/IMG_20200811_120812-768x1004.jpg 768w\" sizes=\"auto, (max-width: 1062px) 100vw, 1062px\" \/><\/a><\/div>\n<div dir=\"auto\"><\/div>\n","protected":false},"excerpt":{"rendered":"<p>Start fr\u00e5n kl 18.00. Samling: Gr\u00e4smattan bakom det l\u00e5nga huset p\u00e5 Musikv\u00e4gen, gul prick p\u00e5 kartan nedan. Cykla: Cykelv\u00e4g dit via G\u00e5ngl\u00e5ten eller Ruddalen (r\u00f6tt). Kollektivt: h\u00e5llplats Fr\u00f6lunda torg, g\u00e5 [&hellip;]<\/p>\n","protected":false},"author":4,"featured_media":0,"template":"","meta":{"_tribe_events_status":"","_tribe_events_status_reason":"","footnotes":""},"tags":[],"tribe_events_cat":[],"class_list":["post-5709","tribe_events","type-tribe_events","status-publish","hentry"],"_links":{"self":[{"href":"https:\/\/www.ifmarinvast.se\/orientering\/wp-json\/wp\/v2\/tribe_events\/5709","targetHints":{"allow":["GET"]}}],"collection":[{"href":"https:\/\/www.ifmarinvast.se\/orientering\/wp-json\/wp\/v2\/tribe_events"}],"about":[{"href":"https:\/\/www.ifmarinvast.se\/orientering\/wp-json\/wp\/v2\/types\/tribe_events"}],"author":[{"embeddable":true,"href":"https:\/\/www.ifmarinvast.se\/orientering\/wp-json\/wp\/v2\/users\/4"}],"version-history":[{"count":3,"href":"https:\/\/www.ifmarinvast.se\/orientering\/wp-json\/wp\/v2\/tribe_events\/5709\/revisions"}],"predecessor-version":[{"id":5736,"href":"https:\/\/www.ifmarinvast.se\/orientering\/wp-json\/wp\/v2\/tribe_events\/5709\/revisions\/5736"}],"wp:attachment":[{"href":"https:\/\/www.ifmarinvast.se\/orientering\/wp-json\/wp\/v2\/media?parent=5709"}],"wp:term":[{"taxonomy":"post_tag","embeddable":true,"href":"https:\/\/www.ifmarinvast.se\/orientering\/wp-json\/wp\/v2\/tags?post=5709"},{"taxonomy":"tribe_events_cat","embeddable":true,"href":"https:\/\/www.ifmarinvast.se\/orientering\/wp-json\/wp\/v2\/tribe_events_cat?post=5709"}],"curies":[{"name":"wp","href":"https:\/\/api.w.org\/{rel}","templated":true}]}}

Tisdagsträning i Ruddalen

<div dir="auto">Start från kl 18.00.</div>
<div dir="auto"><strong>Samling</strong>: <a href="https://goo.gl/maps/a3Dq3PgpB61R5kd78">Gräsmattan bakom det långa huset på Musikvägen</a>, gul prick på kartan nedan.</div>
<div dir="auto"><strong>Cykla</strong>: Cykelväg dit via Gånglåten eller Ruddalen (rött).</div>
<div dir="auto">
<div dir="auto"><strong>Kollektivt</strong>: hållplats Frölunda torg, gå GC-banan till höger om kulturhuset ca 1km norrut förbi Positivparken och radhusområdet (grönt).</div>
<div dir="auto"><strong>Bil</strong>: parkering vid Ruddalens IP, gångväg via stig från SV hörnet av parkeringen (blått).</div>
</div>
<div dir="auto"><a href="https://www.ifmarinvast.se/orientering/wp-content/uploads/2020/08/IMG_20200811_120812.jpg"><img loading="lazy" decoding="async" class="alignnone size-full wp-image-5734" src="https://www.ifmarinvast.se/orientering/wp-content/uploads/2020/08/IMG_20200811_120812.jpg" alt="" width="1062" height="1388" srcset="https://www.ifmarinvast.se/orientering/wp-content/uploads/2020/08/IMG_20200811_120812.jpg 1062w, https://www.ifmarinvast.se/orientering/wp-content/uploads/2020/08/IMG_20200811_120812-230x300.jpg 230w, https://www.ifmarinvast.se/orientering/wp-content/uploads/2020/08/IMG_20200811_120812-783x1024.jpg 783w, https://www.ifmarinvast.se/orientering/wp-content/uploads/2020/08/IMG_20200811_120812-768x1004.jpg 768w" sizes="auto, (max-width: 1062px) 100vw, 1062px" /></a></div>
<div dir="auto"></div>

<p>Start från kl 18.00. Samling: Gräsmattan bakom det långa huset på Musikvägen, gul prick på kartan nedan. Cykla: Cykelväg dit via Gånglåten eller Ruddalen (rött). Kollektivt: hållplats Frölunda torg, gå [&hellip;]</p>
