{"id":5581,"date":"2020-03-30T18:02:31","date_gmt":"2020-03-30T16:02:31","guid":{"rendered":"http:\/\/www.ifmarinvast.se\/orientering\/?post_type=tribe_events&#038;p=5581"},"modified":"2020-05-07T17:38:06","modified_gmt":"2020-05-07T15:38:06","slug":"klubblager-i-dammekarr","status":"publish","type":"tribe_events","link":"https:\/\/www.ifmarinvast.se\/orientering\/kalender\/klubblager-i-dammekarr\/","title":{"rendered":"Klubbl\u00e4ger i Dammek\u00e4rr"},"content":{"rendered":"<div>Vi samlas kl 9 i Alehofstugan ( <a href=\"https:\/\/goo.gl\/maps\/Gfpq2HZSECgUen7t5\" target=\"_blank\" rel=\"noopener noreferrer\" data-saferedirecturl=\"https:\/\/www.google.com\/url?q=https:\/\/goo.gl\/maps\/Gfpq2HZSECgUen7t5&amp;source=gmail&amp;ust=1588952171421000&amp;usg=AFQjCNHPs8s3u6whhbZxuk0G0HS46iHa9w\">Dammek\u00e4rrsv\u00e4gen 5 i N\u00f6dinge<\/a> ) och h\u00e5ller p\u00e5 till ca kl 16. B\u00e5da l\u00f6rdag och S\u00f6ndag.<\/div>\n<div><\/div>\n<div>Vi kommer ha tillg\u00e5ng till huset\u00a0 men vi ska vara utomhus. -S\u00e5 ta med er extra kl\u00e4der framf\u00f6r allt strumpor. Jag tror det skall bli bra v\u00e4der men det \u00e4r alltid bra med regnkl\u00e4der.<\/div>\n<div><\/div>\n<div>Jag har best\u00e4llt 19 pizzor ( 9 Margaritas, 5 veg. pizzor och 5 vesuvio ) \u00a0och de k\u00f6r ut det till oss kl 13. Om ni vill ha kaffe eller Te tar var och en med egen termos.<\/div>\n<div>Vi fixar n\u00e5got fikabr\u00f6d men \u00e4r det n\u00e5gon som vill fylla p\u00e5 extra med n\u00e5gon sm\u00f6rg\u00e5s f\u00e5r det tas med.<\/div>\n<div>P\u00e5 s\u00f6ndag hade jag t\u00e4nkt att vi skall grilla, det finns en stor grillplats d\u00e4r.<\/div>\n<div><span style=\"color: #ff0000;\"><b>\u00a0<\/b><\/span><\/div>\n<div><span style=\"color: #ff0000;\"><b>N\u00e5got som \u00e4r mycket viktigt vi m\u00e5ste h\u00e5lla avst\u00e5nd till varandra, p\u00e5 l\u00f6rdag \u00e4r vi 21 personer och 15 personer p\u00e5 s\u00f6ndag.<\/b> \u00a0<\/span><\/div>\n<div><span style=\"color: #000000;\">\u00a0<\/span><\/div>\n<div><span style=\"color: #000000;\">Alehof har hj\u00e4lpt oss att l\u00e4gga banorna s\u00e5 det skall bli roligt att testa det h\u00e4r. \u00a0<\/span><\/div>\n<div><span style=\"color: #000000;\">Vi kommer ha en nyb\u00f6rjakurs som \u00e4r blandat med b\u00e5de vuxna och barn ( Karin och G\u00f6sta kommer h\u00e5lla i det h\u00e4r med Lena som assistent )<\/span><\/div>\n<div><\/div>\n<div><span style=\"color: #000000;\">MVH Lena\u00a0<\/span><\/div>\n<div><\/div>\n<blockquote class=\"wp-embedded-content\" data-secret=\"iY6ShLBK0a\"><p><a href=\"https:\/\/www.ifmarinvast.se\/orientering\/inbjudan-till-varens-orienteringslager\/\">Inbjudan till v\u00e5rens orienteringsl\u00e4ger<\/a><\/p><\/blockquote>\n<p><iframe loading=\"lazy\" class=\"wp-embedded-content\" sandbox=\"allow-scripts\" security=\"restricted\" style=\"position: absolute; visibility: hidden;\" title=\"\u201dInbjudan till v\u00e5rens orienteringsl\u00e4ger\u201d &ndash; IF Marin V\u00e4st\" src=\"https:\/\/www.ifmarinvast.se\/orientering\/inbjudan-till-varens-orienteringslager\/embed\/#?secret=xmz34X2uZG#?secret=iY6ShLBK0a\" data-secret=\"iY6ShLBK0a\" width=\"600\" height=\"338\" frameborder=\"0\" marginwidth=\"0\" marginheight=\"0\" scrolling=\"no\"><\/iframe><\/p>\n","protected":false},"excerpt":{"rendered":"<p>Vi samlas kl 9 i Alehofstugan ( Dammek\u00e4rrsv\u00e4gen 5 i N\u00f6dinge ) och h\u00e5ller p\u00e5 till ca kl 16. B\u00e5da l\u00f6rdag och S\u00f6ndag. Vi kommer ha tillg\u00e5ng till huset\u00a0 men [&hellip;]<\/p>\n","protected":false},"author":4,"featured_media":0,"template":"","meta":{"_tribe_events_status":"","_tribe_events_status_reason":"","footnotes":""},"tags":[],"tribe_events_cat":[],"class_list":["post-5581","tribe_events","type-tribe_events","status-publish","hentry"],"_links":{"self":[{"href":"https:\/\/www.ifmarinvast.se\/orientering\/wp-json\/wp\/v2\/tribe_events\/5581","targetHints":{"allow":["GET"]}}],"collection":[{"href":"https:\/\/www.ifmarinvast.se\/orientering\/wp-json\/wp\/v2\/tribe_events"}],"about":[{"href":"https:\/\/www.ifmarinvast.se\/orientering\/wp-json\/wp\/v2\/types\/tribe_events"}],"author":[{"embeddable":true,"href":"https:\/\/www.ifmarinvast.se\/orientering\/wp-json\/wp\/v2\/users\/4"}],"version-history":[{"count":3,"href":"https:\/\/www.ifmarinvast.se\/orientering\/wp-json\/wp\/v2\/tribe_events\/5581\/revisions"}],"predecessor-version":[{"id":5641,"href":"https:\/\/www.ifmarinvast.se\/orientering\/wp-json\/wp\/v2\/tribe_events\/5581\/revisions\/5641"}],"wp:attachment":[{"href":"https:\/\/www.ifmarinvast.se\/orientering\/wp-json\/wp\/v2\/media?parent=5581"}],"wp:term":[{"taxonomy":"post_tag","embeddable":true,"href":"https:\/\/www.ifmarinvast.se\/orientering\/wp-json\/wp\/v2\/tags?post=5581"},{"taxonomy":"tribe_events_cat","embeddable":true,"href":"https:\/\/www.ifmarinvast.se\/orientering\/wp-json\/wp\/v2\/tribe_events_cat?post=5581"}],"curies":[{"name":"wp","href":"https:\/\/api.w.org\/{rel}","templated":true}]}}

Klubbläger i Dammekärr

<div>Vi samlas kl 9 i Alehofstugan ( <a href="https://goo.gl/maps/Gfpq2HZSECgUen7t5" target="_blank" rel="noopener noreferrer" data-saferedirecturl="https://www.google.com/url?q=https://goo.gl/maps/Gfpq2HZSECgUen7t5&amp;source=gmail&amp;ust=1588952171421000&amp;usg=AFQjCNHPs8s3u6whhbZxuk0G0HS46iHa9w">Dammekärrsvägen 5 i Nödinge</a> ) och håller på till ca kl 16. Båda lördag och Söndag.</div>
<div></div>
<div>Vi kommer ha tillgång till huset  men vi ska vara utomhus. -Så ta med er extra kläder framför allt strumpor. Jag tror det skall bli bra väder men det är alltid bra med regnkläder.</div>
<div></div>
<div>Jag har beställt 19 pizzor ( 9 Margaritas, 5 veg. pizzor och 5 vesuvio )  och de kör ut det till oss kl 13. Om ni vill ha kaffe eller Te tar var och en med egen termos.</div>
<div>Vi fixar något fikabröd men är det någon som vill fylla på extra med någon smörgås får det tas med.</div>
<div>På söndag hade jag tänkt att vi skall grilla, det finns en stor grillplats där.</div>
<div><span style="color: #ff0000;"><b> </b></span></div>
<div><span style="color: #ff0000;"><b>Något som är mycket viktigt vi måste hålla avstånd till varandra, på lördag är vi 21 personer och 15 personer på söndag.</b>  </span></div>
<div><span style="color: #000000;"> </span></div>
<div><span style="color: #000000;">Alehof har hjälpt oss att lägga banorna så det skall bli roligt att testa det här.  </span></div>
<div><span style="color: #000000;">Vi kommer ha en nybörjakurs som är blandat med både vuxna och barn ( Karin och Gösta kommer hålla i det här med Lena som assistent )</span></div>
<div></div>
<div><span style="color: #000000;">MVH Lena </span></div>
<div></div>
<blockquote class="wp-embedded-content" data-secret="iY6ShLBK0a"><p><a href="https://www.ifmarinvast.se/orientering/inbjudan-till-varens-orienteringslager/">Inbjudan till vårens orienteringsläger</a></p></blockquote>
<p><iframe loading="lazy" class="wp-embedded-content" sandbox="allow-scripts" security="restricted" style="position: absolute; visibility: hidden;" title="”Inbjudan till vårens orienteringsläger” &ndash; IF Marin Väst" src="https://www.ifmarinvast.se/orientering/inbjudan-till-varens-orienteringslager/embed/#?secret=xmz34X2uZG#?secret=iY6ShLBK0a" data-secret="iY6ShLBK0a" width="600" height="338" frameborder="0" marginwidth="0" marginheight="0" scrolling="no"></iframe></p>

<p>Vi samlas kl 9 i Alehofstugan ( Dammekärrsvägen 5 i Nödinge ) och håller på till ca kl 16. Båda lördag och Söndag. Vi kommer ha tillgång till huset  men [&hellip;]</p>
