{"id":5575,"date":"2020-03-30T17:59:23","date_gmt":"2020-03-30T15:59:23","guid":{"rendered":"http:\/\/www.ifmarinvast.se\/orientering\/?post_type=tribe_events&#038;p=5575"},"modified":"2020-03-31T17:30:41","modified_gmt":"2020-03-31T15:30:41","slug":"tisdagstraning-25","status":"publish","type":"tribe_events","link":"https:\/\/www.ifmarinvast.se\/orientering\/kalender\/tisdagstraning-25\/","title":{"rendered":"Tisdagstr\u00e4ning i Ruddalen"},"content":{"rendered":"<p><strong>Samling:<\/strong><br \/>\nNorra fotbollsplanerna i Ruddalen. Fr\u00e5n Grimmeredsv\u00e4gen ta Kav\u00e5sv\u00e4gen tills den slutar!<\/p>\n<p><strong>Banor:<\/strong><\/p>\n<ul>\n<li>Vit 1,5 km f\u00f6r nyb\u00f6rjare<\/li>\n<li>Gul 2,0 km ganska l\u00e4tt<\/li>\n<li>Orange 2,8 km medelsv\u00e5r<\/li>\n<li>Bl\u00e5\/Svart 3,2 km sv\u00e5r<\/li>\n<\/ul>\n<p><strong>Start:<\/strong>\u00a0 18.00 \u2013 18.30<\/p>\n","protected":false},"excerpt":{"rendered":"<p>Samling: Norra fotbollsplanerna i Ruddalen. Fr\u00e5n Grimmeredsv\u00e4gen ta Kav\u00e5sv\u00e4gen tills den slutar! Banor: Vit 1,5 km f\u00f6r nyb\u00f6rjare Gul 2,0 km ganska l\u00e4tt Orange 2,8 km medelsv\u00e5r Bl\u00e5\/Svart 3,2 km [&hellip;]<\/p>\n","protected":false},"author":4,"featured_media":0,"template":"","meta":{"_tribe_events_status":"","_tribe_events_status_reason":"","footnotes":""},"tags":[],"tribe_events_cat":[],"class_list":["post-5575","tribe_events","type-tribe_events","status-publish","hentry"],"_links":{"self":[{"href":"https:\/\/www.ifmarinvast.se\/orientering\/wp-json\/wp\/v2\/tribe_events\/5575","targetHints":{"allow":["GET"]}}],"collection":[{"href":"https:\/\/www.ifmarinvast.se\/orientering\/wp-json\/wp\/v2\/tribe_events"}],"about":[{"href":"https:\/\/www.ifmarinvast.se\/orientering\/wp-json\/wp\/v2\/types\/tribe_events"}],"author":[{"embeddable":true,"href":"https:\/\/www.ifmarinvast.se\/orientering\/wp-json\/wp\/v2\/users\/4"}],"version-history":[{"count":6,"href":"https:\/\/www.ifmarinvast.se\/orientering\/wp-json\/wp\/v2\/tribe_events\/5575\/revisions"}],"predecessor-version":[{"id":5605,"href":"https:\/\/www.ifmarinvast.se\/orientering\/wp-json\/wp\/v2\/tribe_events\/5575\/revisions\/5605"}],"wp:attachment":[{"href":"https:\/\/www.ifmarinvast.se\/orientering\/wp-json\/wp\/v2\/media?parent=5575"}],"wp:term":[{"taxonomy":"post_tag","embeddable":true,"href":"https:\/\/www.ifmarinvast.se\/orientering\/wp-json\/wp\/v2\/tags?post=5575"},{"taxonomy":"tribe_events_cat","embeddable":true,"href":"https:\/\/www.ifmarinvast.se\/orientering\/wp-json\/wp\/v2\/tribe_events_cat?post=5575"}],"curies":[{"name":"wp","href":"https:\/\/api.w.org\/{rel}","templated":true}]}}

Tisdagsträning i Ruddalen

<p><strong>Samling:</strong><br />
Norra fotbollsplanerna i Ruddalen. Från Grimmeredsvägen ta Kavåsvägen tills den slutar!</p>
<p><strong>Banor:</strong></p>
<ul>
<li>Vit 1,5 km för nybörjare</li>
<li>Gul 2,0 km ganska lätt</li>
<li>Orange 2,8 km medelsvår</li>
<li>Blå/Svart 3,2 km svår</li>
</ul>
<p><strong>Start:</strong>  18.00 – 18.30</p>

<p>Samling: Norra fotbollsplanerna i Ruddalen. Från Grimmeredsvägen ta Kavåsvägen tills den slutar! Banor: Vit 1,5 km för nybörjare Gul 2,0 km ganska lätt Orange 2,8 km medelsvår Blå/Svart 3,2 km [&hellip;]</p>
