{"id":5529,"date":"2020-01-20T18:36:11","date_gmt":"2020-01-20T17:36:11","guid":{"rendered":"http:\/\/www.ifmarinvast.se\/orientering\/?post_type=tribe_events&#038;p=5529"},"modified":"2020-01-20T18:38:04","modified_gmt":"2020-01-20T17:38:04","slug":"lordagstraning-i-anggardsbergen-22-februari","status":"publish","type":"tribe_events","link":"https:\/\/www.ifmarinvast.se\/orientering\/kalender\/lordagstraning-i-anggardsbergen-22-februari\/","title":{"rendered":"L\u00f6rdagstr\u00e4ning i \u00c4ngg\u00e5rdsbergen 22 februari"},"content":{"rendered":"<blockquote class=\"wp-embedded-content\" data-secret=\"1nYjLXr62p\"><p><a href=\"https:\/\/www.ifmarinvast.se\/orientering\/lordagstraning-22-februari\/\">L\u00f6rdagstr\u00e4ning i \u00c4ngg\u00e5rdsbergen 22 februari<\/a><\/p><\/blockquote>\n<p><iframe loading=\"lazy\" class=\"wp-embedded-content\" sandbox=\"allow-scripts\" security=\"restricted\" style=\"position: absolute; visibility: hidden;\" title=\"\u201dL\u00f6rdagstr\u00e4ning i \u00c4ngg\u00e5rdsbergen 22 februari\u201d &ndash; IF Marin V\u00e4st\" src=\"https:\/\/www.ifmarinvast.se\/orientering\/lordagstraning-22-februari\/embed\/#?secret=jtWurW65Fc#?secret=1nYjLXr62p\" data-secret=\"1nYjLXr62p\" width=\"600\" height=\"338\" frameborder=\"0\" marginwidth=\"0\" marginheight=\"0\" scrolling=\"no\"><\/iframe><\/p>\n","protected":false},"excerpt":{"rendered":"<p>L\u00f6rdagstr\u00e4ning i \u00c4ngg\u00e5rdsbergen 22 februari<\/p>\n","protected":false},"author":4,"featured_media":0,"template":"","meta":{"_tribe_events_status":"","_tribe_events_status_reason":"","footnotes":""},"tags":[],"tribe_events_cat":[],"class_list":["post-5529","tribe_events","type-tribe_events","status-publish","hentry"],"_links":{"self":[{"href":"https:\/\/www.ifmarinvast.se\/orientering\/wp-json\/wp\/v2\/tribe_events\/5529","targetHints":{"allow":["GET"]}}],"collection":[{"href":"https:\/\/www.ifmarinvast.se\/orientering\/wp-json\/wp\/v2\/tribe_events"}],"about":[{"href":"https:\/\/www.ifmarinvast.se\/orientering\/wp-json\/wp\/v2\/types\/tribe_events"}],"author":[{"embeddable":true,"href":"https:\/\/www.ifmarinvast.se\/orientering\/wp-json\/wp\/v2\/users\/4"}],"version-history":[{"count":1,"href":"https:\/\/www.ifmarinvast.se\/orientering\/wp-json\/wp\/v2\/tribe_events\/5529\/revisions"}],"predecessor-version":[{"id":5530,"href":"https:\/\/www.ifmarinvast.se\/orientering\/wp-json\/wp\/v2\/tribe_events\/5529\/revisions\/5530"}],"wp:attachment":[{"href":"https:\/\/www.ifmarinvast.se\/orientering\/wp-json\/wp\/v2\/media?parent=5529"}],"wp:term":[{"taxonomy":"post_tag","embeddable":true,"href":"https:\/\/www.ifmarinvast.se\/orientering\/wp-json\/wp\/v2\/tags?post=5529"},{"taxonomy":"tribe_events_cat","embeddable":true,"href":"https:\/\/www.ifmarinvast.se\/orientering\/wp-json\/wp\/v2\/tribe_events_cat?post=5529"}],"curies":[{"name":"wp","href":"https:\/\/api.w.org\/{rel}","templated":true}]}}

Lördagsträning i Änggårdsbergen 22 februari

<blockquote class="wp-embedded-content" data-secret="1nYjLXr62p"><p><a href="https://www.ifmarinvast.se/orientering/lordagstraning-22-februari/">Lördagsträning i Änggårdsbergen 22 februari</a></p></blockquote>
<p><iframe loading="lazy" class="wp-embedded-content" sandbox="allow-scripts" security="restricted" style="position: absolute; visibility: hidden;" title="”Lördagsträning i Änggårdsbergen 22 februari” &ndash; IF Marin Väst" src="https://www.ifmarinvast.se/orientering/lordagstraning-22-februari/embed/#?secret=jtWurW65Fc#?secret=1nYjLXr62p" data-secret="1nYjLXr62p" width="600" height="338" frameborder="0" marginwidth="0" marginheight="0" scrolling="no"></iframe></p>

<p>Lördagsträning i Änggårdsbergen 22 februari</p>
