{"id":5510,"date":"2020-01-10T15:21:05","date_gmt":"2020-01-10T14:21:05","guid":{"rendered":"http:\/\/www.ifmarinvast.se\/orientering\/?post_type=tribe_events&#038;p=5510"},"modified":"2020-01-10T15:21:05","modified_gmt":"2020-01-10T14:21:05","slug":"innetraning-i-hagenskolans-gymnastiksal-11","status":"publish","type":"tribe_events","link":"https:\/\/www.ifmarinvast.se\/orientering\/kalender\/innetraning-i-hagenskolans-gymnastiksal-11\/","title":{"rendered":"Innetr\u00e4ning i Hagenskolans gymnastiksal"},"content":{"rendered":"<p>Innetr\u00e4ning i Hagenskolans gymnastiksal. Omkl\u00e4dningsrummen och hallen \u00f6ppnar 18:00 och vi h\u00e5ller p\u00e5 till ca 19:30. Det blir traditionsenlig stationsgympa och innebandy och alla kan vara med.<\/p>\n","protected":false},"excerpt":{"rendered":"<p>Innetr\u00e4ning i Hagenskolans gymnastiksal. Omkl\u00e4dningsrummen och hallen \u00f6ppnar 18:00 och vi h\u00e5ller p\u00e5 till ca 19:30. Det blir traditionsenlig stationsgympa och innebandy och alla kan vara med.<\/p>\n","protected":false},"author":4,"featured_media":0,"template":"","meta":{"_tribe_events_status":"","_tribe_events_status_reason":"","footnotes":""},"tags":[],"tribe_events_cat":[],"class_list":["post-5510","tribe_events","type-tribe_events","status-publish","hentry"],"_links":{"self":[{"href":"https:\/\/www.ifmarinvast.se\/orientering\/wp-json\/wp\/v2\/tribe_events\/5510","targetHints":{"allow":["GET"]}}],"collection":[{"href":"https:\/\/www.ifmarinvast.se\/orientering\/wp-json\/wp\/v2\/tribe_events"}],"about":[{"href":"https:\/\/www.ifmarinvast.se\/orientering\/wp-json\/wp\/v2\/types\/tribe_events"}],"author":[{"embeddable":true,"href":"https:\/\/www.ifmarinvast.se\/orientering\/wp-json\/wp\/v2\/users\/4"}],"version-history":[{"count":1,"href":"https:\/\/www.ifmarinvast.se\/orientering\/wp-json\/wp\/v2\/tribe_events\/5510\/revisions"}],"predecessor-version":[{"id":5511,"href":"https:\/\/www.ifmarinvast.se\/orientering\/wp-json\/wp\/v2\/tribe_events\/5510\/revisions\/5511"}],"wp:attachment":[{"href":"https:\/\/www.ifmarinvast.se\/orientering\/wp-json\/wp\/v2\/media?parent=5510"}],"wp:term":[{"taxonomy":"post_tag","embeddable":true,"href":"https:\/\/www.ifmarinvast.se\/orientering\/wp-json\/wp\/v2\/tags?post=5510"},{"taxonomy":"tribe_events_cat","embeddable":true,"href":"https:\/\/www.ifmarinvast.se\/orientering\/wp-json\/wp\/v2\/tribe_events_cat?post=5510"}],"curies":[{"name":"wp","href":"https:\/\/api.w.org\/{rel}","templated":true}]}}

Inneträning i Hagenskolans gymnastiksal

<p>Inneträning i Hagenskolans gymnastiksal. Omklädningsrummen och hallen öppnar 18:00 och vi håller på till ca 19:30. Det blir traditionsenlig stationsgympa och innebandy och alla kan vara med.</p>
