{"id":5426,"date":"2019-09-04T14:20:36","date_gmt":"2019-09-04T12:20:36","guid":{"rendered":"http:\/\/www.ifmarinvast.se\/orientering\/?post_type=tribe_events&#038;p=5426"},"modified":"2019-09-04T14:20:36","modified_gmt":"2019-09-04T12:20:36","slug":"bornholm-host-open-2","status":"publish","type":"tribe_events","link":"https:\/\/www.ifmarinvast.se\/orientering\/kalender\/bornholm-host-open-2\/","title":{"rendered":"Bornholm H\u00f6st Open"},"content":{"rendered":"<table  class=\" table table-hover\" >\n<tbody>\n<tr>\n<td><a href=\"http:\/\/host-open.dk\/\">http:\/\/host-open.dk\/<\/a><\/p>\n<p>Boende: Vi har tittat ut ett klubbhotell som flera skall bo p\u00e5: <a href=\"https:\/\/www.bbhotels.dk\/hotel-roenne\/\">https:\/\/www.bbhotels.dk\/hotel-roenne\/<\/a> Var och en beh\u00f6ver g\u00e5 in och boka och f\u00f6rhandsbetala. \u00c4ven f\u00e4rja beh\u00f6ver bokas i tid. De klubbmedlemmar som deltar kommer \u00f6verens om sam\u00e5kning.<\/td>\n<\/tr>\n<\/tbody>\n<\/table>\n","protected":false},"excerpt":{"rendered":"<p>http:\/\/host-open.dk\/ Boende: Vi har tittat ut ett klubbhotell som flera skall bo p\u00e5: https:\/\/www.bbhotels.dk\/hotel-roenne\/ Var och en beh\u00f6ver g\u00e5 in och boka och f\u00f6rhandsbetala. \u00c4ven f\u00e4rja beh\u00f6ver bokas i tid. [&hellip;]<\/p>\n","protected":false},"author":4,"featured_media":0,"template":"","meta":{"_tribe_events_status":"","_tribe_events_status_reason":"","footnotes":""},"tags":[],"tribe_events_cat":[],"class_list":["post-5426","tribe_events","type-tribe_events","status-publish","hentry"],"_links":{"self":[{"href":"https:\/\/www.ifmarinvast.se\/orientering\/wp-json\/wp\/v2\/tribe_events\/5426","targetHints":{"allow":["GET"]}}],"collection":[{"href":"https:\/\/www.ifmarinvast.se\/orientering\/wp-json\/wp\/v2\/tribe_events"}],"about":[{"href":"https:\/\/www.ifmarinvast.se\/orientering\/wp-json\/wp\/v2\/types\/tribe_events"}],"author":[{"embeddable":true,"href":"https:\/\/www.ifmarinvast.se\/orientering\/wp-json\/wp\/v2\/users\/4"}],"version-history":[{"count":1,"href":"https:\/\/www.ifmarinvast.se\/orientering\/wp-json\/wp\/v2\/tribe_events\/5426\/revisions"}],"predecessor-version":[{"id":5427,"href":"https:\/\/www.ifmarinvast.se\/orientering\/wp-json\/wp\/v2\/tribe_events\/5426\/revisions\/5427"}],"wp:attachment":[{"href":"https:\/\/www.ifmarinvast.se\/orientering\/wp-json\/wp\/v2\/media?parent=5426"}],"wp:term":[{"taxonomy":"post_tag","embeddable":true,"href":"https:\/\/www.ifmarinvast.se\/orientering\/wp-json\/wp\/v2\/tags?post=5426"},{"taxonomy":"tribe_events_cat","embeddable":true,"href":"https:\/\/www.ifmarinvast.se\/orientering\/wp-json\/wp\/v2\/tribe_events_cat?post=5426"}],"curies":[{"name":"wp","href":"https:\/\/api.w.org\/{rel}","templated":true}]}}

Bornholm Höst Open

<table  class=" table table-hover" >
<tbody>
<tr>
<td><a href="http://host-open.dk/">http://host-open.dk/</a></p>
<p>Boende: Vi har tittat ut ett klubbhotell som flera skall bo på: <a href="https://www.bbhotels.dk/hotel-roenne/">https://www.bbhotels.dk/hotel-roenne/</a> Var och en behöver gå in och boka och förhandsbetala. Även färja behöver bokas i tid. De klubbmedlemmar som deltar kommer överens om samåkning.</td>
</tr>
</tbody>
</table>

<p>http://host-open.dk/ Boende: Vi har tittat ut ett klubbhotell som flera skall bo på: https://www.bbhotels.dk/hotel-roenne/ Var och en behöver gå in och boka och förhandsbetala. Även färja behöver bokas i tid. [&hellip;]</p>
