{"id":5412,"date":"2019-09-04T14:08:36","date_gmt":"2019-09-04T12:08:36","guid":{"rendered":"http:\/\/www.ifmarinvast.se\/orientering\/?post_type=tribe_events&#038;p=5412"},"modified":"2019-09-26T08:22:00","modified_gmt":"2019-09-26T06:22:00","slug":"lordagstraning-orientering","status":"publish","type":"tribe_events","link":"https:\/\/www.ifmarinvast.se\/orientering\/kalender\/lordagstraning-orientering\/","title":{"rendered":"L\u00f6rdagstr\u00e4ning Orientering i Sisj\u00f6n"},"content":{"rendered":"<p>Samling den 28 september klockan 11.00 vid <strong>Sisj\u00f6ns badplats<\/strong>.<br \/>\nVi kommer att springa orienteringsbanor som anv\u00e4ndes p\u00e5 OL-skyttet\u00e4vlingen som f\u00f6reningen arrangerade i v\u00e5ras.<\/p>\n","protected":false},"excerpt":{"rendered":"<p>Samling den 28 september klockan 11.00 vid Sisj\u00f6ns badplats. Vi kommer att springa orienteringsbanor som anv\u00e4ndes p\u00e5 OL-skyttet\u00e4vlingen som f\u00f6reningen arrangerade i v\u00e5ras.<\/p>\n","protected":false},"author":4,"featured_media":0,"template":"","meta":{"_tribe_events_status":"","_tribe_events_status_reason":"","footnotes":""},"tags":[],"tribe_events_cat":[],"class_list":["post-5412","tribe_events","type-tribe_events","status-publish","hentry"],"_links":{"self":[{"href":"https:\/\/www.ifmarinvast.se\/orientering\/wp-json\/wp\/v2\/tribe_events\/5412","targetHints":{"allow":["GET"]}}],"collection":[{"href":"https:\/\/www.ifmarinvast.se\/orientering\/wp-json\/wp\/v2\/tribe_events"}],"about":[{"href":"https:\/\/www.ifmarinvast.se\/orientering\/wp-json\/wp\/v2\/types\/tribe_events"}],"author":[{"embeddable":true,"href":"https:\/\/www.ifmarinvast.se\/orientering\/wp-json\/wp\/v2\/users\/4"}],"version-history":[{"count":3,"href":"https:\/\/www.ifmarinvast.se\/orientering\/wp-json\/wp\/v2\/tribe_events\/5412\/revisions"}],"predecessor-version":[{"id":5458,"href":"https:\/\/www.ifmarinvast.se\/orientering\/wp-json\/wp\/v2\/tribe_events\/5412\/revisions\/5458"}],"wp:attachment":[{"href":"https:\/\/www.ifmarinvast.se\/orientering\/wp-json\/wp\/v2\/media?parent=5412"}],"wp:term":[{"taxonomy":"post_tag","embeddable":true,"href":"https:\/\/www.ifmarinvast.se\/orientering\/wp-json\/wp\/v2\/tags?post=5412"},{"taxonomy":"tribe_events_cat","embeddable":true,"href":"https:\/\/www.ifmarinvast.se\/orientering\/wp-json\/wp\/v2\/tribe_events_cat?post=5412"}],"curies":[{"name":"wp","href":"https:\/\/api.w.org\/{rel}","templated":true}]}}

Lördagsträning Orientering i Sisjön

<p>Samling den 28 september klockan 11.00 vid <strong>Sisjöns badplats</strong>.<br />
Vi kommer att springa orienteringsbanor som användes på OL-skyttetävlingen som föreningen arrangerade i våras.</p>

<p>Samling den 28 september klockan 11.00 vid Sisjöns badplats. Vi kommer att springa orienteringsbanor som användes på OL-skyttetävlingen som föreningen arrangerade i våras.</p>
