{"id":5410,"date":"2019-09-04T14:07:04","date_gmt":"2019-09-04T12:07:04","guid":{"rendered":"http:\/\/www.ifmarinvast.se\/orientering\/?post_type=tribe_events&#038;p=5410"},"modified":"2019-09-04T14:07:04","modified_gmt":"2019-09-04T12:07:04","slug":"staddag-fixardag-i-klubbstugan","status":"publish","type":"tribe_events","link":"https:\/\/www.ifmarinvast.se\/orientering\/kalender\/staddag-fixardag-i-klubbstugan\/","title":{"rendered":"St\u00e4ddag\/Fixardag i klubbstugan"},"content":{"rendered":"<table  class=\" table table-hover\" >\n<tbody>\n<tr>\n<td>Deltagare kallas enligt funktion\u00e4rsschemat, men alla \u00e4r v\u00e4lkomna.<\/td>\n<\/tr>\n<\/tbody>\n<\/table>\n","protected":false},"excerpt":{"rendered":"<p>Deltagare kallas enligt funktion\u00e4rsschemat, men alla \u00e4r v\u00e4lkomna.<\/p>\n","protected":false},"author":4,"featured_media":0,"template":"","meta":{"_tribe_events_status":"","_tribe_events_status_reason":"","footnotes":""},"tags":[],"tribe_events_cat":[],"class_list":["post-5410","tribe_events","type-tribe_events","status-publish","hentry"],"_links":{"self":[{"href":"https:\/\/www.ifmarinvast.se\/orientering\/wp-json\/wp\/v2\/tribe_events\/5410","targetHints":{"allow":["GET"]}}],"collection":[{"href":"https:\/\/www.ifmarinvast.se\/orientering\/wp-json\/wp\/v2\/tribe_events"}],"about":[{"href":"https:\/\/www.ifmarinvast.se\/orientering\/wp-json\/wp\/v2\/types\/tribe_events"}],"author":[{"embeddable":true,"href":"https:\/\/www.ifmarinvast.se\/orientering\/wp-json\/wp\/v2\/users\/4"}],"version-history":[{"count":1,"href":"https:\/\/www.ifmarinvast.se\/orientering\/wp-json\/wp\/v2\/tribe_events\/5410\/revisions"}],"predecessor-version":[{"id":5411,"href":"https:\/\/www.ifmarinvast.se\/orientering\/wp-json\/wp\/v2\/tribe_events\/5410\/revisions\/5411"}],"wp:attachment":[{"href":"https:\/\/www.ifmarinvast.se\/orientering\/wp-json\/wp\/v2\/media?parent=5410"}],"wp:term":[{"taxonomy":"post_tag","embeddable":true,"href":"https:\/\/www.ifmarinvast.se\/orientering\/wp-json\/wp\/v2\/tags?post=5410"},{"taxonomy":"tribe_events_cat","embeddable":true,"href":"https:\/\/www.ifmarinvast.se\/orientering\/wp-json\/wp\/v2\/tribe_events_cat?post=5410"}],"curies":[{"name":"wp","href":"https:\/\/api.w.org\/{rel}","templated":true}]}}

Städdag/Fixardag i klubbstugan

<table  class=" table table-hover" >
<tbody>
<tr>
<td>Deltagare kallas enligt funktionärsschemat, men alla är välkomna.</td>
</tr>
</tbody>
</table>

<p>Deltagare kallas enligt funktionärsschemat, men alla är välkomna.</p>
