{"id":5401,"date":"2019-08-26T13:34:46","date_gmt":"2019-08-26T11:34:46","guid":{"rendered":"http:\/\/www.ifmarinvast.se\/orientering\/?post_type=tribe_events&#038;p=5401"},"modified":"2019-08-26T13:34:46","modified_gmt":"2019-08-26T11:34:46","slug":"tavling-uddevallatrofen-uddevalla-ok","status":"publish","type":"tribe_events","link":"https:\/\/www.ifmarinvast.se\/orientering\/kalender\/tavling-uddevallatrofen-uddevalla-ok\/","title":{"rendered":"T\u00e4vling Uddevallatrof\u00e9n Uddevalla OK"},"content":{"rendered":"<p>T\u00e4vling Uddevallatrof\u00e9n Uddevalla OK<\/p>\n<p><a href=\"https:\/\/eventor.orientering.se\/Events\/Show\/21758\">https:\/\/eventor.orientering.se\/Events\/Show\/21758<\/a><\/p>\n","protected":false},"excerpt":{"rendered":"<p>T\u00e4vling Uddevallatrof\u00e9n Uddevalla OK https:\/\/eventor.orientering.se\/Events\/Show\/21758<\/p>\n","protected":false},"author":4,"featured_media":0,"template":"","meta":{"_tribe_events_status":"","_tribe_events_status_reason":"","footnotes":""},"tags":[],"tribe_events_cat":[],"class_list":["post-5401","tribe_events","type-tribe_events","status-publish","hentry"],"_links":{"self":[{"href":"https:\/\/www.ifmarinvast.se\/orientering\/wp-json\/wp\/v2\/tribe_events\/5401","targetHints":{"allow":["GET"]}}],"collection":[{"href":"https:\/\/www.ifmarinvast.se\/orientering\/wp-json\/wp\/v2\/tribe_events"}],"about":[{"href":"https:\/\/www.ifmarinvast.se\/orientering\/wp-json\/wp\/v2\/types\/tribe_events"}],"author":[{"embeddable":true,"href":"https:\/\/www.ifmarinvast.se\/orientering\/wp-json\/wp\/v2\/users\/4"}],"version-history":[{"count":1,"href":"https:\/\/www.ifmarinvast.se\/orientering\/wp-json\/wp\/v2\/tribe_events\/5401\/revisions"}],"predecessor-version":[{"id":5402,"href":"https:\/\/www.ifmarinvast.se\/orientering\/wp-json\/wp\/v2\/tribe_events\/5401\/revisions\/5402"}],"wp:attachment":[{"href":"https:\/\/www.ifmarinvast.se\/orientering\/wp-json\/wp\/v2\/media?parent=5401"}],"wp:term":[{"taxonomy":"post_tag","embeddable":true,"href":"https:\/\/www.ifmarinvast.se\/orientering\/wp-json\/wp\/v2\/tags?post=5401"},{"taxonomy":"tribe_events_cat","embeddable":true,"href":"https:\/\/www.ifmarinvast.se\/orientering\/wp-json\/wp\/v2\/tribe_events_cat?post=5401"}],"curies":[{"name":"wp","href":"https:\/\/api.w.org\/{rel}","templated":true}]}}

Tävling Uddevallatrofén Uddevalla OK

<p>Tävling Uddevallatrofén Uddevalla OK</p>
<p><a href="https://eventor.orientering.se/Events/Show/21758">https://eventor.orientering.se/Events/Show/21758</a></p>

<p>Tävling Uddevallatrofén Uddevalla OK https://eventor.orientering.se/Events/Show/21758</p>
