{"id":5397,"date":"2019-08-26T13:32:53","date_gmt":"2019-08-26T11:32:53","guid":{"rendered":"http:\/\/www.ifmarinvast.se\/orientering\/?post_type=tribe_events&#038;p=5397"},"modified":"2019-08-26T13:32:53","modified_gmt":"2019-08-26T11:32:53","slug":"tavling-partilletrippeln-medel-savedalens-aik","status":"publish","type":"tribe_events","link":"https:\/\/www.ifmarinvast.se\/orientering\/kalender\/tavling-partilletrippeln-medel-savedalens-aik\/","title":{"rendered":"T\u00e4vling Partilletrippeln, medel S\u00e4vedalens AIK"},"content":{"rendered":"<p>T\u00e4vling Partilletrippeln, medel S\u00e4vedalens AIK<\/p>\n<p><a href=\"https:\/\/eventor.orientering.se\/Events\/Show\/21564\">https:\/\/eventor.orientering.se\/Events\/Show\/21564<\/a><\/p>\n","protected":false},"excerpt":{"rendered":"<p>T\u00e4vling Partilletrippeln, medel S\u00e4vedalens AIK https:\/\/eventor.orientering.se\/Events\/Show\/21564<\/p>\n","protected":false},"author":4,"featured_media":0,"template":"","meta":{"_tribe_events_status":"","_tribe_events_status_reason":"","footnotes":""},"tags":[],"tribe_events_cat":[],"class_list":["post-5397","tribe_events","type-tribe_events","status-publish","hentry"],"_links":{"self":[{"href":"https:\/\/www.ifmarinvast.se\/orientering\/wp-json\/wp\/v2\/tribe_events\/5397","targetHints":{"allow":["GET"]}}],"collection":[{"href":"https:\/\/www.ifmarinvast.se\/orientering\/wp-json\/wp\/v2\/tribe_events"}],"about":[{"href":"https:\/\/www.ifmarinvast.se\/orientering\/wp-json\/wp\/v2\/types\/tribe_events"}],"author":[{"embeddable":true,"href":"https:\/\/www.ifmarinvast.se\/orientering\/wp-json\/wp\/v2\/users\/4"}],"version-history":[{"count":1,"href":"https:\/\/www.ifmarinvast.se\/orientering\/wp-json\/wp\/v2\/tribe_events\/5397\/revisions"}],"predecessor-version":[{"id":5398,"href":"https:\/\/www.ifmarinvast.se\/orientering\/wp-json\/wp\/v2\/tribe_events\/5397\/revisions\/5398"}],"wp:attachment":[{"href":"https:\/\/www.ifmarinvast.se\/orientering\/wp-json\/wp\/v2\/media?parent=5397"}],"wp:term":[{"taxonomy":"post_tag","embeddable":true,"href":"https:\/\/www.ifmarinvast.se\/orientering\/wp-json\/wp\/v2\/tags?post=5397"},{"taxonomy":"tribe_events_cat","embeddable":true,"href":"https:\/\/www.ifmarinvast.se\/orientering\/wp-json\/wp\/v2\/tribe_events_cat?post=5397"}],"curies":[{"name":"wp","href":"https:\/\/api.w.org\/{rel}","templated":true}]}}

Tävling Partilletrippeln, medel Sävedalens AIK

<p>Tävling Partilletrippeln, medel Sävedalens AIK</p>
<p><a href="https://eventor.orientering.se/Events/Show/21564">https://eventor.orientering.se/Events/Show/21564</a></p>

<p>Tävling Partilletrippeln, medel Sävedalens AIK https://eventor.orientering.se/Events/Show/21564</p>
