{"id":5389,"date":"2019-08-26T13:27:25","date_gmt":"2019-08-26T11:27:25","guid":{"rendered":"http:\/\/www.ifmarinvast.se\/orientering\/?post_type=tribe_events&#038;p=5389"},"modified":"2019-08-26T13:27:25","modified_gmt":"2019-08-26T11:27:25","slug":"tavling-aletraffen-ok-alehof","status":"publish","type":"tribe_events","link":"https:\/\/www.ifmarinvast.se\/orientering\/kalender\/tavling-aletraffen-ok-alehof\/","title":{"rendered":"T\u00e4vling Aletr\u00e4ffen OK Alehof"},"content":{"rendered":"<p>T\u00e4vling Aletr\u00e4ffen OK Alehof<\/p>\n<p><a href=\"https:\/\/eventor.orientering.se\/Events\/Show\/21641\">https:\/\/eventor.orientering.se\/Events\/Show\/21641<\/a><\/p>\n","protected":false},"excerpt":{"rendered":"<p>T\u00e4vling Aletr\u00e4ffen OK Alehof https:\/\/eventor.orientering.se\/Events\/Show\/21641<\/p>\n","protected":false},"author":4,"featured_media":0,"template":"","meta":{"_tribe_events_status":"","_tribe_events_status_reason":"","footnotes":""},"tags":[],"tribe_events_cat":[],"class_list":["post-5389","tribe_events","type-tribe_events","status-publish","hentry"],"_links":{"self":[{"href":"https:\/\/www.ifmarinvast.se\/orientering\/wp-json\/wp\/v2\/tribe_events\/5389","targetHints":{"allow":["GET"]}}],"collection":[{"href":"https:\/\/www.ifmarinvast.se\/orientering\/wp-json\/wp\/v2\/tribe_events"}],"about":[{"href":"https:\/\/www.ifmarinvast.se\/orientering\/wp-json\/wp\/v2\/types\/tribe_events"}],"author":[{"embeddable":true,"href":"https:\/\/www.ifmarinvast.se\/orientering\/wp-json\/wp\/v2\/users\/4"}],"version-history":[{"count":1,"href":"https:\/\/www.ifmarinvast.se\/orientering\/wp-json\/wp\/v2\/tribe_events\/5389\/revisions"}],"predecessor-version":[{"id":5390,"href":"https:\/\/www.ifmarinvast.se\/orientering\/wp-json\/wp\/v2\/tribe_events\/5389\/revisions\/5390"}],"wp:attachment":[{"href":"https:\/\/www.ifmarinvast.se\/orientering\/wp-json\/wp\/v2\/media?parent=5389"}],"wp:term":[{"taxonomy":"post_tag","embeddable":true,"href":"https:\/\/www.ifmarinvast.se\/orientering\/wp-json\/wp\/v2\/tags?post=5389"},{"taxonomy":"tribe_events_cat","embeddable":true,"href":"https:\/\/www.ifmarinvast.se\/orientering\/wp-json\/wp\/v2\/tribe_events_cat?post=5389"}],"curies":[{"name":"wp","href":"https:\/\/api.w.org\/{rel}","templated":true}]}}

Tävling Aleträffen OK Alehof

<p>Tävling Aleträffen OK Alehof</p>
<p><a href="https://eventor.orientering.se/Events/Show/21641">https://eventor.orientering.se/Events/Show/21641</a></p>

<p>Tävling Aleträffen OK Alehof https://eventor.orientering.se/Events/Show/21641</p>
