{"id":5385,"date":"2019-08-26T13:25:01","date_gmt":"2019-08-26T11:25:01","guid":{"rendered":"http:\/\/www.ifmarinvast.se\/orientering\/?post_type=tribe_events&#038;p=5385"},"modified":"2019-08-26T13:25:01","modified_gmt":"2019-08-26T11:25:01","slug":"tavling-dm-medel","status":"publish","type":"tribe_events","link":"https:\/\/www.ifmarinvast.se\/orientering\/kalender\/tavling-dm-medel\/","title":{"rendered":"T\u00e4vling DM, medel"},"content":{"rendered":"<p>T\u00e4vling DM, medel, G\u00f6teborg Sj\u00f6valla FK<\/p>\n<p><a href=\"https:\/\/eventor.orientering.se\/Events\/Show\/21956\">https:\/\/eventor.orientering.se\/Events\/Show\/21956<\/a><\/p>\n","protected":false},"excerpt":{"rendered":"<p>T\u00e4vling DM, medel, G\u00f6teborg Sj\u00f6valla FK https:\/\/eventor.orientering.se\/Events\/Show\/21956<\/p>\n","protected":false},"author":4,"featured_media":0,"template":"","meta":{"_tribe_events_status":"","_tribe_events_status_reason":"","footnotes":""},"tags":[],"tribe_events_cat":[],"class_list":["post-5385","tribe_events","type-tribe_events","status-publish","hentry"],"_links":{"self":[{"href":"https:\/\/www.ifmarinvast.se\/orientering\/wp-json\/wp\/v2\/tribe_events\/5385","targetHints":{"allow":["GET"]}}],"collection":[{"href":"https:\/\/www.ifmarinvast.se\/orientering\/wp-json\/wp\/v2\/tribe_events"}],"about":[{"href":"https:\/\/www.ifmarinvast.se\/orientering\/wp-json\/wp\/v2\/types\/tribe_events"}],"author":[{"embeddable":true,"href":"https:\/\/www.ifmarinvast.se\/orientering\/wp-json\/wp\/v2\/users\/4"}],"version-history":[{"count":1,"href":"https:\/\/www.ifmarinvast.se\/orientering\/wp-json\/wp\/v2\/tribe_events\/5385\/revisions"}],"predecessor-version":[{"id":5386,"href":"https:\/\/www.ifmarinvast.se\/orientering\/wp-json\/wp\/v2\/tribe_events\/5385\/revisions\/5386"}],"wp:attachment":[{"href":"https:\/\/www.ifmarinvast.se\/orientering\/wp-json\/wp\/v2\/media?parent=5385"}],"wp:term":[{"taxonomy":"post_tag","embeddable":true,"href":"https:\/\/www.ifmarinvast.se\/orientering\/wp-json\/wp\/v2\/tags?post=5385"},{"taxonomy":"tribe_events_cat","embeddable":true,"href":"https:\/\/www.ifmarinvast.se\/orientering\/wp-json\/wp\/v2\/tribe_events_cat?post=5385"}],"curies":[{"name":"wp","href":"https:\/\/api.w.org\/{rel}","templated":true}]}}

Tävling DM, medel

<p>Tävling DM, medel, Göteborg Sjövalla FK</p>
<p><a href="https://eventor.orientering.se/Events/Show/21956">https://eventor.orientering.se/Events/Show/21956</a></p>

<p>Tävling DM, medel, Göteborg Sjövalla FK https://eventor.orientering.se/Events/Show/21956</p>
