{"id":5296,"date":"2019-03-11T14:05:03","date_gmt":"2019-03-11T13:05:03","guid":{"rendered":"http:\/\/www.ifmarinvast.se\/orientering\/?post_type=tribe_events&#038;p=5296"},"modified":"2019-06-02T17:02:27","modified_gmt":"2019-06-02T15:02:27","slug":"avslutning-preliminart-datum","status":"publish","type":"tribe_events","link":"https:\/\/www.ifmarinvast.se\/orientering\/kalender\/avslutning-preliminart-datum\/","title":{"rendered":"V\u00e5ravslutning"},"content":{"rendered":"<p><b><span class=\"m_9106960295120817583gmail-m_3089604792345677033m_5109630586422929614gmail-m2287108657181609824gmail-il\">V\u00e5ravslutning<\/span><\/b><u><\/u><u><\/u><\/p>\n<p>Tisdagen den 11 juni kl 18.00 \u00e4r det dags f\u00f6r v\u00e5ravslutningen p\u00e5 orienteringss\u00e4songen. Lite grillning, lite lek, lite prisutdelning och lite korvgrillning utlovas. Men ingen orientering. Vi h\u00e5ller p\u00e5 i ca 2 h.<u><\/u><\/p>\n<p>Samling: Torpadammen H\u00f6gsboh\u00f6jd. Vid Elins G\u00e5rd.\u00a0<a href=\"https:\/\/www.google.com\/maps\/place\/Hundrastg%C3%A5rden+H%C3%B6gsboh%C3%B6jd\/@57.6687044,11.9110932,14z\/data=%214m5%213m4%211s0x0:0x4644b9ee6be9004f%218m2%213d57.6696652%214d11.9196457?hl=en-SE\" target=\"_blank\" rel=\"noopener noreferrer\" data-saferedirecturl=\"https:\/\/www.google.com\/url?q=https:\/\/www.google.com\/maps\/place\/Hundrastg%25C3%25A5rden%2BH%25C3%25B6gsboh%25C3%25B6jd\/@57.6687044,11.9110932,14z\/data%3D%25214m5%25213m4%25211s0x0:0x4644b9ee6be9004f%25218m2%25213d57.6696652%25214d11.9196457?hl%3Den-SE&amp;source=gmail&amp;ust=1559574056521000&amp;usg=AFQjCNGe1UAYVyQ-vK5Hkl3MtYHVaPeBRQ\">Samlingsplats<\/a><u><\/u><u><\/u><\/p>\n<p>Parkeringsm\u00f6jlighet: fri parkering i fyra timmar p\u00e5 Fyrktorget (vid Hemk\u00f6p)<u><\/u><u><\/u><\/p>\n<p><b><u>Anm\u00e4l senast den 5 juni<\/u><\/b>\u00a0till Margareta Pettersson (e-postadress finns i e-mail som skickats ut), s\u00e5 vi vet hur mycket korv och annat vi ska fixa! Ange ocks\u00e5 om korven skall vara vegetarisk.<\/p>\n","protected":false},"excerpt":{"rendered":"<p>V\u00e5ravslutning Tisdagen den 11 juni kl 18.00 \u00e4r det dags f\u00f6r v\u00e5ravslutningen p\u00e5 orienteringss\u00e4songen. Lite grillning, lite lek, lite prisutdelning och lite korvgrillning utlovas. Men ingen orientering. Vi h\u00e5ller p\u00e5 [&hellip;]<\/p>\n","protected":false},"author":4,"featured_media":0,"template":"","meta":{"_tribe_events_status":"","_tribe_events_status_reason":"","footnotes":""},"tags":[],"tribe_events_cat":[],"class_list":["post-5296","tribe_events","type-tribe_events","status-publish","hentry"],"_links":{"self":[{"href":"https:\/\/www.ifmarinvast.se\/orientering\/wp-json\/wp\/v2\/tribe_events\/5296","targetHints":{"allow":["GET"]}}],"collection":[{"href":"https:\/\/www.ifmarinvast.se\/orientering\/wp-json\/wp\/v2\/tribe_events"}],"about":[{"href":"https:\/\/www.ifmarinvast.se\/orientering\/wp-json\/wp\/v2\/types\/tribe_events"}],"author":[{"embeddable":true,"href":"https:\/\/www.ifmarinvast.se\/orientering\/wp-json\/wp\/v2\/users\/4"}],"version-history":[{"count":3,"href":"https:\/\/www.ifmarinvast.se\/orientering\/wp-json\/wp\/v2\/tribe_events\/5296\/revisions"}],"predecessor-version":[{"id":5359,"href":"https:\/\/www.ifmarinvast.se\/orientering\/wp-json\/wp\/v2\/tribe_events\/5296\/revisions\/5359"}],"wp:attachment":[{"href":"https:\/\/www.ifmarinvast.se\/orientering\/wp-json\/wp\/v2\/media?parent=5296"}],"wp:term":[{"taxonomy":"post_tag","embeddable":true,"href":"https:\/\/www.ifmarinvast.se\/orientering\/wp-json\/wp\/v2\/tags?post=5296"},{"taxonomy":"tribe_events_cat","embeddable":true,"href":"https:\/\/www.ifmarinvast.se\/orientering\/wp-json\/wp\/v2\/tribe_events_cat?post=5296"}],"curies":[{"name":"wp","href":"https:\/\/api.w.org\/{rel}","templated":true}]}}

Våravslutning

<p><b><span class="m_9106960295120817583gmail-m_3089604792345677033m_5109630586422929614gmail-m2287108657181609824gmail-il">Våravslutning</span></b><u></u><u></u></p>
<p>Tisdagen den 11 juni kl 18.00 är det dags för våravslutningen på orienteringssäsongen. Lite grillning, lite lek, lite prisutdelning och lite korvgrillning utlovas. Men ingen orientering. Vi håller på i ca 2 h.<u></u></p>
<p>Samling: Torpadammen Högsbohöjd. Vid Elins Gård. <a href="https://www.google.com/maps/place/Hundrastg%C3%A5rden+H%C3%B6gsboh%C3%B6jd/@57.6687044,11.9110932,14z/data=%214m5%213m4%211s0x0:0x4644b9ee6be9004f%218m2%213d57.6696652%214d11.9196457?hl=en-SE" target="_blank" rel="noopener noreferrer" data-saferedirecturl="https://www.google.com/url?q=https://www.google.com/maps/place/Hundrastg%25C3%25A5rden%2BH%25C3%25B6gsboh%25C3%25B6jd/@57.6687044,11.9110932,14z/data%3D%25214m5%25213m4%25211s0x0:0x4644b9ee6be9004f%25218m2%25213d57.6696652%25214d11.9196457?hl%3Den-SE&amp;source=gmail&amp;ust=1559574056521000&amp;usg=AFQjCNGe1UAYVyQ-vK5Hkl3MtYHVaPeBRQ">Samlingsplats</a><u></u><u></u></p>
<p>Parkeringsmöjlighet: fri parkering i fyra timmar på Fyrktorget (vid Hemköp)<u></u><u></u></p>
<p><b><u>Anmäl senast den 5 juni</u></b> till Margareta Pettersson (e-postadress finns i e-mail som skickats ut), så vi vet hur mycket korv och annat vi ska fixa! Ange också om korven skall vara vegetarisk.</p>

<p>Våravslutning Tisdagen den 11 juni kl 18.00 är det dags för våravslutningen på orienteringssäsongen. Lite grillning, lite lek, lite prisutdelning och lite korvgrillning utlovas. Men ingen orientering. Vi håller på [&hellip;]</p>
