{"id":5287,"date":"2019-03-11T13:59:41","date_gmt":"2019-03-11T12:59:41","guid":{"rendered":"http:\/\/www.ifmarinvast.se\/orientering\/?post_type=tribe_events&#038;p=5287"},"modified":"2019-05-07T10:39:17","modified_gmt":"2019-05-07T08:39:17","slug":"klubbmasterskap-3","status":"publish","type":"tribe_events","link":"https:\/\/www.ifmarinvast.se\/orientering\/kalender\/klubbmasterskap-3\/","title":{"rendered":"Klubbm\u00e4sterskap"},"content":{"rendered":"<p>\u00c5rets klubbm\u00e4sterskap genomf\u00f6rs den 16 maj. T\u00e4vlingen g\u00e5r p\u00e5 den nya Sisj\u00f6kartan, samling Sisj\u00f6ns badplats. Start fr\u00e5n kl 18.00.<\/p>\n<p><strong>Anm\u00e4lan senast 14 maj<\/strong><br \/>\nAnm\u00e4l senast 14 maj i vanlig klass, s\u00e5 kommer klubbansvarig att s\u00e4tta ihop l\u00e4mpliga KM-klasser.<br \/>\n<a href=\"https:\/\/eventor.orientering.se\/Events\/Show\/26167\">L\u00e4nk till t\u00e4vlingen i Eventor &gt;&gt;<\/a><br \/>\nDet g\u00e5r ocks\u00e5 att skicka ett e-mail till orientering@ifmarinvast.se med din anm\u00e4lan.<\/p>\n","protected":false},"excerpt":{"rendered":"<p>\u00c5rets klubbm\u00e4sterskap genomf\u00f6rs den 16 maj. T\u00e4vlingen g\u00e5r p\u00e5 den nya Sisj\u00f6kartan, samling Sisj\u00f6ns badplats. Start fr\u00e5n kl 18.00. Anm\u00e4lan senast 14 maj Anm\u00e4l senast 14 maj i vanlig klass, [&hellip;]<\/p>\n","protected":false},"author":4,"featured_media":0,"template":"","meta":{"_tribe_events_status":"","_tribe_events_status_reason":"","footnotes":""},"tags":[],"tribe_events_cat":[],"class_list":["post-5287","tribe_events","type-tribe_events","status-publish","hentry"],"_links":{"self":[{"href":"https:\/\/www.ifmarinvast.se\/orientering\/wp-json\/wp\/v2\/tribe_events\/5287","targetHints":{"allow":["GET"]}}],"collection":[{"href":"https:\/\/www.ifmarinvast.se\/orientering\/wp-json\/wp\/v2\/tribe_events"}],"about":[{"href":"https:\/\/www.ifmarinvast.se\/orientering\/wp-json\/wp\/v2\/types\/tribe_events"}],"author":[{"embeddable":true,"href":"https:\/\/www.ifmarinvast.se\/orientering\/wp-json\/wp\/v2\/users\/4"}],"version-history":[{"count":2,"href":"https:\/\/www.ifmarinvast.se\/orientering\/wp-json\/wp\/v2\/tribe_events\/5287\/revisions"}],"predecessor-version":[{"id":5331,"href":"https:\/\/www.ifmarinvast.se\/orientering\/wp-json\/wp\/v2\/tribe_events\/5287\/revisions\/5331"}],"wp:attachment":[{"href":"https:\/\/www.ifmarinvast.se\/orientering\/wp-json\/wp\/v2\/media?parent=5287"}],"wp:term":[{"taxonomy":"post_tag","embeddable":true,"href":"https:\/\/www.ifmarinvast.se\/orientering\/wp-json\/wp\/v2\/tags?post=5287"},{"taxonomy":"tribe_events_cat","embeddable":true,"href":"https:\/\/www.ifmarinvast.se\/orientering\/wp-json\/wp\/v2\/tribe_events_cat?post=5287"}],"curies":[{"name":"wp","href":"https:\/\/api.w.org\/{rel}","templated":true}]}}

Klubbmästerskap

<p>Årets klubbmästerskap genomförs den 16 maj. Tävlingen går på den nya Sisjökartan, samling Sisjöns badplats. Start från kl 18.00.</p>
<p><strong>Anmälan senast 14 maj</strong><br />
Anmäl senast 14 maj i vanlig klass, så kommer klubbansvarig att sätta ihop lämpliga KM-klasser.<br />
<a href="https://eventor.orientering.se/Events/Show/26167">Länk till tävlingen i Eventor &gt;&gt;</a><br />
Det går också att skicka ett e-mail till orientering@ifmarinvast.se med din anmälan.</p>

<p>Årets klubbmästerskap genomförs den 16 maj. Tävlingen går på den nya Sisjökartan, samling Sisjöns badplats. Start från kl 18.00. Anmälan senast 14 maj Anmäl senast 14 maj i vanlig klass, [&hellip;]</p>
