{"id":5281,"date":"2019-03-11T13:56:54","date_gmt":"2019-03-11T12:56:54","guid":{"rendered":"http:\/\/www.ifmarinvast.se\/orientering\/?post_type=tribe_events&#038;p=5281"},"modified":"2019-06-02T17:00:02","modified_gmt":"2019-06-02T15:00:02","slug":"tisdagstraning-pavelund-ruddalen-2","status":"publish","type":"tribe_events","link":"https:\/\/www.ifmarinvast.se\/orientering\/kalender\/tisdagstraning-pavelund-ruddalen-2\/","title":{"rendered":"Tisdagstr\u00e4ning P\u00e5velund"},"content":{"rendered":"<div dir=\"ltr\">S\u00e4songens sista utetr\u00e4ning i P\u00e5velund. G\u00f6sta har f\u00f6rberett kluriga linjeorienteringsbanor av olika sv\u00e5righetsgrad. Det finns ocks\u00e5 en vanlig nyb\u00f6rjarbana. Hoppas du kan vara med.<\/div>\n<div dir=\"ltr\"><\/div>\n<div dir=\"ltr\">Samling som vanligt vid P\u00e5velunds Motionscentral och start fr\u00e5n kl 18.00.<\/div>\n","protected":false},"excerpt":{"rendered":"<p>S\u00e4songens sista utetr\u00e4ning i P\u00e5velund. G\u00f6sta har f\u00f6rberett kluriga linjeorienteringsbanor av olika sv\u00e5righetsgrad. Det finns ocks\u00e5 en vanlig nyb\u00f6rjarbana. Hoppas du kan vara med. Samling som vanligt vid P\u00e5velunds Motionscentral [&hellip;]<\/p>\n","protected":false},"author":4,"featured_media":0,"template":"","meta":{"_tribe_events_status":"","_tribe_events_status_reason":"","footnotes":""},"tags":[],"tribe_events_cat":[],"class_list":["post-5281","tribe_events","type-tribe_events","status-publish","hentry"],"_links":{"self":[{"href":"https:\/\/www.ifmarinvast.se\/orientering\/wp-json\/wp\/v2\/tribe_events\/5281","targetHints":{"allow":["GET"]}}],"collection":[{"href":"https:\/\/www.ifmarinvast.se\/orientering\/wp-json\/wp\/v2\/tribe_events"}],"about":[{"href":"https:\/\/www.ifmarinvast.se\/orientering\/wp-json\/wp\/v2\/types\/tribe_events"}],"author":[{"embeddable":true,"href":"https:\/\/www.ifmarinvast.se\/orientering\/wp-json\/wp\/v2\/users\/4"}],"version-history":[{"count":3,"href":"https:\/\/www.ifmarinvast.se\/orientering\/wp-json\/wp\/v2\/tribe_events\/5281\/revisions"}],"predecessor-version":[{"id":5358,"href":"https:\/\/www.ifmarinvast.se\/orientering\/wp-json\/wp\/v2\/tribe_events\/5281\/revisions\/5358"}],"wp:attachment":[{"href":"https:\/\/www.ifmarinvast.se\/orientering\/wp-json\/wp\/v2\/media?parent=5281"}],"wp:term":[{"taxonomy":"post_tag","embeddable":true,"href":"https:\/\/www.ifmarinvast.se\/orientering\/wp-json\/wp\/v2\/tags?post=5281"},{"taxonomy":"tribe_events_cat","embeddable":true,"href":"https:\/\/www.ifmarinvast.se\/orientering\/wp-json\/wp\/v2\/tribe_events_cat?post=5281"}],"curies":[{"name":"wp","href":"https:\/\/api.w.org\/{rel}","templated":true}]}}

Tisdagsträning Påvelund

<div dir="ltr">Säsongens sista uteträning i Påvelund. Gösta har förberett kluriga linjeorienteringsbanor av olika svårighetsgrad. Det finns också en vanlig nybörjarbana. Hoppas du kan vara med.</div>
<div dir="ltr"></div>
<div dir="ltr">Samling som vanligt vid Påvelunds Motionscentral och start från kl 18.00.</div>

<p>Säsongens sista uteträning i Påvelund. Gösta har förberett kluriga linjeorienteringsbanor av olika svårighetsgrad. Det finns också en vanlig nybörjarbana. Hoppas du kan vara med. Samling som vanligt vid Påvelunds Motionscentral [&hellip;]</p>
