{"id":5271,"date":"2019-03-11T13:52:10","date_gmt":"2019-03-11T12:52:10","guid":{"rendered":"http:\/\/www.ifmarinvast.se\/orientering\/?post_type=tribe_events&#038;p=5271"},"modified":"2019-03-11T13:52:37","modified_gmt":"2019-03-11T12:52:37","slug":"5271","status":"publish","type":"tribe_events","link":"https:\/\/www.ifmarinvast.se\/orientering\/kalender\/5271\/","title":{"rendered":"Innetr\u00e4ning"},"content":{"rendered":"<div class=\"tribe-events-single-event-description tribe-events-content\">\n<p>Hagenskolans gymnastiksal kl 18.00.<\/p>\n<p>Omkl\u00e4dningsrummen och hallen \u00f6ppnar 18:00 och vi h\u00e5ller p\u00e5 till ca 19:30. Det blir stationsgympa och innebandy och alla kan vara med. Kom och h\u00e5ll ig\u00e5ng konditionen hela vintern!<\/p>\n<\/div>\n","protected":false},"excerpt":{"rendered":"<p>Hagenskolans gymnastiksal kl 18.00. Omkl\u00e4dningsrummen och hallen \u00f6ppnar 18:00 och vi h\u00e5ller p\u00e5 till ca 19:30. Det blir stationsgympa och innebandy och alla kan vara med. Kom och h\u00e5ll ig\u00e5ng [&hellip;]<\/p>\n","protected":false},"author":4,"featured_media":0,"template":"","meta":{"_tribe_events_status":"","_tribe_events_status_reason":"","footnotes":""},"tags":[],"tribe_events_cat":[],"class_list":["post-5271","tribe_events","type-tribe_events","status-publish","hentry"],"_links":{"self":[{"href":"https:\/\/www.ifmarinvast.se\/orientering\/wp-json\/wp\/v2\/tribe_events\/5271","targetHints":{"allow":["GET"]}}],"collection":[{"href":"https:\/\/www.ifmarinvast.se\/orientering\/wp-json\/wp\/v2\/tribe_events"}],"about":[{"href":"https:\/\/www.ifmarinvast.se\/orientering\/wp-json\/wp\/v2\/types\/tribe_events"}],"author":[{"embeddable":true,"href":"https:\/\/www.ifmarinvast.se\/orientering\/wp-json\/wp\/v2\/users\/4"}],"version-history":[{"count":2,"href":"https:\/\/www.ifmarinvast.se\/orientering\/wp-json\/wp\/v2\/tribe_events\/5271\/revisions"}],"predecessor-version":[{"id":5273,"href":"https:\/\/www.ifmarinvast.se\/orientering\/wp-json\/wp\/v2\/tribe_events\/5271\/revisions\/5273"}],"wp:attachment":[{"href":"https:\/\/www.ifmarinvast.se\/orientering\/wp-json\/wp\/v2\/media?parent=5271"}],"wp:term":[{"taxonomy":"post_tag","embeddable":true,"href":"https:\/\/www.ifmarinvast.se\/orientering\/wp-json\/wp\/v2\/tags?post=5271"},{"taxonomy":"tribe_events_cat","embeddable":true,"href":"https:\/\/www.ifmarinvast.se\/orientering\/wp-json\/wp\/v2\/tribe_events_cat?post=5271"}],"curies":[{"name":"wp","href":"https:\/\/api.w.org\/{rel}","templated":true}]}}

Inneträning

<div class="tribe-events-single-event-description tribe-events-content">
<p>Hagenskolans gymnastiksal kl 18.00.</p>
<p>Omklädningsrummen och hallen öppnar 18:00 och vi håller på till ca 19:30. Det blir stationsgympa och innebandy och alla kan vara med. Kom och håll igång konditionen hela vintern!</p>
</div>

<p>Hagenskolans gymnastiksal kl 18.00. Omklädningsrummen och hallen öppnar 18:00 och vi håller på till ca 19:30. Det blir stationsgympa och innebandy och alla kan vara med. Kom och håll igång [&hellip;]</p>
