{"id":5257,"date":"2019-03-11T10:24:20","date_gmt":"2019-03-11T09:24:20","guid":{"rendered":"http:\/\/www.ifmarinvast.se\/orientering\/?post_type=tribe_events&#038;p=5257"},"modified":"2019-03-11T10:24:20","modified_gmt":"2019-03-11T09:24:20","slug":"snotrampen-fjaras-aik-ok-loftan","status":"publish","type":"tribe_events","link":"https:\/\/www.ifmarinvast.se\/orientering\/kalender\/snotrampen-fjaras-aik-ok-loftan\/","title":{"rendered":"Sn\u00f6trampen Fj\u00e4r\u00e5s AIK \/ OK L\u00f6ftan"},"content":{"rendered":"<p><a href=\"https:\/\/eventor.orientering.se\/Events\/Show\/20933\">https:\/\/eventor.orientering.se\/Events\/Show\/20933<\/a><\/p>\n","protected":false},"excerpt":{"rendered":"<p>https:\/\/eventor.orientering.se\/Events\/Show\/20933<\/p>\n","protected":false},"author":4,"featured_media":0,"template":"","meta":{"_tribe_events_status":"","_tribe_events_status_reason":"","footnotes":""},"tags":[],"tribe_events_cat":[],"class_list":["post-5257","tribe_events","type-tribe_events","status-publish","hentry"],"_links":{"self":[{"href":"https:\/\/www.ifmarinvast.se\/orientering\/wp-json\/wp\/v2\/tribe_events\/5257","targetHints":{"allow":["GET"]}}],"collection":[{"href":"https:\/\/www.ifmarinvast.se\/orientering\/wp-json\/wp\/v2\/tribe_events"}],"about":[{"href":"https:\/\/www.ifmarinvast.se\/orientering\/wp-json\/wp\/v2\/types\/tribe_events"}],"author":[{"embeddable":true,"href":"https:\/\/www.ifmarinvast.se\/orientering\/wp-json\/wp\/v2\/users\/4"}],"version-history":[{"count":1,"href":"https:\/\/www.ifmarinvast.se\/orientering\/wp-json\/wp\/v2\/tribe_events\/5257\/revisions"}],"predecessor-version":[{"id":5258,"href":"https:\/\/www.ifmarinvast.se\/orientering\/wp-json\/wp\/v2\/tribe_events\/5257\/revisions\/5258"}],"wp:attachment":[{"href":"https:\/\/www.ifmarinvast.se\/orientering\/wp-json\/wp\/v2\/media?parent=5257"}],"wp:term":[{"taxonomy":"post_tag","embeddable":true,"href":"https:\/\/www.ifmarinvast.se\/orientering\/wp-json\/wp\/v2\/tags?post=5257"},{"taxonomy":"tribe_events_cat","embeddable":true,"href":"https:\/\/www.ifmarinvast.se\/orientering\/wp-json\/wp\/v2\/tribe_events_cat?post=5257"}],"curies":[{"name":"wp","href":"https:\/\/api.w.org\/{rel}","templated":true}]}}

Snötrampen Fjärås AIK / OK Löftan
